--
-- Host: localhost    Database: prod_unopymes
-- ------------------------------------------------------


--
-- Table structure for table `bvars`
--

CREATE TABLE `bvars` (
  `bname` varchar(254) NOT NULL default '',
  `bvalue` varchar(254) default NULL,
  PRIMARY KEY  (`bname`)
) ENGINE=MyISAM DEFAULT CHARSET=latin1;

--
-- Dumping data for table `bvars`
--


INSERT INTO `bvars` VALUES ('conf_GCompanyName','Unopymes'),('conf_GDomainName','www.unopymes.com.co'),('conf_GEmailAddress','support@www.unopymes.com.co'),('conf_GEmailSubject','Message from online support'),('conf_Msg1','Espere Por Favor...'),('conf_Msg2','Localizando a un Representante\n en Línea Disponible.'),('conf_Msg3','Lo sentimos, todos nuestros representantes de servicio están ocupados, intente mas tarde o nos puede dejar un mensaje utilizando la forma siguiente:'),('conf_Msg4','Bienvenido a la Ayuda en Línea de www.unopymes.com.co'),('conf_Msg5','Enviando Mensaje'),('conf_Msg6','Gracias'),('conf_Msg7','Uno de nuestros representantes le\ncontactará en cuanto se desocupe.'),('conf_Msg8','Por alguna razón no pudimos enviar tu mensaje.\nPor favor contáctanos directamente utilizando nuestra dirección email.\n Por favor acepta nuestras disculpas por esta inconveniencia.'),('conf_Msg9','Usuario'),('conf_Msg10','Contraseña'),('conf_Msg11','Idioma'),('conf_Msg12','Entrar'),('conf_Msg13','Nombre de usuario y/o contraseña inválida'),('conf_Msg14','Nombre de usuario y contraseña autorizados.'),('conf_Msg15','Salir'),('conf_Msg16','Noticias'),('conf_Msg17','Ajustes'),('conf_Msg18','Visitantes'),('conf_Msg19','Usuarios esperando Ayuda'),('conf_Msg20','Actividad en Red'),('conf_Msg21','Cliente Esperando'),('conf_Msg22','Usuarios En Línea'),('conf_Msg23','Noticias y Eventos'),('conf_Msg24','Ajustes y Configuración'),('conf_Msg25','General'),('conf_Msg26','Textos'),('conf_Msg27','Administradores'),('conf_Msg28','Licencia'),('conf_Msg29','Nombre de Compañia'),('conf_Msg30','Nombre de Dominio'),('conf_Msg31','Dirección de Email'),('conf_Msg32','Asunto del Email'),('conf_Msg33','Esperar ayuda en línea.'),('conf_Msg34','segundos'),('conf_Msg35','Utilizar Traducciones'),('conf_Msg36','Guardar'),('conf_Msg37','Cargar'),('conf_Msg38','Textos e Idiomas'),('conf_Msg39','Si tiene una licencia de nosotros, por favor cópiela y péguela aquí.'),('conf_Msg40','Nuevo'),('conf_Msg41','Actualizar'),('conf_Msg42','Borrar'),('conf_Msg43','Usuario Administrador'),('conf_Msg44','Acción no permitida a usuarios de este nivel.'),('conf_Msg45','Configuración Guardada.'),('conf_Msg46','Contestar'),('conf_Msg47','Descartar'),('conf_Msg48','Cerrar'),('conf_Msg49','Nombre'),('conf_Msg50','IR'),('conf_Msg51','ENVIAR'),('conf_Msg52','Admin escribiendo ...'),('conf_Msg53','Retenido, Espere ...'),('conf_Msg54','Sistema de Ayuda en Linea'),('conf_Msg55','Nombre'),('conf_Msg56','Email'),('conf_Msg57','Mensaje'),('conf_Msg58','DEJAR MENSAJE'),('conf_Msg59','Se le ha asignado un representante, sin embargo está ocupado.  Por favor espere.  Gracias por su Paciencia.'),('conf_Msg60','Puede cancelar la llamada y dejar un mensaje'),('conf_Msg61','Retener'),('conf_Msg62','Quitar Ret.'),('conf_Msg63','Poner en Ret.'),('conf_Msg64','Terminar Chat'),('conf_Msg65','Guardar Chat'),('conf_Msg66','Todavía en linea?'),('conf_Msg67','Email Emisor'),('conf_Msg68','Email Receptor'),('conf_Msg69','Cancelar'),('conf_Msg70','Enviar'),('conf_Msg71','No'),('conf_Msg72','Si'),('conf_Msg73','Hecho'),('conf_Msg74','Error al mandar texto de chat'),('conf_Msg75','Obtener email del cliente'),('conf_Msg76','Dirección IP'),('conf_Msg77','Email'),('conf_Msg78','En conversación con'),('conf_Msg79','Cliente'),('conf_Msg80','Cliente retenido'),('conf_Msg81','Cliente ya no está retenido'),('conf_Msg82','Cliente todavía en linea'),('conf_Msg83','Conexion Terminada'),('conf_Msg84','Cliente escribe'),('conf_Msg85','Tú'),('conf_Msg86','Conectado con'),('conf_Msg87','Utilizar Derecha a Izquierda'),('conf_Msg88','Enviar correo en texto simple'),('conf_Msg89','Error de Conexión'),('conf_Msg90','No volver a mostrar información de licencia'),('conf_Msg91','Cambiar a phpOnline'),('conf_Msg92','Anillos'),('conf_Msg93','Cliente en espera'),('conf_MaxWaitTime','30'),('conf_UseLanguageTranslator','0'),('conf_GetClientEmail','1'),('conf_Right2Left','0'),('conf_PlainTextEmail','0'),('conf_License',''),('conf_staff0','admin:80177534a0c99a7e3645b52f2027a48b:1'),('adm_login_time','1235490697'),('conf_rings','navy_sonar.mp3|_:-:|navy_sonar|::_:-|chimes.mp3|_:-:|chimes|::_:-|dbl_bell.mp3|_:-:|dbl_bell|::_:-|rooster.mp3|_:-:|rooster|::_:-|ringin.mp3|_:-:|ringin|::_:-|bag_pipes.mp3|_:-:|bag_pipes|::_:-|bell_clang.mp3|_:-:|bell_clang|::_:-|have_call.mp3|_:-:|have'),('conf_phpOnlineTitle','phpOnline'),('fss_g_ODAxNzc1MzRhMGM5OWE3ZTM2NDViNTJmMjAyN2E0OGIXxexX_123517150261031','\0'),('fss_p_ODAxNzc1MzRhMGM5OWE3ZTM2NDViNTJmMjAyN2E0OGIXxexX_123517150754530','\0'),('fss_p_ODAxNzc1MzRhMGM5OWE3ZTM2NDViNTJmMjAyN2E0OGIXxexX_123542839153696','\0'),('fss_p_ODAxNzc1MzRhMGM5OWE3ZTM2NDViNTJmMjAyN2E0OGIXxexX_123542839425831','\0'),('fss_g_ODAxNzc1MzRhMGM5OWE3ZTM2NDViNTJmMjAyN2E0OGIXxexX_123542839492634','\0');

--
-- Table structure for table `cs`
--

CREATE TABLE `cs` (
  `ccode` varchar(20) NOT NULL default '',
  `assign` smallint(4) default '0',
  `online` smallint(4) default '0',
  `ip` varchar(20) default NULL,
  `code1` smallint(4) default '0',
  `code2` smallint(4) default '0',
  `lastact` int(10) default '0',
  `name` varchar(110) default NULL,
  `email` varchar(50) default NULL,
  `username` varchar(20) default NULL,
  PRIMARY KEY  (`ccode`)
) ENGINE=MyISAM DEFAULT CHARSET=latin1;

--
-- Dumping data for table `cs`
--


INSERT INTO `cs` VALUES ('1235490538729556',2,1,'190.144.111.26',0,0,1235490593,'daniel\r','daniel',''),('1235148454863760',2,1,'190.84.249.127',0,0,1235148684,'MILENA ARDILA \r','contabildiad@cocolsi.com.co',''),('1235163882476240',1,1,'190.144.111.26',0,0,1235171334,'INTENSA\r','yulie@hotmail.com',''),('1235417631951585',2,1,'190.25.133.5',0,0,1235417686,'Lynda\r','\rlinda.chavez@itinerisglobal.com',''),('1235166138440569',2,1,'200.24.41.37',0,0,1235166195,'Carolina Orozco \r','carolina.orozco@stm.com.co',''),('1235169208203485',2,1,'190.99.202.144',0,0,1235169288,'ASOCOMUVAL\r','asocomuval14@hotmail.com\r',''),('1235145980891604',2,1,'190.144.111.26',0,0,1235171406,'\rrobert','rad8329@gmail.com',''),('1235428311284987',1,1,'190.144.111.26',0,0,1235428344,'BARCOS\r','\rABARCO@ASDF.COM','');

--
-- Table structure for table `msgdb`
--

CREATE TABLE `msgdb` (
  `ttime` double(25,8) NOT NULL default '0.00000000',
  `ccode` varchar(20) default NULL,
  `msg` text,
  `code1` smallint(4) default '0',
  `code2` smallint(4) default '0',
  PRIMARY KEY  (`ttime`)
) ENGINE=MyISAM DEFAULT CHARSET=latin1;

--
-- Dumping data for table `msgdb`
--


INSERT INTO `msgdb` VALUES (1235428344.62391710,'1235428311284987','EOw3OkAE062f8628bz2y7v47vmW85q4c_1',2,1),(1235148507.62915111,'1235148454863760','Client+loged+out.',2,0),(1235148684.98454404,'1235148454863760','Client+loged+out.',2,0),(1235163937.62960410,'1235163882476240','Client+loged+out.',2,0),(1235164017.17457390,'1235163882476240','EOw3OkAE062f8628bz2y7v47vmW85q4c_1',2,1),(1235164018.98481393,'1235163882476240','EOw3OkAE062f8628bz2y7v47vmW85q4c_2',1,1),(1235164022.39885306,'1235163882476240','EOw3OkAE062f8628bz2y7v47vmW85q4c_2',2,1),(1235164023.17777395,'1235163882476240',':4-|ln|_4:en\r:4-|ln|_4:Hola\r',2,1),(1235164023.18253708,'1235163882476240','EOw3OkAE062f8628bz2y7v47vmW85q4c_3',2,1),(1235164026.87882900,'1235163882476240','EOw3OkAE062f8628bz2y7v47vmW85q4c_2',2,1),(1235164028.87131906,'1235163882476240','EOw3OkAE062f8628bz2y7v47vmW85q4c_3',1,1),(1235164028.87852812,'1235163882476240',':4-|ln|_4:en:4-|ln|_4:\rMuy buenas tardes, en que puedo ayudarle',1,1),(1235164029.75283194,'1235163882476240',':4-|ln|_4:en\r:4-|ln|_4:Necesito ayuda',2,1),(1235164029.75805998,'1235163882476240','EOw3OkAE062f8628bz2y7v47vmW85q4c_3',2,1),(1235164034.17760396,'1235163882476240','EOw3OkAE062f8628bz2y7v47vmW85q4c_2',1,1),(1235164040.48095608,'1235163882476240',':4-|ln|_4:en:4-|ln|_4:Con mucho gusto señorita',1,1),(1235164040.60738397,'1235163882476240','EOw3OkAE062f8628bz2y7v47vmW85q4c_3',1,1),(1235164041.67181301,'1235163882476240','EOw3OkAE062f8628bz2y7v47vmW85q4c_2',1,1),(1235164044.02210593,'1235163882476240',':4-|ln|_4:en:4-|ln|_4:cuenteme su caso',1,1),(1235164044.02691388,'1235163882476240','EOw3OkAE062f8628bz2y7v47vmW85q4c_3',1,1),(1235164065.18728209,'1235163882476240','EOw3OkAE062f8628bz2y7v47vmW85q4c_2',1,1),(1235164071.17337608,'1235163882476240',':4-|ln|_4:en:4-|ln|_4:desde que este en mis manos le ayudo',1,1),(1235164071.20840907,'1235163882476240','EOw3OkAE062f8628bz2y7v47vmW85q4c_3',1,1),(1235164079.08108306,'1235163882476240','EOw3OkAE062f8628bz2y7v47vmW85q4c_2',1,1),(1235164081.82714391,'1235163882476240','EOw3OkAE062f8628bz2y7v47vmW85q4c_2',2,1),(1235164084.49371505,'1235163882476240',':4-|ln|_4:en:4-|ln|_4:sino digale al calvo que le ayude',1,1),(1235164084.49858093,'1235163882476240','EOw3OkAE062f8628bz2y7v47vmW85q4c_3',1,1),(1235164085.08054495,'1235163882476240','EOw3OkAE062f8628bz2y7v47vmW85q4c_2',1,1),(1235164087.68748498,'1235163882476240',':4-|ln|_4:en:4-|ln|_4:al pirobo del lado',1,1),(1235164087.68255210,'1235163882476240','EOw3OkAE062f8628bz2y7v47vmW85q4c_3',1,1),(1235164088.81221104,'1235163882476240','EOw3OkAE062f8628bz2y7v47vmW85q4c_3',2,1),(1235164088.81607199,'1235163882476240',':4-|ln|_4:en\r:4-|ln|_4:pero que no sea otra patraña',2,1),(1235164134.08532500,'1235163882476240','EOw3OkAE062f8628bz2y7v47vmW85q4c_2',1,1),(1235164134.99905109,'1235163882476240','EOw3OkAE062f8628bz2y7v47vmW85q4c_3',1,1),(1235164143.20155811,'1235163882476240','EOw3OkAE062f8628bz2y7v47vmW85q4c_2',1,1),(1235164145.99296498,'1235163882476240',':4-|ln|_4:en:4-|ln|_4:y la oreja?',1,1),(1235164146.24740005,'1235163882476240','EOw3OkAE062f8628bz2y7v47vmW85q4c_3',1,1),(1235164149.06215811,'1235163882476240','EOw3OkAE062f8628bz2y7v47vmW85q4c_2',2,1),(1235164149.83652997,'1235163882476240','EOw3OkAE062f8628bz2y7v47vmW85q4c_3',2,1),(1235164149.84330511,'1235163882476240',':4-|ln|_4:en\r:4-|ln|_4:bien',2,1),(1235164150.68704295,'1235163882476240','EOw3OkAE062f8628bz2y7v47vmW85q4c_2',2,1),(1235164153.34109712,'1235163882476240',':4-|ln|_4:en\r:4-|ln|_4:y la tuya',2,1),(1235164153.57994294,'1235163882476240','EOw3OkAE062f8628bz2y7v47vmW85q4c_3',2,1),(1235164164.49907398,'1235163882476240','EOw3OkAE062f8628bz2y7v47vmW85q4c_10_Conexion Terminada.',1,0),(1235166195.27286601,'1235166138440569','Client+loged+out.',2,0),(1235169289.15671706,'1235169208203485','Client+loged+out.',2,0),(1235171043.85993910,'1235145980891604','Client+loged+out.',2,0),(1235171117.69915605,'1235163882476240','Client+loged+out.',2,0),(1235171196.54906392,'1235145980891604','EOw3OkAE062f8628bz2y7v47vmW85q4c_1',2,1),(1235171197.51416612,'1235145980891604','EOw3OkAE062f8628bz2y7v47vmW85q4c_2',1,1),(1235171200.71579194,'1235163882476240','Client+loged+out.',2,0),(1235171201.71086192,'1235145980891604',':4-|ln|_4:en:4-|ln|_4:\rhola',1,1),(1235171201.71560502,'1235145980891604','EOw3OkAE062f8628bz2y7v47vmW85q4c_3',1,1),(1235171227.44228792,'1235145980891604','EOw3OkAE062f8628bz2y7v47vmW85q4c_2',2,1),(1235171229.24825406,'1235145980891604','EOw3OkAE062f8628bz2y7v47vmW85q4c_3',2,1),(1235171229.25286698,'1235145980891604',':4-|ln|_4:en\r:4-|ln|_4:que mas\r',2,1),(1235171234.40997910,'1235145980891604','EOw3OkAE062f8628bz2y7v47vmW85q4c_2',1,1),(1235171235.32244205,'1235145980891604',':4-|ln|_4:en:4-|ln|_4:aca ',1,1),(1235171235.31871295,'1235145980891604','EOw3OkAE062f8628bz2y7v47vmW85q4c_3',1,1),(1235171256.34586310,'1235145980891604','EOw3OkAE062f8628bz2y7v47vmW85q4c_2',2,0),(1235171257.32708406,'1235145980891604',':4-|ln|_4:en\r:4-|ln|_4:jj',2,0),(1235171257.33825207,'1235145980891604','EOw3OkAE062f8628bz2y7v47vmW85q4c_3',2,0),(1235171300.63050604,'1235163882476240','EOw3OkAE062f8628bz2y7v47vmW85q4c_1',2,1),(1235171301.10470104,'1235163882476240','EOw3OkAE062f8628bz2y7v47vmW85q4c_2',1,1),(1235171302.69245911,'1235163882476240','EOw3OkAE062f8628bz2y7v47vmW85q4c_2',2,1),(1235171308.00795889,'1235163882476240','EOw3OkAE062f8628bz2y7v47vmW85q4c_3',1,1),(1235171308.01201606,'1235163882476240',':4-|ln|_4:en:4-|ln|_4:\rnaaaaaaaaa',1,1),(1235171308.28451800,'1235163882476240',':4-|ln|_4:en\r:4-|ln|_4:Hay algun calvo por ahí??\r',2,1),(1235171308.28931189,'1235163882476240','EOw3OkAE062f8628bz2y7v47vmW85q4c_3',2,1),(1235171310.50246000,'1235163882476240','EOw3OkAE062f8628bz2y7v47vmW85q4c_2',1,1),(1235171315.40789008,'1235163882476240',':4-|ln|_4:en:4-|ln|_4:apareces en todos lados',1,1),(1235171315.41289091,'1235163882476240','EOw3OkAE062f8628bz2y7v47vmW85q4c_3',1,1),(1235171318.44927597,'1235163882476240','EOw3OkAE062f8628bz2y7v47vmW85q4c_2',2,1),(1235171319.44126797,'1235163882476240','EOw3OkAE062f8628bz2y7v47vmW85q4c_3',2,1),(1235171319.44588208,'1235163882476240',':4-|ln|_4:en\r:4-|ln|_4:jajajajaa',2,1),(1235171387.19422197,'1235163882476240','EOw3OkAE062f8628bz2y7v47vmW85q4c_10_Conexion Terminada.',1,0),(1235171388.45752907,'1235163882476240','EOw3OkAE062f8628bz2y7v47vmW85q4c_10_Conexion Terminada.',1,0),(1235171388.97204995,'1235163882476240','EOw3OkAE062f8628bz2y7v47vmW85q4c_10_Conexion Terminada.',1,0),(1235171389.25285411,'1235163882476240','EOw3OkAE062f8628bz2y7v47vmW85q4c_10_Conexion Terminada.',1,0),(1235171389.47587395,'1235163882476240','EOw3OkAE062f8628bz2y7v47vmW85q4c_10_Conexion Terminada.',1,0),(1235171391.80974293,'1235163882476240','EOw3OkAE062f8628bz2y7v47vmW85q4c_9',1,0),(1235171393.21744299,'1235163882476240','EOw3OkAE062f8628bz2y7v47vmW85q4c_10_Conexion Terminada.',1,0),(1235171393.45808601,'1235163882476240','EOw3OkAE062f8628bz2y7v47vmW85q4c_10_Conexion Terminada.',1,0),(1235171498.41825008,'1235163882476240','EOw3OkAE062f8628bz2y7v47vmW85q4c_10_Conexion Terminada.',1,0),(1235171498.63810992,'1235163882476240','EOw3OkAE062f8628bz2y7v47vmW85q4c_10_Conexion Terminada.',1,0),(1235171498.84666491,'1235163882476240','EOw3OkAE062f8628bz2y7v47vmW85q4c_10_Conexion Terminada.',1,0),(1235171499.01944590,'1235163882476240','EOw3OkAE062f8628bz2y7v47vmW85q4c_10_Conexion Terminada.',1,0),(1235171499.19326091,'1235163882476240','EOw3OkAE062f8628bz2y7v47vmW85q4c_10_Conexion Terminada.',1,0),(1235417686.66601110,'1235417631951585','Client+loged+out.',2,0),(1235428345.89974904,'1235428311284987','EOw3OkAE062f8628bz2y7v47vmW85q4c_2',1,1),(1235428358.68444490,'1235428311284987','EOw3OkAE062f8628bz2y7v47vmW85q4c_3',1,0),(1235428358.68921089,'1235428311284987',':4-|ln|_4:en:4-|ln|_4:\rBuen día Señor Barco',1,0),(1235428359.20165706,'1235428311284987','EOw3OkAE062f8628bz2y7v47vmW85q4c_2',1,0),(1235428363.93326712,'1235428311284987',':4-|ln|_4:en:4-|ln|_4:en qué le puedo ayudar?',1,0),(1235428363.95739698,'1235428311284987','EOw3OkAE062f8628bz2y7v47vmW85q4c_3',1,0),(1235490593.27430511,'1235490538729556','Client+loged+out.',2,0);

--
-- Table structure for table `phi_audit`
--

CREATE TABLE `phi_audit` (
  `id` int(11) NOT NULL default '0',
  `timestamp` int(11) NOT NULL default '0',
  `ip` varchar(15) NOT NULL default '0',
  `user` int(11) NOT NULL default '0',
  `type` varchar(12) NOT NULL default '',
  `target` int(11) NOT NULL default '0',
  `action` varchar(64) NOT NULL default '',
  `arguments` text NOT NULL,
  PRIMARY KEY  (`id`)
) ENGINE=InnoDB DEFAULT CHARSET=utf8;

--
-- Dumping data for table `phi_audit`
--


INSERT INTO `phi_audit` VALUES (1,1232490669,'190.144.111.26',0,'page',1,'create','a:0:{}'),(393,1232490669,'190.144.111.26',0,'site',0,'page created','a:2:{i:0;i:1;i:1;s:6:\"Inicio\";}'),(394,1232490682,'190.144.111.26',0,'page',1,'settings','a:0:{}'),(395,1232503850,'190.144.111.26',0,'instance',1,'create','a:0:{}'),(396,1232503850,'190.144.111.26',0,'page',1,'instance added','a:2:{i:0;i:1;i:1;s:15:\"Texto en Inicio\";}'),(397,1232503850,'190.144.111.26',0,'page',1,'reorder','a:0:{}'),(398,1232503875,'190.144.111.26',0,'instance',48,'create','a:0:{}'),(399,1232503875,'190.144.111.26',0,'page',1,'instance added','a:2:{i:0;i:48;i:1;s:28:\"Poll de votaciones en Inicio\";}'),(400,1232503876,'190.144.111.26',0,'page',1,'reorder','a:0:{}'),(401,1232503894,'190.144.111.26',0,'instance',1,'recycle','a:0:{}'),(402,1232503894,'190.144.111.26',0,'page',1,'instance removed','a:2:{i:0;s:1:\"1\";i:1;s:15:\"Texto en Inicio\";}'),(403,1232503964,'190.144.111.26',0,'instance',48,'modify','a:1:{i:0;s:8:\"poll/add\";}'),(404,1232503976,'190.144.111.26',0,'instance',48,'modify','a:1:{i:0;s:9:\"poll/vote\";}'),(405,1232503989,'190.144.111.26',0,'instance',49,'create','a:0:{}'),(406,1232503989,'190.144.111.26',0,'page',1,'instance added','a:2:{i:0;i:49;i:1;s:15:\"Texto en Inicio\";}'),(407,1232503989,'190.144.111.26',0,'page',1,'reorder','a:0:{}'),(408,1232506614,'190.144.111.26',0,'page',31,'create','a:0:{}'),(409,1232506614,'190.144.111.26',0,'site',0,'page created','a:2:{i:0;i:31;i:1;s:8:\"Clientes\";}'),(410,1232506633,'190.144.111.26',0,'page',32,'create','a:0:{}'),(411,1232506633,'190.144.111.26',0,'site',0,'page created','a:2:{i:0;i:32;i:1;s:9:\"Productos\";}'),(412,1232506652,'190.144.111.26',0,'page',33,'create','a:0:{}'),(413,1232506652,'190.144.111.26',0,'site',0,'page created','a:2:{i:0;i:33;i:1;s:12:\"Contáctenos\";}'),(414,1232506886,'190.144.111.26',0,'instance',49,'modify','a:1:{i:0;s:9:\"text/edit\";}'),(415,1232506910,'190.144.111.26',0,'instance',49,'modify','a:1:{i:0;s:9:\"text/edit\";}'),(416,1232506939,'190.144.111.26',0,'instance',49,'modify','a:1:{i:0;s:9:\"text/edit\";}'),(417,1232506953,'190.144.111.26',0,'instance',49,'modify','a:1:{i:0;s:9:\"text/edit\";}'),(418,1232507687,'190.144.111.26',0,'page',34,'create','a:0:{}'),(419,1232507687,'190.144.111.26',0,'site',0,'page created','a:2:{i:0;i:34;i:1;s:20:\"Preguntas Frecuentes\";}'),(420,1232508786,'190.144.111.26',0,'instance',48,'modify','a:1:{i:0;s:9:\"poll/vote\";}'),(421,1232509287,'190.144.111.26',0,'page',31,'settings','a:0:{}'),(422,1232509300,'190.144.111.26',0,'page',32,'settings','a:0:{}'),(423,1232509320,'190.144.111.26',0,'instance',50,'create','a:0:{}'),(424,1232509320,'190.144.111.26',0,'page',33,'instance added','a:2:{i:0;i:50;i:1;s:24:\"Contacto en Contáctenos\";}'),(425,1232509321,'190.144.111.26',0,'page',33,'reorder','a:0:{}'),(426,1232510035,'190.144.111.26',0,'instance',48,'modify','a:1:{i:0;s:9:\"poll/vote\";}'),(427,1232510094,'190.144.111.26',0,'instance',49,'modify','a:1:{i:0;s:9:\"text/edit\";}'),(428,1232510107,'190.144.111.26',0,'instance',51,'create','a:0:{}'),(429,1232510107,'190.144.111.26',0,'page',1,'instance added','a:2:{i:0;i:51;i:1;s:15:\"Texto en Inicio\";}'),(430,1232510107,'190.144.111.26',0,'page',1,'reorder','a:0:{}'),(431,1232510221,'190.144.111.26',0,'instance',51,'modify','a:1:{i:0;s:9:\"text/edit\";}'),(432,1232576407,'190.144.111.26',0,'instance',52,'create','a:0:{}'),(433,1232576407,'190.144.111.26',0,'page',1,'instance added','a:2:{i:0;i:52;i:1;s:27:\"Visor de noticias en Inicio\";}'),(434,1232576408,'190.144.111.26',0,'page',1,'reorder','a:0:{}'),(435,1232592957,'190.144.111.26',0,'instance',49,'modify','a:1:{i:0;s:9:\"text/edit\";}'),(436,1232593502,'190.144.111.26',0,'instance',53,'create','a:0:{}'),(437,1232593502,'190.144.111.26',0,'page',1,'instance added','a:2:{i:0;i:53;i:1;s:15:\"Texto en Inicio\";}'),(438,1232593503,'190.144.111.26',0,'page',1,'reorder','a:0:{}'),(439,1232593557,'190.144.111.26',0,'instance',53,'modify','a:1:{i:0;s:9:\"text/edit\";}'),(440,1232593738,'190.144.111.26',0,'instance',51,'modify','a:1:{i:0;s:9:\"text/edit\";}'),(441,1232593962,'190.144.111.26',0,'instance',52,'modify','a:1:{i:0;s:22:\"noticias/nueva_noticia\";}'),(442,1232594172,'190.144.111.26',0,'instance',52,'modify','a:1:{i:0;s:13:\"noticias/edit\";}'),(443,1232594388,'190.144.111.26',0,'instance',48,'modify','a:1:{i:0;s:9:\"poll/vote\";}'),(444,1232594844,'190.144.111.26',0,'instance',54,'create','a:0:{}'),(445,1232594844,'190.144.111.26',0,'page',31,'instance added','a:2:{i:0;i:54;i:1;s:17:\"Texto en Clientes\";}'),(446,1232594844,'190.144.111.26',0,'page',31,'reorder','a:0:{}'),(447,1232594869,'190.144.111.26',0,'instance',48,'modify','a:1:{i:0;s:9:\"poll/vote\";}'),(448,1232594882,'190.144.111.26',0,'instance',48,'modify','a:1:{i:0;s:9:\"poll/vote\";}'),(449,1232594894,'190.144.111.26',0,'instance',48,'modify','a:1:{i:0;s:9:\"poll/vote\";}'),(450,1232595137,'190.144.111.26',0,'page',39,'create','a:0:{}'),(451,1232595137,'190.144.111.26',0,'site',0,'page created','a:2:{i:0;i:39;i:1;s:10:\"Calendario\";}'),(452,1232595147,'190.144.111.26',0,'page',40,'create','a:0:{}'),(453,1232595147,'190.144.111.26',0,'site',0,'page created','a:2:{i:0;i:40;i:1;s:4:\"Chat\";}'),(454,1232596172,'190.144.111.26',0,'instance',52,'modify','a:1:{i:0;s:22:\"noticias/nueva_noticia\";}'),(455,1232596315,'190.144.111.26',0,'instance',52,'modify','a:1:{i:0;s:22:\"noticias/nueva_noticia\";}'),(456,1232596506,'190.144.111.26',0,'instance',52,'modify','a:1:{i:0;s:13:\"noticias/edit\";}'),(457,1232596619,'190.144.111.26',0,'instance',52,'modify','a:1:{i:0;s:13:\"noticias/edit\";}'),(458,1232596978,'190.144.111.26',0,'instance',52,'modify','a:1:{i:0;s:13:\"noticias/edit\";}'),(459,1232597050,'190.144.111.26',0,'instance',55,'create','a:0:{}'),(460,1232597050,'190.144.111.26',0,'page',31,'instance added','a:2:{i:0;i:55;i:1;s:17:\"Texto en Clientes\";}'),(461,1232597051,'190.144.111.26',0,'page',31,'reorder','a:0:{}'),(462,1232597592,'190.144.111.26',0,'instance',52,'modify','a:1:{i:0;s:13:\"noticias/edit\";}'),(463,1232598714,'190.144.111.26',0,'instance',52,'modify','a:1:{i:0;s:13:\"noticias/edit\";}'),(464,1232600282,'190.144.111.26',0,'instance',52,'modify','a:1:{i:0;s:13:\"noticias/edit\";}'),(465,1232601340,'190.144.111.26',0,'instance',48,'modify','a:1:{i:0;s:9:\"poll/vote\";}'),(466,1232601386,'190.144.111.26',0,'instance',48,'modify','a:1:{i:0;s:9:\"poll/vote\";}'),(467,1232655209,'190.144.111.26',0,'instance',49,'settings','a:0:{}'),(468,1232662987,'190.144.111.26',0,'instance',54,'modify','a:1:{i:0;s:9:\"text/edit\";}'),(469,1232663006,'190.144.111.26',0,'instance',54,'modify','a:1:{i:0;s:9:\"text/edit\";}'),(470,1232663012,'190.144.111.26',0,'instance',54,'recycle','a:0:{}'),(471,1232663012,'190.144.111.26',0,'page',31,'instance removed','a:2:{i:0;s:2:\"54\";i:1;s:17:\"Texto en Clientes\";}'),(472,1232663020,'190.144.111.26',0,'instance',56,'create','a:0:{}'),(473,1232663020,'190.144.111.26',0,'page',31,'instance added','a:2:{i:0;i:56;i:1;s:17:\"Texto en Clientes\";}'),(474,1232663021,'190.144.111.26',0,'page',31,'reorder','a:0:{}'),(475,1232663120,'190.144.111.26',0,'instance',56,'modify','a:1:{i:0;s:9:\"text/edit\";}'),(476,1232663151,'190.144.111.26',0,'instance',57,'create','a:0:{}'),(477,1232663151,'190.144.111.26',0,'page',31,'instance added','a:2:{i:0;i:57;i:1;s:17:\"Texto en Clientes\";}'),(478,1232663151,'190.144.111.26',0,'page',31,'reorder','a:0:{}'),(479,1232663160,'190.144.111.26',0,'instance',58,'create','a:0:{}'),(480,1232663160,'190.144.111.26',0,'page',31,'instance added','a:2:{i:0;i:58;i:1;s:17:\"Texto en Clientes\";}'),(481,1232663160,'190.144.111.26',0,'page',31,'reorder','a:0:{}'),(482,1232663180,'190.144.111.26',0,'instance',58,'modify','a:1:{i:0;s:9:\"text/edit\";}'),(483,1232663312,'190.144.111.26',0,'instance',56,'modify','a:1:{i:0;s:9:\"text/edit\";}'),(484,1232663422,'190.144.111.26',0,'instance',58,'modify','a:1:{i:0;s:9:\"text/edit\";}'),(485,1232663473,'190.144.111.26',0,'instance',59,'create','a:0:{}'),(486,1232663473,'190.144.111.26',0,'page',32,'instance added','a:2:{i:0;i:59;i:1;s:18:\"Texto en Productos\";}'),(487,1232663473,'190.144.111.26',0,'page',32,'reorder','a:0:{}'),(488,1232663500,'190.144.111.26',0,'instance',59,'modify','a:1:{i:0;s:9:\"text/edit\";}'),(489,1232663542,'190.144.111.26',0,'instance',60,'create','a:0:{}'),(490,1232663542,'190.144.111.26',0,'page',32,'instance added','a:2:{i:0;i:60;i:1;s:18:\"Texto en Productos\";}'),(491,1232663543,'190.144.111.26',0,'page',32,'reorder','a:0:{}'),(492,1232663706,'190.144.111.26',0,'instance',61,'create','a:0:{}'),(493,1232663706,'190.144.111.26',0,'page',32,'instance added','a:2:{i:0;i:61;i:1;s:18:\"Texto en Productos\";}'),(494,1232663707,'190.144.111.26',0,'page',32,'reorder','a:0:{}'),(495,1232663731,'190.144.111.26',0,'instance',61,'modify','a:1:{i:0;s:9:\"text/edit\";}'),(496,1232663752,'190.144.111.26',0,'instance',61,'modify','a:1:{i:0;s:9:\"text/edit\";}'),(497,1232663784,'190.144.111.26',0,'instance',48,'modify','a:1:{i:0;s:9:\"poll/vote\";}'),(498,1232663796,'190.144.111.26',0,'instance',48,'modify','a:1:{i:0;s:9:\"poll/vote\";}'),(499,1232663805,'190.144.111.26',0,'instance',48,'modify','a:1:{i:0;s:9:\"poll/vote\";}'),(500,1232663912,'190.144.111.26',0,'instance',62,'create','a:0:{}'),(501,1232663912,'190.144.111.26',0,'page',33,'instance added','a:2:{i:0;i:62;i:1;s:21:\"Texto en Contáctenos\";}'),(502,1232663912,'190.144.111.26',0,'page',33,'reorder','a:0:{}'),(503,1232663962,'190.144.111.26',0,'instance',63,'create','a:0:{}'),(504,1232663962,'190.144.111.26',0,'page',34,'instance added','a:2:{i:0;i:63;i:1;s:29:\"Texto en Preguntas Frecuentes\";}'),(505,1232663962,'190.144.111.26',0,'page',34,'reorder','a:0:{}'),(506,1232663972,'190.144.111.26',0,'instance',63,'recycle','a:0:{}'),(507,1232663972,'190.144.111.26',0,'page',34,'instance removed','a:2:{i:0;s:2:\"63\";i:1;s:29:\"Texto en Preguntas Frecuentes\";}'),(508,1232663979,'190.144.111.26',0,'instance',62,'recycle','a:0:{}'),(509,1232663979,'190.144.111.26',0,'page',33,'instance removed','a:2:{i:0;s:2:\"62\";i:1;s:21:\"Texto en Contáctenos\";}'),(510,1232664172,'190.144.111.26',0,'instance',55,'modify','a:1:{i:0;s:9:\"text/edit\";}'),(511,1232664193,'190.144.111.26',0,'instance',55,'modify','a:1:{i:0;s:9:\"text/edit\";}'),(512,1232664250,'190.144.111.26',0,'instance',55,'modify','a:1:{i:0;s:9:\"text/edit\";}'),(513,1232664317,'190.144.111.26',0,'instance',55,'modify','a:1:{i:0;s:9:\"text/edit\";}'),(514,1232664402,'190.144.111.26',0,'instance',57,'recycle','a:0:{}'),(515,1232664402,'190.144.111.26',0,'page',31,'instance removed','a:2:{i:0;s:2:\"57\";i:1;s:17:\"Texto en Clientes\";}'),(516,1232664413,'190.144.111.26',0,'instance',64,'create','a:0:{}'),(517,1232664413,'190.144.111.26',0,'page',31,'instance added','a:2:{i:0;i:64;i:1;s:17:\"Texto en Clientes\";}'),(518,1232664414,'190.144.111.26',0,'page',31,'reorder','a:0:{}'),(519,1232664449,'190.144.111.26',0,'page',31,'instance removed','a:2:{i:0;s:2:\"49\";i:1;s:15:\"Texto en Inicio\";}'),(520,1232665114,'190.144.111.26',0,'instance',53,'modify','a:1:{i:0;s:9:\"text/edit\";}'),(521,1232665142,'190.144.111.26',0,'instance',53,'modify','a:1:{i:0;s:9:\"text/edit\";}'),(522,1232665582,'190.144.111.26',0,'instance',55,'modify','a:1:{i:0;s:9:\"text/edit\";}'),(523,1232665641,'190.144.111.26',0,'instance',55,'modify','a:1:{i:0;s:9:\"text/edit\";}'),(524,1232666295,'190.144.111.26',0,'instance',49,'modify','a:1:{i:0;s:9:\"text/edit\";}'),(525,1232666308,'190.144.111.26',0,'instance',64,'recycle','a:0:{}'),(526,1232666308,'190.144.111.26',0,'page',31,'instance removed','a:2:{i:0;s:2:\"64\";i:1;s:17:\"Texto en Clientes\";}'),(527,1232666316,'190.144.111.26',0,'instance',65,'create','a:0:{}'),(528,1232666316,'190.144.111.26',0,'page',31,'instance added','a:2:{i:0;i:65;i:1;s:32:\"Navegación Avanzada en Clientes\";}'),(529,1232666317,'190.144.111.26',0,'page',31,'reorder','a:0:{}'),(530,1232666345,'190.144.111.26',0,'instance',65,'settings','a:0:{}'),(531,1232666361,'190.144.111.26',0,'instance',60,'recycle','a:0:{}'),(532,1232666361,'190.144.111.26',0,'page',32,'instance removed','a:2:{i:0;s:2:\"60\";i:1;s:18:\"Texto en Productos\";}'),(533,1232666366,'190.144.111.26',0,'page',32,'reorder','a:0:{}'),(534,1232666370,'190.144.111.26',0,'instance',65,'settings','a:0:{}'),(535,1232666391,'190.144.111.26',0,'page',33,'settings','a:0:{}'),(536,1232666399,'190.144.111.26',0,'page',33,'reorder','a:0:{}'),(537,1232666405,'190.144.111.26',0,'instance',65,'settings','a:0:{}'),(538,1232666453,'190.144.111.26',0,'instance',51,'modify','a:1:{i:0;s:9:\"text/edit\";}'),(539,1232666485,'190.144.111.26',0,'instance',66,'create','a:0:{}'),(540,1232666485,'190.144.111.26',0,'page',39,'instance added','a:2:{i:0;i:66;i:1;s:21:\"Eventos en Calendario\";}'),(541,1232666485,'190.144.111.26',0,'page',39,'reorder','a:0:{}'),(542,1232666553,'190.144.111.26',0,'instance',66,'modify','a:1:{i:0;s:9:\"event/add\";}'),(543,1232666563,'190.144.111.26',0,'instance',67,'create','a:0:{}'),(544,1232666563,'190.144.111.26',0,'page',39,'instance added','a:2:{i:0;i:67;i:1;s:24:\"Calendario en Calendario\";}'),(545,1232666565,'190.144.111.26',0,'page',39,'reorder','a:0:{}'),(546,1232666586,'190.144.111.26',0,'page',39,'settings','a:0:{}'),(547,1232666594,'190.144.111.26',0,'page',39,'reorder','a:0:{}'),(548,1232666601,'190.144.111.26',0,'instance',67,'settings','a:0:{}'),(549,1232666628,'190.144.111.26',0,'instance',67,'settings','a:0:{}'),(550,1232666678,'190.144.111.26',0,'instance',66,'modify','a:1:{i:0;s:9:\"event/add\";}'),(551,1232666728,'190.144.111.26',0,'instance',53,'modify','a:1:{i:0;s:9:\"text/edit\";}'),(552,1232666944,'190.144.111.26',0,'instance',52,'modify','a:1:{i:0;s:22:\"noticias/nueva_noticia\";}'),(553,1232667624,'190.144.111.26',0,'instance',68,'create','a:0:{}'),(554,1232667624,'190.144.111.26',0,'page',33,'instance added','a:2:{i:0;i:68;i:1;s:21:\"Texto en Contáctenos\";}'),(555,1232667624,'190.144.111.26',0,'page',33,'reorder','a:0:{}'),(556,1232667647,'190.144.111.26',0,'instance',68,'modify','a:1:{i:0;s:9:\"text/edit\";}'),(557,1232667665,'190.144.111.26',0,'page',34,'settings','a:0:{}'),(558,1232667673,'190.144.111.26',0,'instance',69,'create','a:0:{}'),(559,1232667673,'190.144.111.26',0,'page',34,'instance added','a:2:{i:0;i:69;i:1;s:29:\"Texto en Preguntas Frecuentes\";}'),(560,1232667673,'190.144.111.26',0,'page',34,'reorder','a:0:{}'),(561,1232667690,'190.144.111.26',0,'instance',69,'modify','a:1:{i:0;s:9:\"text/edit\";}'),(562,1232667696,'190.144.111.26',0,'instance',70,'create','a:0:{}'),(563,1232667696,'190.144.111.26',0,'page',34,'instance added','a:2:{i:0;i:70;i:1;s:29:\"Texto en Preguntas Frecuentes\";}'),(564,1232667696,'190.144.111.26',0,'page',34,'reorder','a:0:{}'),(565,1232667719,'190.144.111.26',0,'instance',70,'modify','a:1:{i:0;s:9:\"text/edit\";}'),(566,1232667732,'190.144.111.26',0,'instance',71,'create','a:0:{}'),(567,1232667732,'190.144.111.26',0,'page',34,'instance added','a:2:{i:0;i:71;i:1;s:44:\"Navegación Avanzada en Preguntas Frecuentes\";}'),(568,1232667733,'190.144.111.26',0,'page',34,'reorder','a:0:{}'),(569,1232667742,'190.144.111.26',0,'instance',71,'settings','a:0:{}'),(570,1232667756,'190.144.111.26',0,'instance',72,'create','a:0:{}'),(571,1232667756,'190.144.111.26',0,'page',33,'instance added','a:2:{i:0;i:72;i:1;s:21:\"Texto en Contáctenos\";}'),(572,1232667757,'190.144.111.26',0,'page',33,'reorder','a:0:{}'),(573,1232667775,'190.144.111.26',0,'instance',72,'modify','a:1:{i:0;s:9:\"text/edit\";}'),(574,1232683755,'190.144.111.26',0,'instance',73,'create','a:0:{}'),(575,1232683755,'190.144.111.26',0,'page',1,'instance added','a:2:{i:0;i:73;i:1;s:15:\"Texto en Inicio\";}'),(576,1232683755,'190.144.111.26',0,'page',1,'reorder','a:0:{}'),(577,1232683958,'190.144.111.26',0,'instance',55,'modify','a:1:{i:0;s:9:\"text/edit\";}'),(578,1232683978,'190.144.111.26',0,'instance',55,'modify','a:1:{i:0;s:9:\"text/edit\";}'),(579,1232684033,'190.144.111.26',0,'instance',55,'modify','a:1:{i:0;s:9:\"text/edit\";}'),(580,1232684060,'190.144.111.26',0,'instance',55,'modify','a:1:{i:0;s:9:\"text/edit\";}'),(581,1232684115,'190.144.111.26',0,'instance',55,'modify','a:1:{i:0;s:9:\"text/edit\";}'),(582,1232684147,'190.144.111.26',0,'instance',55,'modify','a:1:{i:0;s:9:\"text/edit\";}'),(583,1232684168,'190.144.111.26',0,'instance',55,'modify','a:1:{i:0;s:9:\"text/edit\";}'),(584,1232684187,'190.144.111.26',0,'page',31,'reorder','a:0:{}'),(585,1232684226,'190.144.111.26',0,'instance',74,'create','a:0:{}'),(586,1232684226,'190.144.111.26',0,'page',33,'instance added','a:2:{i:0;i:74;i:1;s:21:\"Texto en Contáctenos\";}'),(587,1232684226,'190.144.111.26',0,'page',33,'reorder','a:0:{}'),(588,1232684259,'190.144.111.26',0,'instance',74,'modify','a:1:{i:0;s:9:\"text/edit\";}'),(589,1232684350,'190.144.111.26',0,'instance',73,'modify','a:1:{i:0;s:9:\"text/edit\";}'),(590,1232682154,'190.144.111.26',0,'instance',73,'modify','a:1:{i:0;s:9:\"text/edit\";}'),(591,1232682309,'190.144.111.26',0,'instance',75,'create','a:0:{}'),(592,1232682309,'190.144.111.26',0,'page',34,'instance added','a:2:{i:0;i:75;i:1;s:29:\"Texto en Preguntas Frecuentes\";}'),(593,1232682309,'190.144.111.26',0,'page',34,'reorder','a:0:{}'),(594,1232682332,'190.144.111.26',0,'instance',75,'modify','a:1:{i:0;s:9:\"text/edit\";}'),(595,1232682369,'190.144.111.26',0,'instance',69,'modify','a:1:{i:0;s:9:\"text/edit\";}'),(596,1232682407,'190.144.111.26',0,'instance',70,'modify','a:1:{i:0;s:9:\"text/edit\";}'),(597,1232682940,'190.144.111.26',0,'instance',76,'create','a:0:{}'),(598,1232682940,'190.144.111.26',0,'page',31,'instance added','a:2:{i:0;i:76;i:1;s:17:\"Texto en Clientes\";}'),(599,1232682941,'190.144.111.26',0,'page',31,'reorder','a:0:{}'),(600,1232682984,'190.144.111.26',0,'instance',76,'modify','a:1:{i:0;s:9:\"text/edit\";}'),(601,1232683002,'190.144.111.26',0,'page',32,'reorder','a:0:{}'),(602,1232739464,'190.144.111.26',-1,'instance',48,'modify','a:1:{i:0;s:9:\"poll/vote\";}'),(603,1232740365,'190.144.111.26',0,'instance',77,'create','a:0:{}'),(604,1232740365,'190.144.111.26',0,'page',1,'instance added','a:2:{i:0;i:77;i:1;s:6:\"header\";}'),(605,1232740365,'190.144.111.26',0,'page',1,'reorder','a:0:{}'),(606,1232740401,'190.144.111.26',0,'instance',77,'modify','a:1:{i:0;s:9:\"text/edit\";}'),(607,1232740421,'190.144.111.26',0,'instance',78,'create','a:0:{}'),(608,1232740421,'190.144.111.26',0,'page',31,'instance added','a:2:{i:0;i:78;i:1;s:6:\"header\";}'),(609,1232740421,'190.144.111.26',0,'page',31,'reorder','a:0:{}'),(610,1232740428,'190.144.111.26',0,'instance',78,'recycle','a:0:{}'),(611,1232740429,'190.144.111.26',0,'page',31,'instance removed','a:2:{i:0;s:2:\"78\";i:1;s:6:\"header\";}'),(612,1232740478,'190.144.111.26',0,'page',31,'reorder','a:0:{}'),(613,1232740659,'190.144.111.26',0,'page',32,'reorder','a:0:{}'),(614,1232740686,'190.144.111.26',0,'page',33,'reorder','a:0:{}'),(615,1232740703,'190.144.111.26',0,'page',34,'reorder','a:0:{}'),(616,1232740739,'190.144.111.26',0,'page',39,'reorder','a:0:{}'),(617,1232740744,'190.144.111.26',0,'instance',67,'settings','a:0:{}'),(618,1232741027,'190.144.111.26',0,'instance',66,'settings','a:0:{}'),(619,1232741039,'190.144.111.26',0,'instance',66,'settings','a:0:{}'),(620,1232742682,'190.144.111.26',0,'page',40,'reorder','a:0:{}'),(621,1232742690,'190.144.111.26',0,'instance',79,'create','a:0:{}'),(622,1232742690,'190.144.111.26',0,'page',40,'instance added','a:2:{i:0;i:79;i:1;s:13:\"Texto en Chat\";}'),(623,1232742690,'190.144.111.26',0,'page',40,'reorder','a:0:{}'),(624,1232742714,'190.144.111.26',0,'instance',79,'modify','a:1:{i:0;s:9:\"text/edit\";}'),(625,1232742957,'190.144.111.26',0,'instance',76,'settings','a:0:{}'),(626,1232743002,'190.144.111.26',0,'instance',76,'settings','a:0:{}'),(627,1232743160,'190.144.111.26',0,'instance',76,'settings','a:0:{}'),(628,1232761489,'190.144.111.26',0,'instance',52,'modify','a:1:{i:0;s:13:\"noticias/edit\";}'),(629,1232763016,'190.144.111.26',0,'page',31,'reorder','a:0:{}'),(630,1232763256,'190.144.111.26',0,'instance',52,'modify','a:1:{i:0;s:22:\"noticias/nueva_noticia\";}'),(631,1232763379,'190.144.111.26',0,'instance',67,'settings','a:0:{}'),(632,1232763427,'190.144.111.26',0,'instance',66,'settings','a:0:{}'),(633,1232763435,'190.144.111.26',0,'instance',66,'settings','a:0:{}'),(634,1232763443,'190.144.111.26',0,'instance',66,'settings','a:0:{}'),(635,1232764368,'190.144.111.26',0,'page',62,'create','a:0:{}'),(636,1232764368,'190.144.111.26',0,'site',0,'page created','a:2:{i:0;i:62;i:1;s:14:\"Mapa del Sitio\";}'),(637,1232764378,'190.144.111.26',0,'page',62,'settings','a:0:{}'),(638,1232764401,'190.144.111.26',0,'instance',80,'create','a:0:{}'),(639,1232764401,'190.144.111.26',0,'page',62,'instance added','a:2:{i:0;i:80;i:1;s:32:\"Mapa del sitio en Mapa del Sitio\";}'),(640,1232764402,'190.144.111.26',0,'page',62,'reorder','a:0:{}'),(641,1232764409,'190.144.111.26',0,'page',62,'settings','a:0:{}'),(642,1233003188,'190.144.111.26',0,'instance',48,'modify','a:1:{i:0;s:9:\"poll/vote\";}'),(643,1233018931,'190.144.111.26',0,'page',32,'parameters','a:0:{}'),(644,1233018959,'190.144.111.26',0,'instance',76,'settings','a:0:{}'),(645,1233018970,'190.144.111.26',0,'instance',59,'settings','a:0:{}'),(646,1233020922,'190.144.111.26',0,'instance',65,'settings','a:0:{}'),(647,1233020940,'190.144.111.26',0,'page',31,'parameters','a:0:{}'),(648,1233089580,'190.144.111.26',0,'instance',55,'modify','a:1:{i:0;s:9:\"text/edit\";}'),(649,1233089597,'190.144.111.26',0,'instance',55,'modify','a:1:{i:0;s:9:\"text/edit\";}'),(650,1233171177,'190.144.111.26',0,'page',63,'create','a:0:{}'),(651,1233171177,'190.144.111.26',0,'site',0,'page created','a:2:{i:0;i:63;i:1;s:14:\"Distribuidores\";}'),(652,1233171199,'190.144.111.26',0,'site',0,'reorder','a:0:{}'),(653,1233171226,'190.144.111.26',0,'page',64,'create','a:0:{}'),(654,1233171226,'190.144.111.26',0,'site',0,'page created','a:2:{i:0;i:64;i:1;s:21:\"Buzón de Sugerencias\";}'),(655,1233171231,'190.144.111.26',0,'site',0,'reorder','a:0:{}'),(656,1233171256,'190.144.111.26',0,'page',65,'create','a:0:{}'),(657,1233171256,'190.144.111.26',0,'site',0,'page created','a:2:{i:0;i:65;i:1;s:14:\"Dónde Estamos\";}'),(658,1233171264,'190.144.111.26',0,'site',0,'reorder','a:0:{}'),(659,1233171268,'190.144.111.26',0,'site',0,'reorder','a:0:{}'),(660,1233171270,'190.144.111.26',0,'site',0,'reorder','a:0:{}'),(661,1233172168,'190.144.111.26',0,'instance',49,'modify','a:1:{i:0;s:9:\"text/edit\";}'),(662,1233172199,'190.144.111.26',0,'instance',49,'modify','a:1:{i:0;s:9:\"text/edit\";}'),(663,1233172218,'190.144.111.26',0,'page',66,'create','a:0:{}'),(664,1233172218,'190.144.111.26',0,'site',0,'page created','a:2:{i:0;i:66;i:1;s:15:\"Bolsa de Empleo\";}'),(665,1233172374,'190.144.111.26',0,'instance',49,'modify','a:1:{i:0;s:9:\"text/edit\";}'),(666,1233172391,'190.144.111.26',0,'page',66,'parameters','a:0:{}'),(667,1233172403,'190.144.111.26',0,'page',66,'settings','a:0:{}'),(668,1233172426,'190.144.111.26',0,'page',1,'settings','a:0:{}'),(669,1233172453,'190.144.111.26',0,'instance',76,'rename','a:2:{i:0;s:17:\"Texto en Clientes\";i:1;s:9:\"Servicios\";}'),(670,1233172453,'190.144.111.26',0,'page',31,'instance renamed','a:3:{i:0;s:2:\"76\";i:1;s:17:\"Texto en Clientes\";i:2;s:9:\"Servicios\";}'),(671,1233172453,'190.144.111.26',0,'page',32,'instance renamed','a:3:{i:0;s:2:\"76\";i:1;s:17:\"Texto en Clientes\";i:2;s:9:\"Servicios\";}'),(672,1233172453,'190.144.111.26',0,'page',33,'instance renamed','a:3:{i:0;s:2:\"76\";i:1;s:17:\"Texto en Clientes\";i:2;s:9:\"Servicios\";}'),(673,1233172453,'190.144.111.26',0,'page',34,'instance renamed','a:3:{i:0;s:2:\"76\";i:1;s:17:\"Texto en Clientes\";i:2;s:9:\"Servicios\";}'),(674,1233172453,'190.144.111.26',0,'page',58,'instance renamed','a:3:{i:0;s:2:\"76\";i:1;s:17:\"Texto en Clientes\";i:2;s:9:\"Servicios\";}'),(675,1233172453,'190.144.111.26',0,'instance',76,'settings','a:0:{}'),(676,1233172464,'190.144.111.26',0,'instance',59,'rename','a:2:{i:0;s:18:\"Texto en Productos\";i:1;s:10:\"calendario\";}'),(677,1233172464,'190.144.111.26',0,'page',32,'instance renamed','a:3:{i:0;s:2:\"59\";i:1;s:18:\"Texto en Productos\";i:2;s:10:\"calendario\";}'),(678,1233172464,'190.144.111.26',0,'page',45,'instance renamed','a:3:{i:0;s:2:\"59\";i:1;s:18:\"Texto en Productos\";i:2;s:10:\"calendario\";}'),(679,1233172464,'190.144.111.26',0,'instance',59,'settings','a:0:{}'),(680,1233172474,'190.144.111.26',0,'instance',61,'rename','a:2:{i:0;s:18:\"Texto en Productos\";i:1;s:4:\"chat\";}'),(681,1233172474,'190.144.111.26',0,'page',32,'instance renamed','a:3:{i:0;s:2:\"61\";i:1;s:18:\"Texto en Productos\";i:2;s:4:\"chat\";}'),(682,1233172474,'190.144.111.26',0,'page',47,'instance renamed','a:3:{i:0;s:2:\"61\";i:1;s:18:\"Texto en Productos\";i:2;s:4:\"chat\";}'),(683,1233172474,'190.144.111.26',0,'instance',61,'settings','a:0:{}'),(684,1233172501,'190.144.111.26',0,'page',32,'instance removed','a:2:{i:0;s:2:\"65\";i:1;s:32:\"Navegación Avanzada en Clientes\";}'),(685,1233172518,'190.144.111.26',0,'page',65,'parameters','a:0:{}'),(686,1233172538,'190.144.111.26',0,'page',65,'settings','a:0:{}'),(687,1233172549,'190.144.111.26',0,'page',65,'reorder','a:0:{}'),(688,1233172584,'190.144.111.26',0,'page',1,'reorder','a:0:{}'),(689,1233172614,'190.144.111.26',0,'instance',49,'settings','a:0:{}'),(690,1233172644,'190.144.111.26',0,'page',32,'reorder','a:0:{}'),(691,1233172650,'190.144.111.26',0,'instance',49,'settings','a:0:{}'),(692,1233172682,'190.144.111.26',0,'instance',55,'modify','a:1:{i:0;s:9:\"text/edit\";}'),(693,1233172702,'190.144.111.26',0,'page',63,'settings','a:0:{}'),(694,1233172725,'190.144.111.26',0,'page',63,'reorder','a:0:{}'),(695,1233172735,'190.144.111.26',0,'instance',49,'settings','a:0:{}'),(696,1233172745,'190.144.111.26',0,'page',31,'instance removed','a:2:{i:0;s:2:\"65\";i:1;s:32:\"Navegación Avanzada en Clientes\";}'),(697,1233172753,'190.144.111.26',0,'page',31,'reorder','a:0:{}'),(698,1233172758,'190.144.111.26',0,'instance',49,'settings','a:0:{}'),(699,1233172769,'190.144.111.26',0,'instance',65,'recycle','a:0:{}'),(700,1233172769,'190.144.111.26',0,'page',33,'instance removed','a:2:{i:0;s:2:\"65\";i:1;s:32:\"Navegación Avanzada en Clientes\";}'),(701,1233172782,'190.144.111.26',0,'page',33,'reorder','a:0:{}'),(702,1233172789,'190.144.111.26',0,'instance',49,'settings','a:0:{}'),(703,1233172818,'190.144.111.26',0,'page',63,'parameters','a:0:{}'),(704,1233172834,'190.144.111.26',0,'page',31,'parameters','a:0:{}'),(705,1233172849,'190.144.111.26',0,'instance',74,'recycle','a:0:{}'),(706,1233172849,'190.144.111.26',0,'page',33,'instance removed','a:2:{i:0;s:2:\"74\";i:1;s:21:\"Texto en Contáctenos\";}'),(707,1233172858,'190.144.111.26',0,'page',33,'parameters','a:0:{}'),(708,1233172871,'190.144.111.26',0,'page',64,'settings','a:0:{}'),(709,1233172889,'190.144.111.26',0,'page',64,'reorder','a:0:{}'),(710,1233172903,'190.144.111.26',0,'instance',49,'settings','a:0:{}'),(711,1233172916,'190.144.111.26',0,'page',64,'parameters','a:0:{}'),(712,1233172926,'190.144.111.26',0,'instance',75,'recycle','a:0:{}'),(713,1233172926,'190.144.111.26',0,'page',34,'instance removed','a:2:{i:0;s:2:\"75\";i:1;s:29:\"Texto en Preguntas Frecuentes\";}'),(714,1233172931,'190.144.111.26',0,'instance',71,'recycle','a:0:{}'),(715,1233172931,'190.144.111.26',0,'page',34,'instance removed','a:2:{i:0;s:2:\"71\";i:1;s:44:\"Navegación Avanzada en Preguntas Frecuentes\";}'),(716,1233172965,'190.144.111.26',0,'instance',49,'settings','a:0:{}'),(717,1233172968,'190.144.111.26',0,'page',34,'reorder','a:0:{}'),(718,1233172981,'190.144.111.26',0,'page',34,'parameters','a:0:{}'),(719,1233173007,'190.144.111.26',0,'page',66,'parameters','a:0:{}'),(720,1233173027,'190.144.111.26',0,'page',62,'parameters','a:0:{}'),(721,1233173035,'190.144.111.26',0,'instance',80,'settings','a:0:{}'),(722,1233173045,'190.144.111.26',0,'instance',80,'settings','a:0:{}'),(723,1233173214,'190.144.111.26',0,'instance',80,'recycle','a:0:{}'),(724,1233173214,'190.144.111.26',0,'page',62,'instance removed','a:2:{i:0;s:2:\"80\";i:1;s:32:\"Mapa del sitio en Mapa del Sitio\";}'),(725,1233173216,'190.144.111.26',0,'page',62,'reorder','a:0:{}'),(726,1233173230,'190.144.111.26',0,'instance',49,'settings','a:0:{}'),(727,1233173270,'190.144.111.26',0,'instance',79,'recycle','a:0:{}'),(728,1233173270,'190.144.111.26',0,'page',40,'instance removed','a:2:{i:0;s:2:\"79\";i:1;s:13:\"Texto en Chat\";}'),(729,1233173283,'190.144.111.26',0,'page',40,'parameters','a:0:{}'),(730,1233174252,'190.144.111.26',0,'instance',59,'modify','a:1:{i:0;s:9:\"text/edit\";}'),(731,1233174288,'190.144.111.26',0,'instance',61,'modify','a:1:{i:0;s:9:\"text/edit\";}'),(732,1233178493,'190.144.111.26',0,'instance',67,'settings','a:0:{}'),(733,1233178498,'190.144.111.26',0,'page',39,'reorder','a:0:{}'),(734,1233178627,'190.144.111.26',0,'page',39,'parameters','a:0:{}'),(735,1233178728,'190.144.111.26',0,'instance',81,'create','a:0:{}'),(736,1233178728,'190.144.111.26',0,'page',66,'instance added','a:2:{i:0;i:81;i:1;s:27:\"Contacto en Bolsa de Empleo\";}'),(737,1233178729,'190.144.111.26',0,'page',66,'reorder','a:0:{}'),(738,1233178768,'190.144.111.26',0,'instance',83,'create','a:0:{}'),(739,1233178768,'190.144.111.26',0,'page',34,'instance added','a:2:{i:0;i:83;i:1;s:34:\"Categorias en Preguntas Frecuentes\";}'),(740,1233178768,'190.144.111.26',0,'page',34,'reorder','a:0:{}'),(741,1233178780,'190.144.111.26',0,'instance',83,'modify','a:1:{i:0;s:17:\"faq/category/edit\";}'),(742,1233178792,'190.144.111.26',0,'instance',83,'modify','a:1:{i:0;s:17:\"faq/category/edit\";}'),(743,1233191124,'190.144.111.26',0,'instance',50,'modify','a:1:{i:0;s:7:\"contact\";}'),(744,1233191765,'190.144.111.26',0,'page',34,'settings','a:0:{}'),(745,1233191784,'190.144.111.26',0,'page',67,'create','a:0:{}'),(746,1233191784,'190.144.111.26',0,'site',0,'page created','a:2:{i:0;i:67;i:1;s:13:\"Quienes Somos\";}'),(747,1233191791,'190.144.111.26',0,'site',0,'reorder','a:0:{}'),(748,1233191874,'190.144.111.26',0,'page',68,'create','a:0:{}'),(749,1233191874,'190.144.111.26',0,'site',0,'page created','a:2:{i:0;i:68;i:1;s:7:\"Misión\";}'),(750,1233191887,'190.144.111.26',0,'page',69,'create','a:0:{}'),(751,1233191887,'190.144.111.26',0,'site',0,'page created','a:2:{i:0;i:69;i:1;s:7:\"Visión\";}'),(752,1233191903,'190.144.111.26',0,'page',68,'settings','a:0:{}'),(753,1233191910,'190.144.111.26',0,'page',69,'settings','a:0:{}'),(754,1233191937,'190.144.111.26',0,'instance',84,'create','a:0:{}'),(755,1233191937,'190.144.111.26',0,'page',65,'instance added','a:2:{i:0;i:84;i:1;s:38:\"Navegación Avanzada en Dónde Estamos\";}'),(756,1233191938,'190.144.111.26',0,'page',65,'reorder','a:0:{}'),(757,1233191946,'190.144.111.26',0,'instance',84,'settings','a:0:{}'),(758,1233191965,'190.144.111.26',0,'instance',84,'recycle','a:0:{}'),(759,1233191965,'190.144.111.26',0,'page',65,'instance removed','a:2:{i:0;s:2:\"84\";i:1;s:38:\"Navegación Avanzada en Dónde Estamos\";}'),(760,1233191969,'190.144.111.26',0,'instance',85,'create','a:0:{}'),(761,1233191969,'190.144.111.26',0,'page',65,'instance added','a:2:{i:0;i:85;i:1;s:29:\"Subpáginas en Dónde Estamos\";}'),(762,1233191970,'190.144.111.26',0,'page',65,'reorder','a:0:{}'),(763,1233199547,'190.144.111.26',0,'page',67,'settings','a:0:{}'),(764,1233260110,'190.144.111.26',0,'instance',48,'modify','a:1:{i:0;s:9:\"poll/vote\";}'),(765,1233366500,'190.144.111.26',0,'instance',48,'modify','a:1:{i:0;s:9:\"poll/vote\";}'),(766,1233367983,'190.144.111.26',0,'instance',55,'modify','a:1:{i:0;s:9:\"text/edit\";}'),(767,1233368005,'190.144.111.26',0,'instance',55,'modify','a:1:{i:0;s:9:\"text/edit\";}'),(768,1233368057,'190.144.111.26',0,'instance',55,'modify','a:1:{i:0;s:9:\"text/edit\";}'),(769,1233368198,'190.144.111.26',0,'instance',55,'modify','a:1:{i:0;s:9:\"text/edit\";}'),(770,1233368413,'190.144.111.26',0,'instance',55,'modify','a:1:{i:0;s:9:\"text/edit\";}'),(771,1233368536,'190.144.111.26',0,'instance',55,'modify','a:1:{i:0;s:9:\"text/edit\";}'),(772,1233368638,'190.144.111.26',0,'instance',55,'modify','a:1:{i:0;s:9:\"text/edit\";}'),(773,1233368792,'190.144.111.26',0,'instance',55,'modify','a:1:{i:0;s:9:\"text/edit\";}'),(774,1233368805,'190.144.111.26',0,'instance',85,'recycle','a:0:{}'),(775,1233368805,'190.144.111.26',0,'page',65,'instance removed','a:2:{i:0;s:2:\"85\";i:1;s:29:\"Subpáginas en Dónde Estamos\";}'),(776,1233369195,'190.144.111.26',0,'instance',86,'create','a:0:{}'),(777,1233369195,'190.144.111.26',0,'page',69,'instance added','a:2:{i:0;i:86;i:1;s:16:\"Texto en Visión\";}'),(778,1233369196,'190.144.111.26',0,'page',69,'reorder','a:0:{}'),(779,1233369427,'190.144.111.26',0,'instance',86,'modify','a:1:{i:0;s:9:\"text/edit\";}'),(780,1233369473,'190.144.111.26',0,'page',69,'settings','a:0:{}'),(781,1233369497,'190.144.111.26',0,'page',69,'parameters','a:0:{}'),(782,1233370344,'190.144.111.26',0,'page',68,'settings','a:0:{}'),(783,1233370361,'190.144.111.26',0,'page',68,'parameters','a:0:{}'),(784,1233370378,'190.144.111.26',0,'instance',87,'create','a:0:{}'),(785,1233370378,'190.144.111.26',0,'page',69,'instance added','a:2:{i:0;i:87;i:1;s:16:\"Texto en Visión\";}'),(786,1233370378,'190.144.111.26',0,'page',69,'reorder','a:0:{}'),(787,1233370403,'190.144.111.26',0,'instance',87,'modify','a:1:{i:0;s:9:\"text/edit\";}'),(788,1233370678,'190.144.111.26',0,'page',34,'rename','a:2:{i:0;s:20:\"Preguntas Frecuentes\";i:1;s:20:\"PrEguntas Frecuentes\";}'),(789,1233370678,'190.144.111.26',0,'site',0,'page renamed','a:3:{i:0;s:2:\"34\";i:1;s:20:\"Preguntas Frecuentes\";i:2;s:20:\"PrEguntas Frecuentes\";}'),(790,1233370700,'190.144.111.26',0,'page',72,'create','a:0:{}'),(791,1233370700,'190.144.111.26',0,'site',0,'page created','a:2:{i:0;i:72;i:1;s:6:\"Prueba\";}'),(792,1233370736,'190.144.111.26',0,'page',72,'recycle','a:0:{}'),(793,1233370736,'190.144.111.26',0,'site',0,'page recycled','a:2:{i:0;s:2:\"72\";i:1;s:6:\"Prueba\";}'),(794,1233600435,'190.144.111.26',0,'instance',52,'modify','a:1:{i:0;s:13:\"noticias/edit\";}'),(795,1233600545,'190.144.111.26',0,'instance',52,'modify','a:1:{i:0;s:13:\"noticias/edit\";}'),(796,1233603072,'190.144.111.26',0,'instance',52,'modify','a:1:{i:0;s:13:\"noticias/edit\";}'),(797,1233603164,'190.144.111.26',0,'instance',52,'modify','a:1:{i:0;s:13:\"noticias/edit\";}'),(798,1233603241,'190.144.111.26',0,'instance',52,'modify','a:1:{i:0;s:22:\"noticias/nueva_noticia\";}'),(799,1233603786,'190.144.111.26',0,'instance',52,'modify','a:1:{i:0;s:13:\"noticias/edit\";}'),(800,1233606277,'190.144.111.26',0,'instance',55,'modify','a:1:{i:0;s:9:\"text/edit\";}'),(801,1233606326,'190.144.111.26',0,'instance',55,'modify','a:1:{i:0;s:9:\"text/edit\";}'),(802,1233606341,'190.144.111.26',0,'instance',55,'modify','a:1:{i:0;s:9:\"text/edit\";}'),(803,1233606375,'190.144.111.26',0,'instance',55,'modify','a:1:{i:0;s:9:\"text/edit\";}'),(804,1233606391,'190.144.111.26',0,'instance',55,'modify','a:1:{i:0;s:9:\"text/edit\";}'),(805,1233606507,'190.144.111.26',0,'page',73,'create','a:0:{}'),(806,1233606507,'190.144.111.26',0,'site',0,'page created','a:2:{i:0;i:73;i:1;s:11:\"PREMIUM POS\";}'),(807,1233606528,'190.144.111.26',0,'page',73,'settings','a:0:{}'),(808,1233606541,'190.144.111.26',0,'instance',89,'create','a:0:{}'),(809,1233606541,'190.144.111.26',0,'page',73,'instance added','a:2:{i:0;i:89;i:1;s:20:\"Texto en PREMIUM POS\";}'),(810,1233606541,'190.144.111.26',0,'page',73,'reorder','a:0:{}'),(811,1233606551,'190.144.111.26',0,'instance',89,'modify','a:1:{i:0;s:9:\"text/edit\";}'),(812,1233606622,'190.144.111.26',0,'instance',89,'modify','a:1:{i:0;s:9:\"text/edit\";}'),(813,1233606667,'190.144.111.26',0,'instance',55,'modify','a:1:{i:0;s:9:\"text/edit\";}'),(814,1233606805,'190.144.111.26',0,'instance',89,'modify','a:1:{i:0;s:9:\"text/edit\";}'),(815,1233606844,'190.144.111.26',0,'instance',90,'create','a:0:{}'),(816,1233606844,'190.144.111.26',0,'page',73,'instance added','a:2:{i:0;i:90;i:1;s:29:\"Menú de migas en PREMIUM POS\";}'),(817,1233606844,'190.144.111.26',0,'page',73,'reorder','a:0:{}'),(818,1233606853,'190.144.111.26',0,'instance',90,'recycle','a:0:{}'),(819,1233606853,'190.144.111.26',0,'page',73,'instance removed','a:2:{i:0;s:2:\"90\";i:1;s:29:\"Menú de migas en PREMIUM POS\";}'),(820,1233606906,'190.144.111.26',0,'instance',89,'modify','a:1:{i:0;s:9:\"text/edit\";}'),(821,1233606960,'190.144.111.26',0,'instance',89,'modify','a:1:{i:0;s:9:\"text/edit\";}'),(822,1233607009,'190.144.111.26',0,'page',75,'create','a:0:{}'),(823,1233607009,'190.144.111.26',0,'site',0,'page created','a:2:{i:0;i:75;i:1;s:8:\"PREMIUM \";}'),(824,1233607022,'190.144.111.26',0,'page',75,'settings','a:0:{}'),(825,1233607035,'190.144.111.26',0,'instance',91,'create','a:0:{}'),(826,1233607035,'190.144.111.26',0,'page',75,'instance added','a:2:{i:0;i:91;i:1;s:16:\"Texto en PREMIUM\";}'),(827,1233607036,'190.144.111.26',0,'page',75,'reorder','a:0:{}'),(828,1233607102,'190.144.111.26',0,'instance',91,'modify','a:1:{i:0;s:9:\"text/edit\";}'),(829,1233607128,'190.144.111.26',0,'instance',91,'modify','a:1:{i:0;s:9:\"text/edit\";}'),(830,1233607175,'190.144.111.26',0,'page',77,'create','a:0:{}'),(831,1233607175,'190.144.111.26',0,'site',0,'page created','a:2:{i:0;i:77;i:1;s:18:\"PLATINO COSTOS POS\";}'),(832,1233607191,'190.144.111.26',0,'page',77,'settings','a:0:{}'),(833,1233607219,'190.144.111.26',0,'instance',92,'create','a:0:{}'),(834,1233607219,'190.144.111.26',0,'page',77,'instance added','a:2:{i:0;i:92;i:1;s:27:\"Texto en PLATINO COSTOS POS\";}'),(835,1233607219,'190.144.111.26',0,'page',77,'reorder','a:0:{}'),(836,1233607275,'190.144.111.26',0,'instance',92,'modify','a:1:{i:0;s:9:\"text/edit\";}'),(837,1233607411,'190.144.111.26',0,'page',79,'create','a:0:{}'),(838,1233607411,'190.144.111.26',0,'site',0,'page created','a:2:{i:0;i:79;i:1;s:18:\"PLATINO NOMINA POS\";}'),(839,1233607446,'190.144.111.26',0,'page',79,'settings','a:0:{}'),(840,1233607457,'190.144.111.26',0,'instance',93,'create','a:0:{}'),(841,1233607457,'190.144.111.26',0,'page',79,'instance added','a:2:{i:0;i:93;i:1;s:27:\"Texto en PLATINO NOMINA POS\";}'),(842,1233607457,'190.144.111.26',0,'page',79,'reorder','a:0:{}'),(843,1233607519,'190.144.111.26',0,'instance',93,'modify','a:1:{i:0;s:9:\"text/edit\";}'),(844,1233607554,'190.144.111.26',0,'page',81,'create','a:0:{}'),(845,1233607554,'190.144.111.26',0,'site',0,'page created','a:2:{i:0;i:81;i:1;s:14:\"PLATINO COSTOS\";}'),(846,1233607568,'190.144.111.26',0,'page',81,'settings','a:0:{}'),(847,1233607582,'190.144.111.26',0,'instance',94,'create','a:0:{}'),(848,1233607582,'190.144.111.26',0,'page',81,'instance added','a:2:{i:0;i:94;i:1;s:23:\"Texto en PLATINO COSTOS\";}'),(849,1233607582,'190.144.111.26',0,'page',81,'reorder','a:0:{}'),(850,1233607628,'190.144.111.26',0,'instance',94,'modify','a:1:{i:0;s:9:\"text/edit\";}'),(851,1233607736,'190.144.111.26',0,'page',83,'create','a:0:{}'),(852,1233607736,'190.144.111.26',0,'site',0,'page created','a:2:{i:0;i:83;i:1;s:14:\"PLATINO NOMINA\";}'),(853,1233607755,'190.144.111.26',0,'page',83,'settings','a:0:{}'),(854,1233607771,'190.144.111.26',0,'instance',95,'create','a:0:{}'),(855,1233607771,'190.144.111.26',0,'page',83,'instance added','a:2:{i:0;i:95;i:1;s:23:\"Texto en PLATINO NOMINA\";}'),(856,1233607772,'190.144.111.26',0,'page',83,'reorder','a:0:{}'),(857,1233607820,'190.144.111.26',0,'instance',95,'modify','a:1:{i:0;s:9:\"text/edit\";}'),(858,1233607865,'190.144.111.26',0,'page',85,'create','a:0:{}'),(859,1233607865,'190.144.111.26',0,'site',0,'page created','a:2:{i:0;i:85;i:1;s:12:\"UNOPYMES POS\";}'),(860,1233607874,'190.144.111.26',0,'site',0,'reorder','a:0:{}'),(861,1233607883,'190.144.111.26',0,'page',85,'settings','a:0:{}'),(862,1233607893,'190.144.111.26',0,'site',0,'reorder','a:0:{}'),(863,1233607909,'190.144.111.26',0,'instance',96,'create','a:0:{}'),(864,1233607909,'190.144.111.26',0,'page',85,'instance added','a:2:{i:0;i:96;i:1;s:21:\"Texto en UNOPYMES POS\";}'),(865,1233607909,'190.144.111.26',0,'page',85,'reorder','a:0:{}'),(866,1233607978,'190.144.111.26',0,'instance',96,'modify','a:1:{i:0;s:9:\"text/edit\";}'),(867,1233608052,'190.144.111.26',0,'page',87,'create','a:0:{}'),(868,1233608052,'190.144.111.26',0,'site',0,'page created','a:2:{i:0;i:87;i:1;s:17:\"UNOPYMES ESTANDAR\";}'),(869,1233608068,'190.144.111.26',0,'page',87,'settings','a:0:{}'),(870,1233608078,'190.144.111.26',0,'instance',97,'create','a:0:{}'),(871,1233608078,'190.144.111.26',0,'page',87,'instance added','a:2:{i:0;i:97;i:1;s:26:\"Texto en UNOPYMES ESTANDAR\";}'),(872,1233608078,'190.144.111.26',0,'page',87,'reorder','a:0:{}'),(873,1233608106,'190.144.111.26',0,'instance',97,'modify','a:1:{i:0;s:9:\"text/edit\";}'),(874,1233608277,'190.144.111.26',0,'instance',98,'create','a:0:{}'),(875,1233608277,'190.144.111.26',0,'page',67,'instance added','a:2:{i:0;i:98;i:1;s:22:\"Texto en Quienes Somos\";}'),(876,1233608277,'190.144.111.26',0,'page',67,'reorder','a:0:{}'),(877,1233608302,'190.144.111.26',0,'instance',98,'modify','a:1:{i:0;s:9:\"text/edit\";}'),(878,1233608520,'190.144.111.26',0,'instance',55,'modify','a:1:{i:0;s:9:\"text/edit\";}'),(879,1233608604,'190.144.111.26',0,'instance',55,'modify','a:1:{i:0;s:9:\"text/edit\";}'),(880,1233608666,'190.144.111.26',0,'instance',55,'modify','a:1:{i:0;s:9:\"text/edit\";}'),(881,1233608696,'190.144.111.26',0,'instance',55,'modify','a:1:{i:0;s:9:\"text/edit\";}'),(882,1233608777,'190.144.111.26',0,'instance',55,'modify','a:1:{i:0;s:9:\"text/edit\";}'),(883,1233608812,'190.144.111.26',0,'instance',55,'modify','a:1:{i:0;s:9:\"text/edit\";}'),(884,1233608832,'190.144.111.26',0,'instance',55,'modify','a:1:{i:0;s:9:\"text/edit\";}'),(885,1233608844,'190.144.111.26',0,'instance',55,'modify','a:1:{i:0;s:9:\"text/edit\";}'),(886,1233608978,'190.144.111.26',0,'instance',55,'modify','a:1:{i:0;s:9:\"text/edit\";}'),(887,1233609094,'190.144.111.26',0,'instance',55,'modify','a:1:{i:0;s:9:\"text/edit\";}'),(888,1233609220,'190.144.111.26',0,'instance',55,'modify','a:1:{i:0;s:9:\"text/edit\";}'),(889,1233609312,'190.144.111.26',0,'instance',98,'modify','a:1:{i:0;s:9:\"text/edit\";}'),(890,1233609933,'190.144.111.26',0,'instance',98,'modify','a:1:{i:0;s:9:\"text/edit\";}'),(891,1233610017,'190.144.111.26',0,'instance',98,'modify','a:1:{i:0;s:9:\"text/edit\";}'),(892,1233610104,'190.144.111.26',0,'instance',98,'modify','a:1:{i:0;s:9:\"text/edit\";}'),(893,1233610235,'190.144.111.26',0,'instance',55,'modify','a:1:{i:0;s:9:\"text/edit\";}'),(894,1233610254,'190.144.111.26',0,'instance',55,'modify','a:1:{i:0;s:9:\"text/edit\";}'),(895,1233610261,'190.144.111.26',0,'page',31,'instance removed','a:2:{i:0;s:2:\"55\";i:1;s:17:\"Texto en Clientes\";}'),(896,1233610299,'190.144.111.26',0,'page',90,'create','a:0:{}'),(897,1233610299,'190.144.111.26',0,'site',0,'page created','a:2:{i:0;i:90;i:1;s:7:\"MISIÓN\";}'),(898,1233610313,'190.144.111.26',0,'page',90,'recycle','a:0:{}'),(899,1233610313,'190.144.111.26',0,'site',0,'page recycled','a:2:{i:0;s:2:\"90\";i:1;s:7:\"MISIÓN\";}'),(900,1233610329,'190.144.111.26',0,'instance',98,'modify','a:1:{i:0;s:9:\"text/edit\";}'),(901,1233610426,'190.144.111.26',0,'instance',98,'recycle','a:0:{}'),(902,1233610426,'190.144.111.26',0,'page',67,'instance removed','a:2:{i:0;s:2:\"98\";i:1;s:22:\"Texto en Quienes Somos\";}'),(903,1233610588,'190.144.111.26',0,'page',73,'rename','a:2:{i:0;s:11:\"PREMIUM POS\";i:1;s:20:\"UNOPYMES PREMIUM POS\";}'),(904,1233610588,'190.144.111.26',0,'site',0,'page renamed','a:3:{i:0;s:2:\"73\";i:1;s:11:\"PREMIUM POS\";i:2;s:20:\"UNOPYMES PREMIUM POS\";}'),(905,1233610647,'190.144.111.26',0,'page',75,'rename','a:2:{i:0;s:7:\"PREMIUM\";i:1;s:16:\"UNOPYMES PREMIUM\";}'),(906,1233610647,'190.144.111.26',0,'site',0,'page renamed','a:3:{i:0;s:2:\"75\";i:1;s:7:\"PREMIUM\";i:2;s:16:\"UNOPYMES PREMIUM\";}'),(907,1233610660,'190.144.111.26',0,'page',77,'rename','a:2:{i:0;s:18:\"PLATINO COSTOS POS\";i:1;s:27:\"UNOPYMES PLATINO COSTOS POS\";}'),(908,1233610660,'190.144.111.26',0,'site',0,'page renamed','a:3:{i:0;s:2:\"77\";i:1;s:18:\"PLATINO COSTOS POS\";i:2;s:27:\"UNOPYMES PLATINO COSTOS POS\";}'),(909,1233610666,'190.144.111.26',0,'page',75,'settings','a:0:{}'),(910,1233610681,'190.144.111.26',0,'page',79,'rename','a:2:{i:0;s:18:\"PLATINO NOMINA POS\";i:1;s:27:\"UNOPYMES PLATINO NOMINA POS\";}'),(911,1233610681,'190.144.111.26',0,'site',0,'page renamed','a:3:{i:0;s:2:\"79\";i:1;s:18:\"PLATINO NOMINA POS\";i:2;s:27:\"UNOPYMES PLATINO NOMINA POS\";}'),(912,1233610692,'190.144.111.26',0,'page',81,'rename','a:2:{i:0;s:14:\"PLATINO COSTOS\";i:1;s:23:\"UNOPYMES PLATINO COSTOS\";}'),(913,1233610692,'190.144.111.26',0,'site',0,'page renamed','a:3:{i:0;s:2:\"81\";i:1;s:14:\"PLATINO COSTOS\";i:2;s:23:\"UNOPYMES PLATINO COSTOS\";}'),(914,1233610702,'190.144.111.26',0,'page',83,'rename','a:2:{i:0;s:14:\"PLATINO NOMINA\";i:1;s:23:\"UNOPYMES PLATINO NOMINA\";}'),(915,1233610702,'190.144.111.26',0,'site',0,'page renamed','a:3:{i:0;s:2:\"83\";i:1;s:14:\"PLATINO NOMINA\";i:2;s:23:\"UNOPYMES PLATINO NOMINA\";}'),(916,1233610775,'190.144.111.26',0,'instance',55,'modify','a:1:{i:0;s:9:\"text/edit\";}'),(917,1233610804,'190.144.111.26',0,'instance',55,'modify','a:1:{i:0;s:9:\"text/edit\";}'),(918,1233610999,'190.144.111.26',0,'instance',99,'create','a:0:{}'),(919,1233610999,'190.144.111.26',0,'page',31,'instance added','a:2:{i:0;i:99;i:1;s:17:\"Texto en Clientes\";}'),(920,1233611000,'190.144.111.26',0,'page',31,'reorder','a:0:{}'),(921,1233611041,'190.144.111.26',0,'instance',99,'modify','a:1:{i:0;s:9:\"text/edit\";}'),(922,1233611375,'190.144.111.26',0,'instance',99,'modify','a:1:{i:0;s:9:\"text/edit\";}'),(923,1233611563,'190.144.111.26',0,'instance',99,'modify','a:1:{i:0;s:9:\"text/edit\";}'),(924,1233611580,'190.144.111.26',0,'instance',99,'modify','a:1:{i:0;s:9:\"text/edit\";}'),(925,1233611615,'190.144.111.26',0,'page',73,'settings','a:0:{}'),(926,1233611621,'190.144.111.26',0,'page',75,'settings','a:0:{}'),(927,1233611627,'190.144.111.26',0,'page',77,'settings','a:0:{}'),(928,1233611638,'190.144.111.26',0,'page',79,'settings','a:0:{}'),(929,1233611644,'190.144.111.26',0,'page',81,'settings','a:0:{}'),(930,1233611650,'190.144.111.26',0,'page',83,'settings','a:0:{}'),(931,1233611904,'190.144.111.26',0,'instance',91,'modify','a:1:{i:0;s:9:\"text/edit\";}'),(932,1233611931,'190.144.111.26',0,'instance',91,'modify','a:1:{i:0;s:9:\"text/edit\";}'),(933,1233611970,'190.144.111.26',0,'instance',91,'modify','a:1:{i:0;s:9:\"text/edit\";}'),(934,1233612027,'190.144.111.26',0,'instance',89,'modify','a:1:{i:0;s:9:\"text/edit\";}'),(935,1233612086,'190.144.111.26',0,'instance',100,'create','a:0:{}'),(936,1233612086,'190.144.111.26',0,'page',73,'instance added','a:2:{i:0;i:100;i:1;s:29:\"Texto en UNOPYMES PREMIUM POS\";}'),(937,1233612087,'190.144.111.26',0,'page',73,'reorder','a:0:{}'),(938,1233612112,'190.144.111.26',0,'instance',100,'modify','a:1:{i:0;s:9:\"text/edit\";}'),(939,1233612150,'190.144.111.26',0,'page',75,'reorder','a:0:{}'),(940,1233612292,'190.144.111.26',0,'instance',91,'modify','a:1:{i:0;s:9:\"text/edit\";}'),(941,1233612314,'190.144.111.26',0,'instance',91,'modify','a:1:{i:0;s:9:\"text/edit\";}'),(942,1233612350,'190.144.111.26',0,'instance',91,'modify','a:1:{i:0;s:9:\"text/edit\";}'),(943,1233612420,'190.144.111.26',0,'instance',91,'modify','a:1:{i:0;s:9:\"text/edit\";}'),(944,1233612510,'190.144.111.26',0,'instance',89,'modify','a:1:{i:0;s:9:\"text/edit\";}'),(945,1233612590,'190.144.111.26',0,'instance',92,'modify','a:1:{i:0;s:9:\"text/edit\";}'),(946,1233612664,'190.144.111.26',0,'page',79,'reorder','a:0:{}'),(947,1233612719,'190.144.111.26',0,'instance',93,'modify','a:1:{i:0;s:9:\"text/edit\";}'),(948,1233612741,'190.144.111.26',0,'instance',93,'modify','a:1:{i:0;s:9:\"text/edit\";}'),(949,1233612846,'190.144.111.26',0,'instance',94,'modify','a:1:{i:0;s:9:\"text/edit\";}'),(950,1233612853,'190.144.111.26',0,'page',81,'reorder','a:0:{}'),(951,1233612880,'190.144.111.26',0,'page',83,'reorder','a:0:{}'),(952,1233612921,'190.144.111.26',0,'instance',95,'modify','a:1:{i:0;s:9:\"text/edit\";}'),(953,1233612947,'190.144.111.26',0,'page',85,'reorder','a:0:{}'),(954,1233612997,'190.144.111.26',0,'instance',96,'modify','a:1:{i:0;s:9:\"text/edit\";}'),(955,1233613033,'190.144.111.26',0,'page',87,'reorder','a:0:{}'),(956,1233613070,'190.144.111.26',0,'instance',97,'modify','a:1:{i:0;s:9:\"text/edit\";}'),(957,1233618779,'190.144.111.26',0,'instance',101,'create','a:0:{}'),(958,1233618779,'190.144.111.26',0,'page',64,'instance added','a:2:{i:0;i:101;i:1;s:30:\"Texto en Buzón de Sugerencias\";}'),(959,1233618780,'190.144.111.26',0,'page',64,'reorder','a:0:{}'),(960,1233618792,'190.144.111.26',0,'instance',101,'modify','a:1:{i:0;s:9:\"text/edit\";}'),(961,1233618820,'190.144.111.26',0,'instance',102,'create','a:0:{}'),(962,1233618820,'190.144.111.26',0,'page',63,'instance added','a:2:{i:0;i:102;i:1;s:23:\"Texto en Distribuidores\";}'),(963,1233618821,'190.144.111.26',0,'page',63,'reorder','a:0:{}'),(964,1233618845,'190.144.111.26',0,'instance',102,'modify','a:1:{i:0;s:9:\"text/edit\";}'),(965,1233618861,'190.144.111.26',0,'instance',103,'create','a:0:{}'),(966,1233618861,'190.144.111.26',0,'page',65,'instance added','a:2:{i:0;i:103;i:1;s:23:\"Texto en Dónde Estamos\";}'),(967,1233618862,'190.144.111.26',0,'page',65,'reorder','a:0:{}'),(968,1233618875,'190.144.111.26',0,'instance',103,'modify','a:1:{i:0;s:9:\"text/edit\";}'),(969,1233618909,'190.144.111.26',0,'instance',104,'create','a:0:{}'),(970,1233618909,'190.144.111.26',0,'page',67,'instance added','a:2:{i:0;i:104;i:1;s:22:\"Texto en Quienes Somos\";}'),(971,1233618910,'190.144.111.26',0,'page',67,'reorder','a:0:{}'),(972,1233618924,'190.144.111.26',0,'instance',104,'modify','a:1:{i:0;s:9:\"text/edit\";}'),(973,1233618953,'190.144.111.26',0,'instance',48,'modify','a:1:{i:0;s:9:\"poll/vote\";}'),(974,1233619217,'190.144.111.26',0,'instance',48,'modify','a:1:{i:0;s:9:\"poll/vote\";}'),(975,1233621936,'190.144.111.26',0,'instance',105,'create','a:0:{}'),(976,1233621936,'190.144.111.26',0,'page',67,'instance added','a:2:{i:0;i:105;i:1;s:22:\"Texto en Quienes Somos\";}'),(977,1233621937,'190.144.111.26',0,'page',67,'reorder','a:0:{}'),(978,1233621962,'190.144.111.26',0,'instance',105,'modify','a:1:{i:0;s:9:\"text/edit\";}'),(979,1233622066,'190.144.111.26',0,'instance',106,'create','a:0:{}'),(980,1233622066,'190.144.111.26',0,'page',73,'instance added','a:2:{i:0;i:106;i:1;s:29:\"Texto en UNOPYMES PREMIUM POS\";}'),(981,1233622066,'190.144.111.26',0,'page',73,'reorder','a:0:{}'),(982,1233622091,'190.144.111.26',0,'instance',106,'modify','a:1:{i:0;s:9:\"text/edit\";}'),(983,1233622118,'190.144.111.26',0,'instance',107,'create','a:0:{}'),(984,1233622118,'190.144.111.26',0,'page',75,'instance added','a:2:{i:0;i:107;i:1;s:25:\"Texto en UNOPYMES PREMIUM\";}'),(985,1233622119,'190.144.111.26',0,'page',75,'reorder','a:0:{}'),(986,1233622137,'190.144.111.26',0,'instance',107,'modify','a:1:{i:0;s:9:\"text/edit\";}'),(987,1233622151,'190.144.111.26',0,'instance',108,'create','a:0:{}'),(988,1233622151,'190.144.111.26',0,'page',77,'instance added','a:2:{i:0;i:108;i:1;s:36:\"Texto en UNOPYMES PLATINO COSTOS POS\";}'),(989,1233622152,'190.144.111.26',0,'page',77,'reorder','a:0:{}'),(990,1233622169,'190.144.111.26',0,'instance',108,'modify','a:1:{i:0;s:9:\"text/edit\";}'),(991,1233622188,'190.144.111.26',0,'instance',109,'create','a:0:{}'),(992,1233622188,'190.144.111.26',0,'page',79,'instance added','a:2:{i:0;i:109;i:1;s:36:\"Texto en UNOPYMES PLATINO NOMINA POS\";}'),(993,1233622189,'190.144.111.26',0,'page',79,'reorder','a:0:{}'),(994,1233622204,'190.144.111.26',0,'instance',109,'modify','a:1:{i:0;s:9:\"text/edit\";}'),(995,1233622227,'190.144.111.26',0,'instance',110,'create','a:0:{}'),(996,1233622227,'190.144.111.26',0,'page',81,'instance added','a:2:{i:0;i:110;i:1;s:32:\"Texto en UNOPYMES PLATINO COSTOS\";}'),(997,1233622228,'190.144.111.26',0,'page',81,'reorder','a:0:{}'),(998,1233622246,'190.144.111.26',0,'instance',110,'modify','a:1:{i:0;s:9:\"text/edit\";}'),(999,1233622266,'190.144.111.26',0,'instance',111,'create','a:0:{}'),(1000,1233622266,'190.144.111.26',0,'page',83,'instance added','a:2:{i:0;i:111;i:1;s:32:\"Texto en UNOPYMES PLATINO NOMINA\";}'),(1001,1233622266,'190.144.111.26',0,'page',83,'reorder','a:0:{}'),(1002,1233622287,'190.144.111.26',0,'instance',111,'modify','a:1:{i:0;s:9:\"text/edit\";}'),(1003,1233622370,'190.144.111.26',0,'instance',112,'create','a:0:{}'),(1004,1233622370,'190.144.111.26',0,'page',85,'instance added','a:2:{i:0;i:112;i:1;s:21:\"Texto en UNOPYMES POS\";}'),(1005,1233622371,'190.144.111.26',0,'page',85,'reorder','a:0:{}'),(1006,1233622404,'190.144.111.26',0,'instance',112,'modify','a:1:{i:0;s:9:\"text/edit\";}'),(1007,1233622425,'190.144.111.26',0,'instance',113,'create','a:0:{}'),(1008,1233622425,'190.144.111.26',0,'page',87,'instance added','a:2:{i:0;i:113;i:1;s:26:\"Texto en UNOPYMES ESTANDAR\";}'),(1009,1233622426,'190.144.111.26',0,'page',87,'reorder','a:0:{}'),(1010,1233622558,'190.144.111.26',0,'instance',113,'modify','a:1:{i:0;s:9:\"text/edit\";}'),(1011,1233622770,'190.144.111.26',0,'instance',114,'create','a:0:{}'),(1012,1233622770,'190.144.111.26',0,'page',68,'instance added','a:2:{i:0;i:114;i:1;s:16:\"Texto en Misión\";}'),(1013,1233622771,'190.144.111.26',0,'page',68,'reorder','a:0:{}'),(1014,1233622787,'190.144.111.26',0,'instance',114,'modify','a:1:{i:0;s:9:\"text/edit\";}'),(1015,1233622823,'190.144.111.26',0,'instance',86,'modify','a:1:{i:0;s:9:\"text/edit\";}'),(1016,1233622843,'190.144.111.26',0,'instance',115,'create','a:0:{}'),(1017,1233622843,'190.144.111.26',0,'page',68,'instance added','a:2:{i:0;i:115;i:1;s:16:\"Texto en Misión\";}'),(1018,1233622844,'190.144.111.26',0,'page',68,'reorder','a:0:{}'),(1019,1233622857,'190.144.111.26',0,'instance',115,'modify','a:1:{i:0;s:9:\"text/edit\";}'),(1020,1233622878,'190.144.111.26',0,'instance',116,'create','a:0:{}'),(1021,1233622878,'190.144.111.26',0,'page',69,'instance added','a:2:{i:0;i:116;i:1;s:16:\"Texto en Visión\";}'),(1022,1233622879,'190.144.111.26',0,'page',69,'reorder','a:0:{}'),(1023,1233622894,'190.144.111.26',0,'instance',116,'modify','a:1:{i:0;s:9:\"text/edit\";}'),(1024,1233622902,'190.144.111.26',0,'instance',117,'create','a:0:{}'),(1025,1233622902,'190.144.111.26',0,'page',69,'instance added','a:2:{i:0;i:117;i:1;s:16:\"Texto en Visión\";}'),(1026,1233622903,'190.144.111.26',0,'page',69,'reorder','a:0:{}'),(1027,1233622923,'190.144.111.26',0,'instance',117,'modify','a:1:{i:0;s:9:\"text/edit\";}'),(1028,1233623896,'190.144.111.26',0,'instance',99,'modify','a:1:{i:0;s:9:\"text/edit\";}'),(1029,1233624140,'190.144.111.26',0,'instance',99,'modify','a:1:{i:0;s:9:\"text/edit\";}'),(1030,1233624170,'190.144.111.26',0,'instance',99,'modify','a:1:{i:0;s:9:\"text/edit\";}'),(1031,1233624193,'190.144.111.26',0,'instance',99,'recycle','a:0:{}'),(1032,1233624193,'190.144.111.26',0,'page',31,'instance removed','a:2:{i:0;s:2:\"99\";i:1;s:17:\"Texto en Clientes\";}'),(1033,1233624200,'190.144.111.26',0,'instance',118,'create','a:0:{}'),(1034,1233624200,'190.144.111.26',0,'page',31,'instance added','a:2:{i:0;i:118;i:1;s:17:\"Texto en Clientes\";}'),(1035,1233624200,'190.144.111.26',0,'page',31,'reorder','a:0:{}'),(1036,1233624298,'190.144.111.26',0,'instance',118,'modify','a:1:{i:0;s:9:\"text/edit\";}'),(1037,1233624407,'190.144.111.26',0,'instance',118,'modify','a:1:{i:0;s:9:\"text/edit\";}'),(1038,1233624896,'190.144.111.26',0,'page',73,'rename','a:2:{i:0;s:20:\"UNOPYMES PREMIUM POS\";i:1;s:20:\"Unopymes PREMIUM POS\";}'),(1039,1233624896,'190.144.111.26',0,'site',0,'page renamed','a:3:{i:0;s:2:\"73\";i:1;s:20:\"UNOPYMES PREMIUM POS\";i:2;s:20:\"Unopymes PREMIUM POS\";}'),(1040,1233624933,'190.144.111.26',0,'page',75,'rename','a:2:{i:0;s:16:\"UNOPYMES PREMIUM\";i:1;s:16:\"Unopymes PREMIUM\";}'),(1041,1233624933,'190.144.111.26',0,'site',0,'page renamed','a:3:{i:0;s:2:\"75\";i:1;s:16:\"UNOPYMES PREMIUM\";i:2;s:16:\"Unopymes PREMIUM\";}'),(1042,1233624944,'190.144.111.26',0,'page',77,'rename','a:2:{i:0;s:27:\"UNOPYMES PLATINO COSTOS POS\";i:1;s:34:\"UnopymesNOPYMES PLATINO COSTOS POS\";}'),(1043,1233624944,'190.144.111.26',0,'site',0,'page renamed','a:3:{i:0;s:2:\"77\";i:1;s:27:\"UNOPYMES PLATINO COSTOS POS\";i:2;s:34:\"UnopymesNOPYMES PLATINO COSTOS POS\";}'),(1044,1233624958,'190.144.111.26',0,'page',77,'rename','a:2:{i:0;s:34:\"UnopymesNOPYMES PLATINO COSTOS POS\";i:1;s:27:\"Unopymes PLATINO COSTOS POS\";}'),(1045,1233624958,'190.144.111.26',0,'site',0,'page renamed','a:3:{i:0;s:2:\"77\";i:1;s:34:\"UnopymesNOPYMES PLATINO COSTOS POS\";i:2;s:27:\"Unopymes PLATINO COSTOS POS\";}'),(1046,1233624972,'190.144.111.26',0,'page',79,'rename','a:2:{i:0;s:27:\"UNOPYMES PLATINO NOMINA POS\";i:1;s:27:\"Unopymes PLATINO NOMINA POS\";}'),(1047,1233624972,'190.144.111.26',0,'site',0,'page renamed','a:3:{i:0;s:2:\"79\";i:1;s:27:\"UNOPYMES PLATINO NOMINA POS\";i:2;s:27:\"Unopymes PLATINO NOMINA POS\";}'),(1048,1233624983,'190.144.111.26',0,'page',81,'rename','a:2:{i:0;s:23:\"UNOPYMES PLATINO COSTOS\";i:1;s:23:\"Unopymes PLATINO COSTOS\";}'),(1049,1233624983,'190.144.111.26',0,'site',0,'page renamed','a:3:{i:0;s:2:\"81\";i:1;s:23:\"UNOPYMES PLATINO COSTOS\";i:2;s:23:\"Unopymes PLATINO COSTOS\";}'),(1050,1233624996,'190.144.111.26',0,'page',83,'rename','a:2:{i:0;s:23:\"UNOPYMES PLATINO NOMINA\";i:1;s:23:\"Unopymes PLATINO NOMINA\";}'),(1051,1233624996,'190.144.111.26',0,'site',0,'page renamed','a:3:{i:0;s:2:\"83\";i:1;s:23:\"UNOPYMES PLATINO NOMINA\";i:2;s:23:\"Unopymes PLATINO NOMINA\";}'),(1052,1233625006,'190.144.111.26',0,'page',85,'rename','a:2:{i:0;s:12:\"UNOPYMES POS\";i:1;s:12:\"Unopymes POS\";}'),(1053,1233625006,'190.144.111.26',0,'site',0,'page renamed','a:3:{i:0;s:2:\"85\";i:1;s:12:\"UNOPYMES POS\";i:2;s:12:\"Unopymes POS\";}'),(1054,1233625018,'190.144.111.26',0,'page',87,'rename','a:2:{i:0;s:17:\"UNOPYMES ESTANDAR\";i:1;s:17:\"Unopymes ESTANDAR\";}'),(1055,1233625018,'190.144.111.26',0,'site',0,'page renamed','a:3:{i:0;s:2:\"87\";i:1;s:17:\"UNOPYMES ESTANDAR\";i:2;s:17:\"Unopymes ESTANDAR\";}'),(1056,1233631949,'190.144.111.26',0,'instance',52,'modify','a:1:{i:0;s:22:\"noticias/nueva_noticia\";}'),(1057,1233688819,'190.144.111.26',0,'instance',97,'modify','a:1:{i:0;s:9:\"text/edit\";}'),(1058,1233705619,'190.144.111.26',0,'instance',48,'modify','a:1:{i:0;s:9:\"poll/vote\";}'),(1059,1233705981,'190.144.111.26',0,'instance',48,'modify','a:1:{i:0;s:9:\"poll/vote\";}'),(1060,1233709237,'190.144.111.26',0,'instance',48,'modify','a:1:{i:0;s:9:\"poll/vote\";}'),(1061,1233880313,'190.144.111.26',0,'instance',119,'create','a:0:{}'),(1062,1233880313,'190.144.111.26',0,'page',63,'instance added','a:2:{i:0;i:119;i:1;s:23:\"Texto en Distribuidores\";}'),(1063,1233880313,'190.144.111.26',0,'page',63,'reorder','a:0:{}'),(1064,1233890682,'190.144.111.26',0,'instance',119,'modify','a:1:{i:0;s:9:\"text/edit\";}'),(1065,1234303265,'190.144.111.26',0,'instance',83,'modify','a:1:{i:0;s:17:\"faq/category/edit\";}'),(1066,1234303284,'190.144.111.26',0,'instance',83,'modify','a:1:{i:0;s:17:\"faq/category/edit\";}'),(1067,1234303295,'190.144.111.26',0,'instance',83,'modify','a:1:{i:0;s:17:\"faq/category/edit\";}'),(1068,1234303302,'190.144.111.26',0,'instance',83,'modify','a:1:{i:0;s:17:\"faq/category/edit\";}'),(1069,1234310577,'190.144.111.26',-1,'instance',48,'modify','a:1:{i:0;s:9:\"poll/vote\";}'),(1070,1234313395,'190.144.111.26',0,'page',65,'settings','a:0:{}'),(1071,1234313409,'190.144.111.26',0,'page',65,'settings','a:0:{}'),(1072,1234320709,'190.144.111.26',0,'instance',52,'modify','a:1:{i:0;s:13:\"noticias/edit\";}'),(1073,1234320828,'190.144.111.26',0,'instance',52,'modify','a:1:{i:0;s:13:\"noticias/edit\";}'),(1074,1234321023,'190.144.111.26',0,'instance',52,'modify','a:1:{i:0;s:13:\"noticias/edit\";}'),(1075,1234321081,'190.144.111.26',0,'instance',52,'modify','a:1:{i:0;s:13:\"noticias/edit\";}'),(1076,1234321185,'190.144.111.26',0,'instance',52,'modify','a:1:{i:0;s:13:\"noticias/edit\";}'),(1077,1234321291,'190.144.111.26',0,'instance',52,'modify','a:1:{i:0;s:13:\"noticias/edit\";}'),(1078,1234378189,'190.144.111.26',0,'instance',86,'modify','a:1:{i:0;s:9:\"text/edit\";}'),(1079,1234378966,'190.144.111.26',0,'instance',86,'modify','a:1:{i:0;s:9:\"text/edit\";}'),(1080,1234379070,'190.144.111.26',0,'instance',86,'modify','a:1:{i:0;s:9:\"text/edit\";}'),(1081,1234379091,'190.144.111.26',0,'instance',86,'modify','a:1:{i:0;s:9:\"text/edit\";}'),(1082,1234379106,'190.144.111.26',0,'instance',86,'modify','a:1:{i:0;s:9:\"text/edit\";}'),(1083,1234379141,'190.144.111.26',0,'instance',86,'modify','a:1:{i:0;s:9:\"text/edit\";}'),(1084,1234379155,'190.144.111.26',0,'instance',86,'modify','a:1:{i:0;s:9:\"text/edit\";}'),(1085,1234379481,'190.144.111.26',0,'instance',86,'modify','a:1:{i:0;s:9:\"text/edit\";}'),(1086,1234379500,'190.144.111.26',0,'instance',86,'modify','a:1:{i:0;s:9:\"text/edit\";}'),(1087,1234379653,'190.144.111.26',0,'instance',86,'modify','a:1:{i:0;s:9:\"text/edit\";}'),(1088,1234379668,'190.144.111.26',0,'instance',86,'modify','a:1:{i:0;s:9:\"text/edit\";}'),(1089,1234379713,'190.144.111.26',0,'instance',86,'modify','a:1:{i:0;s:9:\"text/edit\";}'),(1090,1234379731,'190.144.111.26',0,'instance',86,'modify','a:1:{i:0;s:9:\"text/edit\";}'),(1091,1234379747,'190.144.111.26',0,'instance',86,'modify','a:1:{i:0;s:9:\"text/edit\";}'),(1092,1234379758,'190.144.111.26',0,'instance',86,'modify','a:1:{i:0;s:9:\"text/edit\";}'),(1093,1234380167,'190.144.111.26',0,'instance',86,'modify','a:1:{i:0;s:9:\"text/edit\";}'),(1094,1234380185,'190.144.111.26',0,'instance',86,'modify','a:1:{i:0;s:9:\"text/edit\";}'),(1095,1234380263,'190.144.111.26',0,'instance',86,'modify','a:1:{i:0;s:9:\"text/edit\";}'),(1096,1234380294,'190.144.111.26',0,'instance',86,'modify','a:1:{i:0;s:9:\"text/edit\";}'),(1097,1234381027,'190.144.111.26',0,'instance',87,'modify','a:1:{i:0;s:9:\"text/edit\";}'),(1098,1234381213,'190.144.111.26',0,'instance',87,'modify','a:1:{i:0;s:9:\"text/edit\";}'),(1099,1234381232,'190.144.111.26',0,'instance',87,'modify','a:1:{i:0;s:9:\"text/edit\";}'),(1100,1234381344,'190.144.111.26',0,'instance',87,'modify','a:1:{i:0;s:9:\"text/edit\";}'),(1101,1234381439,'190.144.111.26',0,'instance',120,'create','a:0:{}'),(1102,1234381439,'190.144.111.26',0,'page',68,'instance added','a:2:{i:0;i:120;i:1;s:16:\"Texto en Misión\";}'),(1103,1234381439,'190.144.111.26',0,'page',68,'reorder','a:0:{}'),(1104,1234381463,'190.144.111.26',0,'instance',120,'modify','a:1:{i:0;s:9:\"text/edit\";}'),(1105,1234381492,'190.144.111.26',0,'instance',121,'create','a:0:{}'),(1106,1234381492,'190.144.111.26',0,'page',69,'instance added','a:2:{i:0;i:121;i:1;s:16:\"Texto en Visión\";}'),(1107,1234381493,'190.144.111.26',0,'page',69,'reorder','a:0:{}'),(1108,1234381514,'190.144.111.26',0,'instance',121,'modify','a:1:{i:0;s:9:\"text/edit\";}'),(1109,1234381811,'190.144.111.26',0,'instance',55,'modify','a:1:{i:0;s:9:\"text/edit\";}'),(1110,1234381916,'190.144.111.26',0,'instance',55,'modify','a:1:{i:0;s:9:\"text/edit\";}'),(1111,1234381967,'190.144.111.26',0,'instance',55,'modify','a:1:{i:0;s:9:\"text/edit\";}'),(1112,1234382015,'190.144.111.26',0,'instance',122,'create','a:0:{}'),(1113,1234382015,'190.144.111.26',0,'page',73,'instance added','a:2:{i:0;i:122;i:1;s:29:\"Texto en Unopymes PREMIUM POS\";}'),(1114,1234382015,'190.144.111.26',0,'page',73,'reorder','a:0:{}'),(1115,1234382032,'190.144.111.26',0,'instance',122,'modify','a:1:{i:0;s:9:\"text/edit\";}'),(1116,1234382177,'190.144.111.26',0,'instance',86,'modify','a:1:{i:0;s:9:\"text/edit\";}'),(1117,1234382287,'190.144.111.26',0,'instance',55,'modify','a:1:{i:0;s:9:\"text/edit\";}'),(1118,1234382310,'190.144.111.26',0,'instance',55,'modify','a:1:{i:0;s:9:\"text/edit\";}'),(1119,1234382332,'190.144.111.26',0,'instance',55,'modify','a:1:{i:0;s:9:\"text/edit\";}'),(1120,1234382350,'190.144.111.26',0,'instance',55,'modify','a:1:{i:0;s:9:\"text/edit\";}'),(1121,1234382370,'190.144.111.26',0,'instance',55,'modify','a:1:{i:0;s:9:\"text/edit\";}'),(1122,1234382442,'190.144.111.26',0,'instance',55,'modify','a:1:{i:0;s:9:\"text/edit\";}'),(1123,1234382475,'190.144.111.26',0,'instance',55,'modify','a:1:{i:0;s:9:\"text/edit\";}'),(1124,1234382503,'190.144.111.26',0,'instance',55,'modify','a:1:{i:0;s:9:\"text/edit\";}'),(1125,1234382515,'190.144.111.26',0,'instance',55,'modify','a:1:{i:0;s:9:\"text/edit\";}'),(1126,1234382988,'190.144.111.26',0,'instance',55,'modify','a:1:{i:0;s:9:\"text/edit\";}'),(1127,1234383005,'190.144.111.26',0,'instance',55,'modify','a:1:{i:0;s:9:\"text/edit\";}'),(1128,1234383412,'190.144.111.26',0,'instance',55,'modify','a:1:{i:0;s:9:\"text/edit\";}'),(1129,1234383443,'190.144.111.26',0,'instance',55,'modify','a:1:{i:0;s:9:\"text/edit\";}'),(1130,1234383559,'190.144.111.26',0,'instance',86,'modify','a:1:{i:0;s:9:\"text/edit\";}'),(1131,1234383629,'190.144.111.26',0,'instance',55,'modify','a:1:{i:0;s:9:\"text/edit\";}'),(1132,1234383671,'190.144.111.26',0,'instance',119,'modify','a:1:{i:0;s:9:\"text/edit\";}'),(1133,1234383720,'190.144.111.26',0,'instance',123,'create','a:0:{}'),(1134,1234383720,'190.144.111.26',0,'page',66,'instance added','a:2:{i:0;i:123;i:1;s:24:\"Texto en Bolsa de Empleo\";}'),(1135,1234383721,'190.144.111.26',0,'page',66,'reorder','a:0:{}'),(1136,1234383739,'190.144.111.26',0,'instance',123,'modify','a:1:{i:0;s:9:\"text/edit\";}'),(1137,1234383745,'190.144.111.26',0,'instance',124,'create','a:0:{}'),(1138,1234383745,'190.144.111.26',0,'page',66,'instance added','a:2:{i:0;i:124;i:1;s:24:\"Texto en Bolsa de Empleo\";}'),(1139,1234383746,'190.144.111.26',0,'page',66,'reorder','a:0:{}'),(1140,1234383769,'190.144.111.26',0,'instance',124,'modify','a:1:{i:0;s:9:\"text/edit\";}'),(1141,1234383777,'190.144.111.26',0,'instance',125,'create','a:0:{}'),(1142,1234383777,'190.144.111.26',0,'page',66,'instance added','a:2:{i:0;i:125;i:1;s:24:\"Texto en Bolsa de Empleo\";}'),(1143,1234383777,'190.144.111.26',0,'page',66,'reorder','a:0:{}'),(1144,1234383803,'190.144.111.26',0,'instance',125,'modify','a:1:{i:0;s:9:\"text/edit\";}'),(1145,1234383822,'190.144.111.26',0,'instance',126,'create','a:0:{}'),(1146,1234383822,'190.144.111.26',0,'page',62,'instance added','a:2:{i:0;i:126;i:1;s:23:\"Texto en Mapa del Sitio\";}'),(1147,1234383822,'190.144.111.26',0,'page',62,'reorder','a:0:{}'),(1148,1234383844,'190.144.111.26',0,'instance',126,'modify','a:1:{i:0;s:9:\"text/edit\";}'),(1149,1234383871,'190.144.111.26',0,'page',40,'settings','a:0:{}'),(1150,1234383876,'190.144.111.26',0,'page',40,'reorder','a:0:{}'),(1151,1234383882,'190.144.111.26',0,'instance',127,'create','a:0:{}'),(1152,1234383882,'190.144.111.26',0,'page',40,'instance added','a:2:{i:0;i:127;i:1;s:13:\"Texto en Chat\";}'),(1153,1234383883,'190.144.111.26',0,'page',40,'reorder','a:0:{}'),(1154,1234383908,'190.144.111.26',0,'instance',127,'modify','a:1:{i:0;s:9:\"text/edit\";}'),(1155,1234383932,'190.144.111.26',0,'instance',127,'modify','a:1:{i:0;s:9:\"text/edit\";}'),(1156,1234384005,'190.144.111.26',0,'instance',128,'create','a:0:{}'),(1157,1234384005,'190.144.111.26',0,'page',40,'instance added','a:2:{i:0;i:128;i:1;s:13:\"Texto en Chat\";}'),(1158,1234384006,'190.144.111.26',0,'page',40,'reorder','a:0:{}'),(1159,1234384038,'190.144.111.26',0,'instance',128,'modify','a:1:{i:0;s:9:\"text/edit\";}'),(1160,1234384054,'190.144.111.26',0,'instance',128,'modify','a:1:{i:0;s:9:\"text/edit\";}'),(1161,1234384113,'190.144.111.26',0,'instance',129,'create','a:0:{}'),(1162,1234384113,'190.144.111.26',0,'page',39,'instance added','a:2:{i:0;i:129;i:1;s:19:\"Texto en Calendario\";}'),(1163,1234384114,'190.144.111.26',0,'page',39,'reorder','a:0:{}'),(1164,1234384523,'190.144.111.26',0,'instance',129,'recycle','a:0:{}'),(1165,1234384523,'190.144.111.26',0,'page',39,'instance removed','a:2:{i:0;s:3:\"129\";i:1;s:19:\"Texto en Calendario\";}'),(1166,1234384770,'190.144.111.26',0,'instance',130,'create','a:0:{}'),(1167,1234384770,'190.144.111.26',0,'page',87,'instance added','a:2:{i:0;i:130;i:1;s:26:\"Texto en Unopymes ESTANDAR\";}'),(1168,1234384770,'190.144.111.26',0,'page',87,'reorder','a:0:{}'),(1169,1234384786,'190.144.111.26',0,'instance',130,'modify','a:1:{i:0;s:9:\"text/edit\";}'),(1170,1234384817,'190.144.111.26',0,'instance',131,'create','a:0:{}'),(1171,1234384817,'190.144.111.26',0,'page',85,'instance added','a:2:{i:0;i:131;i:1;s:21:\"Texto en Unopymes POS\";}'),(1172,1234384818,'190.144.111.26',0,'page',85,'reorder','a:0:{}'),(1173,1234384835,'190.144.111.26',0,'instance',131,'modify','a:1:{i:0;s:9:\"text/edit\";}'),(1174,1234384871,'190.144.111.26',0,'instance',132,'create','a:0:{}'),(1175,1234384871,'190.144.111.26',0,'page',83,'instance added','a:2:{i:0;i:132;i:1;s:32:\"Texto en Unopymes PLATINO NOMINA\";}'),(1176,1234384872,'190.144.111.26',0,'page',83,'reorder','a:0:{}'),(1177,1234384903,'190.144.111.26',0,'instance',132,'modify','a:1:{i:0;s:9:\"text/edit\";}'),(1178,1234384930,'190.144.111.26',0,'instance',133,'create','a:0:{}'),(1179,1234384930,'190.144.111.26',0,'page',81,'instance added','a:2:{i:0;i:133;i:1;s:32:\"Texto en Unopymes PLATINO COSTOS\";}'),(1180,1234384931,'190.144.111.26',0,'page',81,'reorder','a:0:{}'),(1181,1234384948,'190.144.111.26',0,'instance',133,'modify','a:1:{i:0;s:9:\"text/edit\";}'),(1182,1234384979,'190.144.111.26',0,'instance',134,'create','a:0:{}'),(1183,1234384979,'190.144.111.26',0,'page',79,'instance added','a:2:{i:0;i:134;i:1;s:36:\"Texto en Unopymes PLATINO NOMINA POS\";}'),(1184,1234384979,'190.144.111.26',0,'page',79,'reorder','a:0:{}'),(1185,1234385003,'190.144.111.26',0,'instance',134,'modify','a:1:{i:0;s:9:\"text/edit\";}'),(1186,1234385051,'190.144.111.26',0,'instance',135,'create','a:0:{}'),(1187,1234385051,'190.144.111.26',0,'page',77,'instance added','a:2:{i:0;i:135;i:1;s:36:\"Texto en Unopymes PLATINO COSTOS POS\";}'),(1188,1234385051,'190.144.111.26',0,'page',77,'reorder','a:0:{}'),(1189,1234385070,'190.144.111.26',0,'instance',135,'modify','a:1:{i:0;s:9:\"text/edit\";}'),(1190,1234385081,'190.144.111.26',0,'instance',136,'create','a:0:{}'),(1191,1234385081,'190.144.111.26',0,'page',77,'instance added','a:2:{i:0;i:136;i:1;s:36:\"Texto en Unopymes PLATINO COSTOS POS\";}'),(1192,1234385082,'190.144.111.26',0,'page',77,'reorder','a:0:{}'),(1193,1234385097,'190.144.111.26',0,'instance',136,'modify','a:1:{i:0;s:9:\"text/edit\";}'),(1194,1234385148,'190.144.111.26',0,'instance',137,'create','a:0:{}'),(1195,1234385148,'190.144.111.26',0,'page',75,'instance added','a:2:{i:0;i:137;i:1;s:25:\"Texto en Unopymes PREMIUM\";}'),(1196,1234385149,'190.144.111.26',0,'page',75,'reorder','a:0:{}'),(1197,1234385166,'190.144.111.26',0,'instance',137,'modify','a:1:{i:0;s:9:\"text/edit\";}'),(1198,1234385240,'190.144.111.26',0,'instance',48,'modify','a:1:{i:0;s:9:\"poll/vote\";}'),(1199,1234385272,'190.144.111.26',0,'instance',138,'create','a:0:{}'),(1200,1234385272,'190.144.111.26',0,'page',67,'instance added','a:2:{i:0;i:138;i:1;s:22:\"Texto en Quienes Somos\";}'),(1201,1234385273,'190.144.111.26',0,'page',67,'reorder','a:0:{}'),(1202,1234385293,'190.144.111.26',0,'instance',138,'modify','a:1:{i:0;s:9:\"text/edit\";}'),(1203,1234385471,'190.144.111.26',0,'instance',86,'modify','a:1:{i:0;s:9:\"text/edit\";}'),(1204,1234385503,'190.144.111.26',0,'instance',86,'modify','a:1:{i:0;s:9:\"text/edit\";}'),(1205,1234385527,'190.144.111.26',0,'instance',86,'modify','a:1:{i:0;s:9:\"text/edit\";}'),(1206,1234385684,'190.144.111.26',0,'instance',55,'modify','a:1:{i:0;s:9:\"text/edit\";}'),(1207,1234385749,'190.144.111.26',0,'instance',55,'modify','a:1:{i:0;s:9:\"text/edit\";}'),(1208,1234385792,'190.144.111.26',0,'instance',55,'modify','a:1:{i:0;s:9:\"text/edit\";}'),(1209,1234385863,'190.144.111.26',0,'instance',55,'modify','a:1:{i:0;s:9:\"text/edit\";}'),(1210,1234385913,'190.144.111.26',0,'instance',55,'modify','a:1:{i:0;s:9:\"text/edit\";}'),(1211,1234385943,'190.144.111.26',0,'instance',55,'modify','a:1:{i:0;s:9:\"text/edit\";}'),(1212,1234386063,'190.144.111.26',0,'instance',55,'modify','a:1:{i:0;s:9:\"text/edit\";}'),(1213,1234386236,'190.144.111.26',0,'instance',55,'modify','a:1:{i:0;s:9:\"text/edit\";}'),(1214,1234386968,'190.144.111.26',0,'instance',89,'modify','a:1:{i:0;s:9:\"text/edit\";}'),(1215,1234387067,'190.144.111.26',0,'instance',89,'modify','a:1:{i:0;s:9:\"text/edit\";}'),(1216,1234387089,'190.144.111.26',0,'instance',89,'modify','a:1:{i:0;s:9:\"text/edit\";}'),(1217,1234387119,'190.144.111.26',0,'instance',89,'modify','a:1:{i:0;s:9:\"text/edit\";}'),(1218,1234387138,'190.144.111.26',0,'instance',89,'modify','a:1:{i:0;s:9:\"text/edit\";}'),(1219,1234387253,'190.144.111.26',0,'instance',89,'modify','a:1:{i:0;s:9:\"text/edit\";}'),(1220,1234387294,'190.144.111.26',0,'instance',89,'modify','a:1:{i:0;s:9:\"text/edit\";}'),(1221,1234387309,'190.144.111.26',0,'instance',89,'modify','a:1:{i:0;s:9:\"text/edit\";}'),(1222,1234387439,'190.144.111.26',0,'instance',91,'modify','a:1:{i:0;s:9:\"text/edit\";}'),(1223,1234387458,'190.144.111.26',0,'instance',91,'modify','a:1:{i:0;s:9:\"text/edit\";}'),(1224,1234387468,'190.144.111.26',0,'instance',91,'modify','a:1:{i:0;s:9:\"text/edit\";}'),(1225,1234387614,'190.144.111.26',0,'instance',92,'modify','a:1:{i:0;s:9:\"text/edit\";}'),(1226,1234387669,'190.144.111.26',0,'instance',92,'modify','a:1:{i:0;s:9:\"text/edit\";}'),(1227,1234387814,'190.144.111.26',0,'instance',93,'modify','a:1:{i:0;s:9:\"text/edit\";}'),(1228,1234388001,'190.144.111.26',0,'instance',94,'modify','a:1:{i:0;s:9:\"text/edit\";}'),(1229,1234388058,'190.144.111.26',0,'instance',95,'modify','a:1:{i:0;s:9:\"text/edit\";}'),(1230,1234388182,'190.144.111.26',0,'instance',96,'modify','a:1:{i:0;s:9:\"text/edit\";}'),(1231,1234388271,'190.144.111.26',0,'instance',97,'modify','a:1:{i:0;s:9:\"text/edit\";}'),(1232,1234389447,'190.144.111.26',0,'instance',86,'modify','a:1:{i:0;s:9:\"text/edit\";}'),(1233,1234389495,'190.144.111.26',0,'instance',86,'modify','a:1:{i:0;s:9:\"text/edit\";}'),(1234,1234389545,'190.144.111.26',0,'instance',86,'modify','a:1:{i:0;s:9:\"text/edit\";}'),(1235,1234389581,'190.144.111.26',0,'instance',86,'modify','a:1:{i:0;s:9:\"text/edit\";}'),(1236,1234389633,'190.144.111.26',0,'instance',86,'modify','a:1:{i:0;s:9:\"text/edit\";}'),(1237,1234389782,'190.144.111.26',0,'instance',86,'modify','a:1:{i:0;s:9:\"text/edit\";}'),(1238,1234389853,'190.144.111.26',0,'instance',86,'modify','a:1:{i:0;s:9:\"text/edit\";}'),(1239,1234389920,'190.144.111.26',0,'instance',86,'modify','a:1:{i:0;s:9:\"text/edit\";}'),(1240,1234389979,'190.144.111.26',0,'instance',55,'modify','a:1:{i:0;s:9:\"text/edit\";}'),(1241,1234390010,'190.144.111.26',0,'instance',55,'modify','a:1:{i:0;s:9:\"text/edit\";}'),(1242,1234390251,'190.144.111.26',0,'instance',97,'modify','a:1:{i:0;s:9:\"text/edit\";}'),(1243,1234390270,'190.144.111.26',0,'instance',97,'modify','a:1:{i:0;s:9:\"text/edit\";}'),(1244,1234390344,'190.144.111.26',0,'instance',97,'modify','a:1:{i:0;s:9:\"text/edit\";}'),(1245,1234390361,'190.144.111.26',0,'instance',97,'modify','a:1:{i:0;s:9:\"text/edit\";}'),(1246,1234390371,'190.144.111.26',0,'instance',139,'create','a:0:{}'),(1247,1234390371,'190.144.111.26',0,'page',87,'instance added','a:2:{i:0;i:139;i:1;s:26:\"Texto en Unopymes ESTANDAR\";}'),(1248,1234390371,'190.144.111.26',0,'page',87,'reorder','a:0:{}'),(1249,1234390381,'190.144.111.26',0,'instance',139,'modify','a:1:{i:0;s:9:\"text/edit\";}'),(1250,1234390393,'190.144.111.26',0,'instance',139,'modify','a:1:{i:0;s:9:\"text/edit\";}'),(1251,1234390403,'190.144.111.26',0,'instance',139,'modify','a:1:{i:0;s:9:\"text/edit\";}'),(1252,1234390505,'190.144.111.26',0,'instance',139,'recycle','a:0:{}'),(1253,1234390505,'190.144.111.26',0,'page',87,'instance removed','a:2:{i:0;s:3:\"139\";i:1;s:26:\"Texto en Unopymes ESTANDAR\";}'),(1254,1234390512,'190.144.111.26',0,'instance',140,'create','a:0:{}'),(1255,1234390513,'190.144.111.26',0,'page',87,'instance added','a:2:{i:0;i:140;i:1;s:26:\"Texto en Unopymes ESTANDAR\";}'),(1256,1234390513,'190.144.111.26',0,'page',87,'reorder','a:0:{}'),(1257,1234390520,'190.144.111.26',0,'instance',140,'modify','a:1:{i:0;s:9:\"text/edit\";}'),(1258,1234390569,'190.144.111.26',0,'instance',140,'modify','a:1:{i:0;s:9:\"text/edit\";}'),(1259,1234390589,'190.144.111.26',0,'instance',97,'recycle','a:0:{}'),(1260,1234390589,'190.144.111.26',0,'page',87,'instance removed','a:2:{i:0;s:2:\"97\";i:1;s:26:\"Texto en UNOPYMES ESTANDAR\";}'),(1261,1234390621,'190.144.111.26',0,'instance',140,'modify','a:1:{i:0;s:9:\"text/edit\";}'),(1262,1234390722,'190.144.111.26',0,'instance',140,'modify','a:1:{i:0;s:9:\"text/edit\";}'),(1263,1234390782,'190.144.111.26',0,'instance',140,'modify','a:1:{i:0;s:9:\"text/edit\";}'),(1264,1234390802,'190.144.111.26',0,'instance',140,'modify','a:1:{i:0;s:9:\"text/edit\";}'),(1265,1234390869,'190.144.111.26',0,'instance',89,'modify','a:1:{i:0;s:9:\"text/edit\";}'),(1266,1234390997,'190.144.111.26',0,'instance',91,'modify','a:1:{i:0;s:9:\"text/edit\";}'),(1267,1234391047,'190.144.111.26',0,'instance',92,'modify','a:1:{i:0;s:9:\"text/edit\";}'),(1268,1234391084,'190.144.111.26',0,'instance',94,'modify','a:1:{i:0;s:9:\"text/edit\";}'),(1269,1234391114,'190.144.111.26',0,'instance',95,'modify','a:1:{i:0;s:9:\"text/edit\";}'),(1270,1234391155,'190.144.111.26',0,'instance',96,'modify','a:1:{i:0;s:9:\"text/edit\";}'),(1271,1234398141,'190.144.111.26',0,'instance',48,'modify','a:1:{i:0;s:9:\"poll/vote\";}'),(1272,1234398177,'190.144.111.26',0,'instance',48,'modify','a:1:{i:0;s:9:\"poll/edit\";}'),(1273,1234398184,'190.144.111.26',0,'instance',48,'modify','a:1:{i:0;s:9:\"poll/vote\";}'),(1274,1234399404,'190.144.111.26',-1,'instance',50,'modify','a:1:{i:0;s:7:\"contact\";}'),(1275,1234399441,'190.144.111.26',-1,'instance',82,'modify','a:1:{i:0;s:16:\"faq/add_pregunta\";}'),(1276,1234399631,'190.144.111.26',0,'instance',82,'modify','a:1:{i:0;s:16:\"faq/add_pregunta\";}'),(1277,1234399657,'190.144.111.26',0,'instance',82,'modify','a:1:{i:0;s:16:\"faq/add_pregunta\";}'),(1278,1234400185,'190.144.111.26',0,'page',64,'recycle','a:0:{}'),(1279,1234400185,'190.144.111.26',0,'site',0,'page recycled','a:2:{i:0;s:2:\"64\";i:1;s:21:\"Buzón de Sugerencias\";}'),(1280,1234400201,'190.144.111.26',0,'page',33,'rename','a:2:{i:0;s:12:\"Contáctenos\";i:1;s:21:\"Buzón de Sugerencias\";}'),(1281,1234400201,'190.144.111.26',0,'site',0,'page renamed','a:3:{i:0;s:2:\"33\";i:1;s:12:\"Contáctenos\";i:2;s:21:\"Buzón de Sugerencias\";}'),(1282,1234401229,'190.144.111.26',0,'instance',76,'settings','a:0:{}'),(1283,1234401392,'190.144.111.26',0,'page',1,'settings','a:0:{}'),(1284,1234401652,'190.144.111.26',0,'instance',141,'create','a:0:{}'),(1285,1234401652,'190.144.111.26',0,'page',62,'instance added','a:2:{i:0;i:141;i:1;s:32:\"Mapa del sitio en Mapa del Sitio\";}'),(1286,1234401652,'190.144.111.26',0,'page',62,'reorder','a:0:{}'),(1287,1234401733,'190.144.111.26',0,'instance',76,'settings','a:0:{}'),(1288,1234402375,'190.144.111.26',0,'page',33,'parameters','a:0:{}'),(1289,1234402718,'190.144.111.26',0,'instance',49,'modify','a:1:{i:0;s:9:\"text/edit\";}'),(1290,1234403067,'190.144.111.26',0,'instance',89,'modify','a:1:{i:0;s:9:\"text/edit\";}'),(1291,1234403106,'190.144.111.26',0,'instance',89,'modify','a:1:{i:0;s:9:\"text/edit\";}'),(1292,1234403166,'190.144.111.26',0,'instance',89,'modify','a:1:{i:0;s:9:\"text/edit\";}'),(1293,1234403178,'190.144.111.26',0,'instance',89,'modify','a:1:{i:0;s:9:\"text/edit\";}'),(1294,1234403247,'190.144.111.26',-1,'instance',48,'modify','a:1:{i:0;s:9:\"poll/vote\";}'),(1295,1234403253,'190.144.111.26',-1,'instance',48,'modify','a:1:{i:0;s:9:\"poll/vote\";}'),(1296,1234403261,'190.144.111.26',-1,'instance',48,'modify','a:1:{i:0;s:9:\"poll/vote\";}'),(1297,1234403267,'190.144.111.26',-1,'instance',48,'modify','a:1:{i:0;s:9:\"poll/vote\";}'),(1298,1234403273,'190.144.111.26',-1,'instance',48,'modify','a:1:{i:0;s:9:\"poll/vote\";}'),(1299,1234403371,'190.144.111.26',0,'instance',89,'modify','a:1:{i:0;s:9:\"text/edit\";}'),(1300,1234403850,'190.144.111.26',0,'instance',91,'modify','a:1:{i:0;s:9:\"text/edit\";}'),(1301,1234403882,'190.144.111.26',0,'instance',89,'modify','a:1:{i:0;s:9:\"text/edit\";}'),(1302,1234404230,'190.144.111.26',0,'instance',92,'modify','a:1:{i:0;s:9:\"text/edit\";}'),(1303,1234404325,'190.144.111.26',0,'instance',93,'modify','a:1:{i:0;s:9:\"text/edit\";}'),(1304,1234404611,'190.144.111.26',0,'page',73,'parameters','a:0:{}'),(1305,1234404630,'190.144.111.26',0,'page',75,'parameters','a:0:{}'),(1306,1234404651,'190.144.111.26',0,'page',77,'parameters','a:0:{}'),(1307,1234404677,'190.144.111.26',0,'page',79,'parameters','a:0:{}'),(1308,1234404730,'190.144.111.26',0,'page',81,'parameters','a:0:{}'),(1309,1234404752,'190.144.111.26',0,'page',83,'parameters','a:0:{}'),(1310,1234404777,'190.144.111.26',0,'page',85,'parameters','a:0:{}'),(1311,1234404781,'190.144.111.26',0,'instance',92,'modify','a:1:{i:0;s:9:\"text/edit\";}'),(1312,1234404796,'190.144.111.26',0,'page',87,'parameters','a:0:{}'),(1313,1234405139,'190.144.111.26',0,'instance',94,'modify','a:1:{i:0;s:9:\"text/edit\";}'),(1314,1234405162,'190.144.111.26',0,'instance',94,'modify','a:1:{i:0;s:9:\"text/edit\";}'),(1315,1234405165,'190.144.111.26',0,'instance',89,'modify','a:1:{i:0;s:9:\"text/edit\";}'),(1316,1234405249,'190.144.111.26',0,'instance',95,'modify','a:1:{i:0;s:9:\"text/edit\";}'),(1317,1234405507,'190.144.111.26',0,'instance',91,'modify','a:1:{i:0;s:9:\"text/edit\";}'),(1318,1234405533,'190.144.111.26',0,'instance',89,'modify','a:1:{i:0;s:9:\"text/edit\";}'),(1319,1234405596,'190.144.111.26',0,'instance',110,'modify','a:1:{i:0;s:9:\"text/edit\";}'),(1320,1234405635,'190.144.111.26',0,'instance',91,'modify','a:1:{i:0;s:9:\"text/edit\";}'),(1321,1234405648,'190.144.111.26',0,'instance',91,'modify','a:1:{i:0;s:9:\"text/edit\";}'),(1322,1234405657,'190.144.111.26',0,'instance',91,'modify','a:1:{i:0;s:9:\"text/edit\";}'),(1323,1234405658,'190.144.111.26',0,'page',133,'create','a:0:{}'),(1324,1234405658,'190.144.111.26',0,'site',0,'page created','a:2:{i:0;i:133;i:1;s:18:\"Calendario Eventos\";}'),(1325,1234405667,'190.144.111.26',0,'page',133,'settings','a:0:{}'),(1326,1234405669,'190.144.111.26',0,'instance',91,'modify','a:1:{i:0;s:9:\"text/edit\";}'),(1327,1234405694,'190.144.111.26',0,'page',133,'recycle','a:0:{}'),(1328,1234405694,'190.144.111.26',0,'site',0,'page recycled','a:2:{i:0;s:3:\"133\";i:1;s:18:\"Calendario Eventos\";}'),(1329,1234405825,'190.144.111.26',0,'instance',89,'modify','a:1:{i:0;s:9:\"text/edit\";}'),(1330,1234405838,'190.144.111.26',0,'instance',89,'modify','a:1:{i:0;s:9:\"text/edit\";}'),(1331,1234405951,'190.144.111.26',0,'instance',86,'modify','a:1:{i:0;s:9:\"text/edit\";}'),(1332,1234405975,'190.144.111.26',0,'instance',142,'create','a:0:{}'),(1333,1234405975,'190.144.111.26',0,'page',67,'instance added','a:2:{i:0;i:142;i:1;s:22:\"Texto en Quienes Somos\";}'),(1334,1234405975,'190.144.111.26',0,'page',67,'reorder','a:0:{}'),(1335,1234405988,'190.144.111.26',0,'instance',142,'modify','a:1:{i:0;s:9:\"text/edit\";}'),(1336,1234406035,'190.144.111.26',0,'instance',89,'modify','a:1:{i:0;s:9:\"text/edit\";}'),(1337,1234406057,'190.144.111.26',0,'page',67,'parameters','a:0:{}'),(1338,1234406078,'190.144.111.26',0,'instance',142,'modify','a:1:{i:0;s:9:\"text/edit\";}'),(1339,1234406079,'190.144.111.26',0,'instance',92,'modify','a:1:{i:0;s:9:\"text/edit\";}'),(1340,1234406183,'190.144.111.26',0,'instance',89,'modify','a:1:{i:0;s:9:\"text/edit\";}'),(1341,1234406208,'190.144.111.26',0,'instance',89,'modify','a:1:{i:0;s:9:\"text/edit\";}'),(1342,1234406352,'190.144.111.26',0,'instance',93,'modify','a:1:{i:0;s:9:\"text/edit\";}'),(1343,1234406430,'190.144.111.26',0,'instance',49,'modify','a:1:{i:0;s:9:\"text/edit\";}'),(1344,1234406452,'190.144.111.26',0,'instance',92,'modify','a:1:{i:0;s:9:\"text/edit\";}'),(1345,1234406597,'190.144.111.26',0,'instance',89,'modify','a:1:{i:0;s:9:\"text/edit\";}'),(1346,1234406614,'190.144.111.26',0,'instance',94,'modify','a:1:{i:0;s:9:\"text/edit\";}'),(1347,1234406669,'190.144.111.26',0,'instance',52,'modify','a:1:{i:0;s:13:\"noticias/edit\";}'),(1348,1234406690,'190.144.111.26',0,'instance',95,'modify','a:1:{i:0;s:9:\"text/edit\";}'),(1349,1234406742,'190.144.111.26',0,'instance',52,'modify','a:1:{i:0;s:22:\"noticias/nueva_noticia\";}'),(1350,1234406793,'190.144.111.26',0,'instance',52,'modify','a:1:{i:0;s:13:\"noticias/edit\";}'),(1351,1234406877,'190.144.111.26',0,'instance',52,'modify','a:1:{i:0;s:13:\"noticias/edit\";}'),(1352,1234406920,'190.144.111.26',0,'instance',52,'modify','a:1:{i:0;s:13:\"noticias/edit\";}'),(1353,1234406951,'190.144.111.26',0,'instance',89,'modify','a:1:{i:0;s:9:\"text/edit\";}'),(1354,1234406979,'190.144.111.26',0,'instance',89,'modify','a:1:{i:0;s:9:\"text/edit\";}'),(1355,1234407087,'190.144.111.26',0,'instance',96,'modify','a:1:{i:0;s:9:\"text/edit\";}'),(1356,1234407171,'190.144.111.26',0,'instance',140,'modify','a:1:{i:0;s:9:\"text/edit\";}'),(1357,1234407444,'190.144.111.26',0,'instance',89,'modify','a:1:{i:0;s:9:\"text/edit\";}'),(1358,1234408698,'190.144.111.26',0,'instance',142,'modify','a:1:{i:0;s:9:\"text/edit\";}'),(1359,1234408777,'190.144.111.26',0,'instance',142,'modify','a:1:{i:0;s:9:\"text/edit\";}'),(1360,1234408841,'190.144.111.26',0,'instance',105,'modify','a:1:{i:0;s:9:\"text/edit\";}'),(1361,1234409533,'190.144.111.26',0,'instance',96,'modify','a:1:{i:0;s:9:\"text/edit\";}'),(1362,1234409809,'190.144.111.26',0,'instance',140,'modify','a:1:{i:0;s:9:\"text/edit\";}'),(1363,1234464350,'190.144.111.26',-1,'instance',48,'modify','a:1:{i:0;s:9:\"poll/vote\";}'),(1364,1234465064,'190.144.111.26',0,'instance',142,'modify','a:1:{i:0;s:9:\"text/edit\";}'),(1365,1234465080,'190.144.111.26',0,'instance',142,'modify','a:1:{i:0;s:9:\"text/edit\";}'),(1366,1234465218,'190.144.111.26',0,'instance',142,'modify','a:1:{i:0;s:9:\"text/edit\";}'),(1367,1234465301,'190.144.111.26',0,'instance',86,'modify','a:1:{i:0;s:9:\"text/edit\";}'),(1368,1234465312,'190.144.111.26',0,'instance',86,'modify','a:1:{i:0;s:9:\"text/edit\";}'),(1369,1234465529,'190.144.111.26',0,'instance',91,'modify','a:1:{i:0;s:9:\"text/edit\";}'),(1370,1234465586,'190.144.111.26',0,'instance',92,'modify','a:1:{i:0;s:9:\"text/edit\";}'),(1371,1234465649,'190.144.111.26',0,'instance',92,'modify','a:1:{i:0;s:9:\"text/edit\";}'),(1372,1234465666,'190.144.111.26',0,'instance',92,'modify','a:1:{i:0;s:9:\"text/edit\";}'),(1373,1234465678,'190.144.111.26',0,'instance',92,'modify','a:1:{i:0;s:9:\"text/edit\";}'),(1374,1234465798,'190.144.111.26',0,'instance',94,'modify','a:1:{i:0;s:9:\"text/edit\";}'),(1375,1234465829,'190.144.111.26',0,'instance',94,'modify','a:1:{i:0;s:9:\"text/edit\";}'),(1376,1234465843,'190.144.111.26',0,'instance',94,'modify','a:1:{i:0;s:9:\"text/edit\";}'),(1377,1234465898,'190.144.111.26',0,'instance',95,'modify','a:1:{i:0;s:9:\"text/edit\";}'),(1378,1234465911,'190.144.111.26',0,'instance',95,'modify','a:1:{i:0;s:9:\"text/edit\";}'),(1379,1234466018,'190.144.111.26',0,'instance',89,'modify','a:1:{i:0;s:9:\"text/edit\";}'),(1380,1234466072,'190.144.111.26',0,'instance',89,'modify','a:1:{i:0;s:9:\"text/edit\";}'),(1381,1234466157,'190.144.111.26',0,'instance',91,'modify','a:1:{i:0;s:9:\"text/edit\";}'),(1382,1234466168,'190.144.111.26',0,'instance',91,'modify','a:1:{i:0;s:9:\"text/edit\";}'),(1383,1234466208,'190.144.111.26',0,'instance',91,'modify','a:1:{i:0;s:9:\"text/edit\";}'),(1384,1234466224,'190.144.111.26',0,'instance',91,'modify','a:1:{i:0;s:9:\"text/edit\";}'),(1385,1234466237,'190.144.111.26',0,'instance',91,'modify','a:1:{i:0;s:9:\"text/edit\";}'),(1386,1234466298,'190.144.111.26',0,'instance',92,'modify','a:1:{i:0;s:9:\"text/edit\";}'),(1387,1234466342,'190.144.111.26',0,'instance',93,'modify','a:1:{i:0;s:9:\"text/edit\";}'),(1388,1234466368,'190.144.111.26',0,'instance',93,'modify','a:1:{i:0;s:9:\"text/edit\";}'),(1389,1234466392,'190.144.111.26',0,'instance',92,'modify','a:1:{i:0;s:9:\"text/edit\";}'),(1390,1234466402,'190.144.111.26',0,'instance',92,'modify','a:1:{i:0;s:9:\"text/edit\";}'),(1391,1234466412,'190.144.111.26',0,'instance',92,'modify','a:1:{i:0;s:9:\"text/edit\";}'),(1392,1234466500,'190.144.111.26',0,'instance',94,'modify','a:1:{i:0;s:9:\"text/edit\";}'),(1393,1234466511,'190.144.111.26',0,'instance',94,'modify','a:1:{i:0;s:9:\"text/edit\";}'),(1394,1234466531,'190.144.111.26',0,'instance',143,'create','a:0:{}'),(1395,1234466531,'190.144.111.26',0,'page',67,'instance added','a:2:{i:0;i:143;i:1;s:38:\"Librería de archivos en Quienes Somos\";}'),(1396,1234466531,'190.144.111.26',0,'page',67,'reorder','a:0:{}'),(1397,1234466557,'190.144.111.26',0,'instance',143,'modify','a:1:{i:0;s:15:\"resource/upload\";}'),(1398,1234466561,'190.144.111.26',0,'instance',95,'modify','a:1:{i:0;s:9:\"text/edit\";}'),(1399,1234466571,'190.144.111.26',0,'instance',95,'modify','a:1:{i:0;s:9:\"text/edit\";}'),(1400,1234466572,'190.144.111.26',0,'instance',144,'create','a:0:{}'),(1401,1234466572,'190.144.111.26',0,'page',67,'instance added','a:2:{i:0;i:144;i:1;s:22:\"Texto en Quienes Somos\";}'),(1402,1234466573,'190.144.111.26',0,'page',67,'reorder','a:0:{}'),(1403,1234466581,'190.144.111.26',0,'instance',95,'modify','a:1:{i:0;s:9:\"text/edit\";}'),(1404,1234466592,'190.144.111.26',0,'instance',95,'modify','a:1:{i:0;s:9:\"text/edit\";}'),(1405,1234466617,'190.144.111.26',0,'instance',144,'modify','a:1:{i:0;s:9:\"text/edit\";}'),(1406,1234466649,'190.144.111.26',0,'instance',96,'modify','a:1:{i:0;s:9:\"text/edit\";}'),(1407,1234466659,'190.144.111.26',0,'instance',144,'modify','a:1:{i:0;s:9:\"text/edit\";}'),(1408,1234466701,'190.144.111.26',0,'instance',140,'modify','a:1:{i:0;s:9:\"text/edit\";}'),(1409,1234466709,'190.144.111.26',0,'instance',140,'modify','a:1:{i:0;s:9:\"text/edit\";}'),(1410,1234467276,'190.144.111.26',0,'instance',142,'modify','a:1:{i:0;s:9:\"text/edit\";}'),(1411,1234467353,'190.144.111.26',0,'instance',89,'modify','a:1:{i:0;s:9:\"text/edit\";}'),(1412,1234467427,'190.144.111.26',0,'instance',89,'modify','a:1:{i:0;s:9:\"text/edit\";}'),(1413,1234467558,'190.144.111.26',0,'instance',89,'modify','a:1:{i:0;s:9:\"text/edit\";}'),(1414,1234467658,'190.144.111.26',0,'instance',89,'modify','a:1:{i:0;s:9:\"text/edit\";}'),(1415,1234467749,'190.144.111.26',0,'instance',91,'modify','a:1:{i:0;s:9:\"text/edit\";}'),(1416,1234467766,'190.144.111.26',0,'instance',89,'modify','a:1:{i:0;s:9:\"text/edit\";}'),(1417,1234467786,'190.144.111.26',0,'instance',92,'modify','a:1:{i:0;s:9:\"text/edit\";}'),(1418,1234467802,'190.144.111.26',0,'instance',93,'modify','a:1:{i:0;s:9:\"text/edit\";}'),(1419,1234467821,'190.144.111.26',0,'instance',94,'modify','a:1:{i:0;s:9:\"text/edit\";}'),(1420,1234467837,'190.144.111.26',0,'instance',95,'modify','a:1:{i:0;s:9:\"text/edit\";}'),(1421,1234467851,'190.144.111.26',0,'instance',96,'modify','a:1:{i:0;s:9:\"text/edit\";}'),(1422,1234467865,'190.144.111.26',0,'instance',140,'modify','a:1:{i:0;s:9:\"text/edit\";}'),(1423,1234468607,'190.144.111.26',0,'instance',118,'modify','a:1:{i:0;s:9:\"text/edit\";}'),(1424,1234468762,'190.144.111.26',0,'instance',118,'modify','a:1:{i:0;s:9:\"text/edit\";}'),(1425,1234468904,'190.144.111.26',0,'instance',58,'modify','a:1:{i:0;s:9:\"text/edit\";}'),(1426,1234468969,'190.144.111.26',0,'instance',56,'modify','a:1:{i:0;s:9:\"text/edit\";}'),(1427,1234469248,'190.144.111.26',0,'instance',89,'modify','a:1:{i:0;s:9:\"text/edit\";}'),(1428,1234469327,'190.144.111.26',0,'page',139,'create','a:0:{}'),(1429,1234469327,'190.144.111.26',0,'site',0,'page created','a:2:{i:0;i:139;i:1;s:14:\"Licenciamiento\";}'),(1430,1234469371,'190.144.111.26',0,'page',34,'rename','a:2:{i:0;s:20:\"PrEguntas Frecuentes\";i:1;s:20:\"Preguntas Frecuentes\";}'),(1431,1234469371,'190.144.111.26',0,'site',0,'page renamed','a:3:{i:0;s:2:\"34\";i:1;s:20:\"PrEguntas Frecuentes\";i:2;s:20:\"Preguntas Frecuentes\";}'),(1432,1234469380,'190.144.111.26',0,'instance',49,'modify','a:1:{i:0;s:9:\"text/edit\";}'),(1433,1234470845,'190.144.111.26',0,'instance',118,'modify','a:1:{i:0;s:9:\"text/edit\";}'),(1434,1234470891,'190.144.111.26',0,'instance',145,'create','a:0:{}'),(1435,1234470891,'190.144.111.26',0,'page',40,'instance added','a:2:{i:0;i:145;i:1;s:19:\"Module:chat en Chat\";}'),(1436,1234470892,'190.144.111.26',0,'page',40,'reorder','a:0:{}'),(1437,1234471029,'190.144.111.26',0,'instance',138,'modify','a:1:{i:0;s:9:\"text/edit\";}'),(1438,1234471069,'190.144.111.26',0,'instance',137,'modify','a:1:{i:0;s:9:\"text/edit\";}'),(1439,1234471098,'190.144.111.26',0,'instance',107,'modify','a:1:{i:0;s:9:\"text/edit\";}'),(1440,1234471167,'190.144.111.26',0,'instance',132,'modify','a:1:{i:0;s:9:\"text/edit\";}'),(1441,1234471197,'190.144.111.26',0,'instance',111,'modify','a:1:{i:0;s:9:\"text/edit\";}'),(1442,1234472442,'190.144.111.26',0,'instance',146,'create','a:0:{}'),(1443,1234472442,'190.144.111.26',0,'page',67,'instance added','a:2:{i:0;i:146;i:1;s:22:\"Texto en Quienes Somos\";}'),(1444,1234472443,'190.144.111.26',0,'page',67,'reorder','a:0:{}'),(1445,1234472475,'190.144.111.26',0,'instance',146,'modify','a:1:{i:0;s:9:\"text/edit\";}'),(1446,1234473964,'190.144.111.26',0,'instance',146,'modify','a:1:{i:0;s:9:\"text/edit\";}'),(1447,1234475183,'190.144.111.26',0,'instance',146,'modify','a:1:{i:0;s:9:\"text/edit\";}'),(1448,1234475392,'190.144.111.26',0,'instance',146,'modify','a:1:{i:0;s:9:\"text/edit\";}'),(1449,1234475586,'190.144.111.26',0,'instance',146,'modify','a:1:{i:0;s:9:\"text/edit\";}'),(1450,1234484414,'190.144.111.26',0,'instance',146,'recycle','a:0:{}'),(1451,1234484414,'190.144.111.26',0,'page',67,'instance removed','a:2:{i:0;s:3:\"146\";i:1;s:22:\"Texto en Quienes Somos\";}'),(1452,1234486210,'190.144.111.26',0,'instance',147,'create','a:0:{}'),(1453,1234486210,'190.144.111.26',0,'page',139,'instance added','a:2:{i:0;i:147;i:1;s:23:\"Texto en Licenciamiento\";}'),(1454,1234486210,'190.144.111.26',0,'page',139,'reorder','a:0:{}'),(1455,1234486235,'190.144.111.26',0,'instance',147,'modify','a:1:{i:0;s:9:\"text/edit\";}'),(1456,1234486252,'190.144.111.26',0,'instance',148,'create','a:0:{}'),(1457,1234486252,'190.144.111.26',0,'page',139,'instance added','a:2:{i:0;i:148;i:1;s:23:\"Texto en Licenciamiento\";}'),(1458,1234486252,'190.144.111.26',0,'page',139,'reorder','a:0:{}'),(1459,1234486261,'190.144.111.26',0,'page',139,'settings','a:0:{}'),(1460,1234486266,'190.144.111.26',0,'page',139,'reorder','a:0:{}'),(1461,1234486287,'190.144.111.26',0,'instance',148,'modify','a:1:{i:0;s:9:\"text/edit\";}'),(1462,1234486295,'190.144.111.26',0,'instance',149,'create','a:0:{}'),(1463,1234486295,'190.144.111.26',0,'page',139,'instance added','a:2:{i:0;i:149;i:1;s:23:\"Texto en Licenciamiento\";}'),(1464,1234486295,'190.144.111.26',0,'page',139,'reorder','a:0:{}'),(1465,1234486315,'190.144.111.26',0,'instance',149,'modify','a:1:{i:0;s:9:\"text/edit\";}'),(1466,1234486619,'190.144.111.26',0,'instance',140,'modify','a:1:{i:0;s:9:\"text/edit\";}'),(1467,1234486692,'190.144.111.26',0,'instance',140,'modify','a:1:{i:0;s:9:\"text/edit\";}'),(1468,1234486780,'190.144.111.26',0,'instance',140,'modify','a:1:{i:0;s:9:\"text/edit\";}'),(1469,1234486804,'190.144.111.26',0,'instance',140,'modify','a:1:{i:0;s:9:\"text/edit\";}'),(1470,1234486905,'190.144.111.26',0,'instance',140,'modify','a:1:{i:0;s:9:\"text/edit\";}'),(1471,1234486945,'190.144.111.26',0,'instance',140,'modify','a:1:{i:0;s:9:\"text/edit\";}'),(1472,1234486987,'190.144.111.26',0,'instance',140,'modify','a:1:{i:0;s:9:\"text/edit\";}'),(1473,1234486997,'190.144.111.26',0,'instance',140,'modify','a:1:{i:0;s:9:\"text/edit\";}'),(1474,1234487037,'190.144.111.26',0,'instance',140,'modify','a:1:{i:0;s:9:\"text/edit\";}'),(1475,1234487085,'190.144.111.26',0,'instance',140,'modify','a:1:{i:0;s:9:\"text/edit\";}'),(1476,1234487094,'190.144.111.26',0,'instance',140,'modify','a:1:{i:0;s:9:\"text/edit\";}'),(1477,1234487325,'190.144.111.26',0,'instance',96,'modify','a:1:{i:0;s:9:\"text/edit\";}'),(1478,1234487452,'190.144.111.26',0,'instance',96,'modify','a:1:{i:0;s:9:\"text/edit\";}'),(1479,1234487629,'190.144.111.26',0,'instance',96,'modify','a:1:{i:0;s:9:\"text/edit\";}'),(1480,1234487648,'190.144.111.26',0,'instance',96,'modify','a:1:{i:0;s:9:\"text/edit\";}'),(1481,1234487681,'190.144.111.26',0,'instance',96,'modify','a:1:{i:0;s:9:\"text/edit\";}'),(1482,1234488359,'190.144.111.26',0,'instance',95,'modify','a:1:{i:0;s:9:\"text/edit\";}'),(1483,1234490589,'190.144.111.26',0,'instance',95,'modify','a:1:{i:0;s:9:\"text/edit\";}'),(1484,1234491409,'190.144.111.26',0,'instance',95,'modify','a:1:{i:0;s:9:\"text/edit\";}'),(1485,1234491436,'190.144.111.26',0,'instance',95,'modify','a:1:{i:0;s:9:\"text/edit\";}'),(1486,1234491476,'190.144.111.26',0,'instance',140,'modify','a:1:{i:0;s:9:\"text/edit\";}'),(1487,1234491489,'190.144.111.26',0,'instance',140,'modify','a:1:{i:0;s:9:\"text/edit\";}'),(1488,1234491898,'190.144.111.26',0,'instance',94,'modify','a:1:{i:0;s:9:\"text/edit\";}'),(1489,1234491919,'190.144.111.26',0,'instance',94,'modify','a:1:{i:0;s:9:\"text/edit\";}'),(1490,1234491970,'190.144.111.26',0,'instance',94,'modify','a:1:{i:0;s:9:\"text/edit\";}'),(1491,1234492450,'190.144.111.26',0,'instance',93,'modify','a:1:{i:0;s:9:\"text/edit\";}'),(1492,1234492543,'190.144.111.26',0,'instance',140,'modify','a:1:{i:0;s:9:\"text/edit\";}'),(1493,1234492572,'190.144.111.26',0,'instance',140,'modify','a:1:{i:0;s:9:\"text/edit\";}'),(1494,1234493157,'190.144.111.26',0,'instance',89,'modify','a:1:{i:0;s:9:\"text/edit\";}'),(1495,1234493192,'190.144.111.26',0,'instance',89,'modify','a:1:{i:0;s:9:\"text/edit\";}'),(1496,1234494636,'190.144.111.26',0,'instance',91,'modify','a:1:{i:0;s:9:\"text/edit\";}'),(1497,1234494939,'190.144.111.26',0,'instance',91,'modify','a:1:{i:0;s:9:\"text/edit\";}'),(1498,1234495264,'190.144.111.26',0,'instance',92,'modify','a:1:{i:0;s:9:\"text/edit\";}'),(1499,1234495326,'190.144.111.26',0,'instance',92,'modify','a:1:{i:0;s:9:\"text/edit\";}'),(1500,1234495442,'190.144.111.26',0,'instance',89,'modify','a:1:{i:0;s:9:\"text/edit\";}'),(1501,1234495471,'190.144.111.26',0,'instance',89,'modify','a:1:{i:0;s:9:\"text/edit\";}'),(1502,1234495517,'190.144.111.26',0,'instance',89,'modify','a:1:{i:0;s:9:\"text/edit\";}'),(1503,1234495539,'190.144.111.26',0,'instance',89,'modify','a:1:{i:0;s:9:\"text/edit\";}'),(1504,1234495557,'190.144.111.26',0,'instance',89,'modify','a:1:{i:0;s:9:\"text/edit\";}'),(1505,1234495599,'190.144.111.26',0,'instance',91,'modify','a:1:{i:0;s:9:\"text/edit\";}'),(1506,1234495616,'190.144.111.26',0,'instance',91,'modify','a:1:{i:0;s:9:\"text/edit\";}'),(1507,1234495646,'190.144.111.26',0,'instance',92,'modify','a:1:{i:0;s:9:\"text/edit\";}'),(1508,1234495667,'190.144.111.26',0,'instance',92,'modify','a:1:{i:0;s:9:\"text/edit\";}'),(1509,1234495725,'190.144.111.26',0,'instance',93,'modify','a:1:{i:0;s:9:\"text/edit\";}'),(1510,1234495788,'190.144.111.26',0,'instance',95,'modify','a:1:{i:0;s:9:\"text/edit\";}'),(1511,1234495802,'190.144.111.26',0,'instance',95,'modify','a:1:{i:0;s:9:\"text/edit\";}'),(1512,1234495848,'190.144.111.26',0,'instance',96,'modify','a:1:{i:0;s:9:\"text/edit\";}'),(1513,1234495875,'190.144.111.26',0,'instance',140,'modify','a:1:{i:0;s:9:\"text/edit\";}'),(1514,1234495941,'190.144.111.26',0,'instance',142,'modify','a:1:{i:0;s:9:\"text/edit\";}'),(1515,1234495981,'190.144.111.26',0,'instance',142,'modify','a:1:{i:0;s:9:\"text/edit\";}'),(1516,1234495992,'190.144.111.26',0,'instance',142,'modify','a:1:{i:0;s:9:\"text/edit\";}'),(1517,1234496098,'190.144.111.26',0,'instance',91,'modify','a:1:{i:0;s:9:\"text/edit\";}'),(1518,1234496182,'190.144.111.26',0,'instance',93,'modify','a:1:{i:0;s:9:\"text/edit\";}'),(1519,1234496253,'190.144.111.26',0,'instance',95,'modify','a:1:{i:0;s:9:\"text/edit\";}'),(1520,1234498381,'190.144.111.26',0,'page',144,'create','a:0:{}'),(1521,1234498381,'190.144.111.26',0,'site',0,'page created','a:2:{i:0;i:144;i:1;s:14:\"prueba de chat\";}'),(1522,1234498398,'190.144.111.26',0,'instance',150,'create','a:0:{}'),(1523,1234498398,'190.144.111.26',0,'page',144,'instance added','a:2:{i:0;i:150;i:1;s:35:\"Chat para soporte en prueba de chat\";}'),(1524,1234498398,'190.144.111.26',0,'page',144,'reorder','a:0:{}'),(1525,1234498515,'190.144.111.26',0,'page',144,'recycle','a:0:{}'),(1526,1234498515,'190.144.111.26',0,'site',0,'page recycled','a:2:{i:0;s:3:\"144\";i:1;s:14:\"prueba de chat\";}'),(1527,1234498717,'190.144.111.26',0,'instance',50,'settings','a:0:{}'),(1528,1234498773,'190.144.111.26',0,'instance',50,'modify','a:1:{i:0;s:7:\"contact\";}'),(1529,1234499082,'190.144.111.26',0,'instance',50,'settings','a:0:{}'),(1530,1234499097,'190.144.111.26',0,'instance',50,'modify','a:1:{i:0;s:7:\"contact\";}'),(1531,1234499170,'190.144.111.26',0,'instance',50,'settings','a:0:{}'),(1532,1234499175,'190.144.111.26',0,'instance',50,'modify','a:1:{i:0;s:7:\"contact\";}'),(1533,1234499179,'190.144.111.26',0,'instance',50,'modify','a:1:{i:0;s:7:\"contact\";}'),(1534,1234499186,'190.144.111.26',0,'instance',50,'modify','a:1:{i:0;s:7:\"contact\";}'),(1535,1234499435,'190.144.111.26',0,'instance',50,'modify','a:1:{i:0;s:7:\"contact\";}'),(1536,1234499561,'190.144.111.26',0,'instance',50,'modify','a:1:{i:0;s:7:\"contact\";}'),(1537,1234499579,'190.144.111.26',0,'instance',50,'modify','a:1:{i:0;s:7:\"contact\";}'),(1538,1234500083,'190.144.111.26',-1,'instance',48,'modify','a:1:{i:0;s:9:\"poll/vote\";}'),(1539,1234501532,'190.144.111.26',0,'instance',50,'modify','a:1:{i:0;s:7:\"contact\";}'),(1540,1234501540,'190.144.111.26',0,'instance',50,'modify','a:1:{i:0;s:7:\"contact\";}'),(1541,1234501830,'190.144.111.26',0,'instance',50,'settings','a:0:{}'),(1542,1234550681,'190.144.111.26',-1,'instance',48,'modify','a:1:{i:0;s:9:\"poll/vote\";}'),(1543,1234552423,'190.144.111.26',0,'instance',119,'modify','a:1:{i:0;s:9:\"text/edit\";}'),(1544,1234552555,'190.144.111.26',0,'instance',151,'create','a:0:{}'),(1545,1234552555,'190.144.111.26',0,'page',63,'instance added','a:2:{i:0;i:151;i:1;s:26:\"Contacto en Distribuidores\";}'),(1546,1234552555,'190.144.111.26',0,'page',63,'reorder','a:0:{}'),(1547,1234552812,'190.144.111.26',0,'instance',152,'create','a:0:{}'),(1548,1234552812,'190.144.111.26',0,'page',65,'instance added','a:2:{i:0;i:152;i:1;s:23:\"Texto en Dónde Estamos\";}'),(1549,1234552812,'190.144.111.26',0,'page',65,'reorder','a:0:{}'),(1550,1234552904,'190.144.111.26',0,'instance',152,'modify','a:1:{i:0;s:9:\"text/edit\";}'),(1551,1234553031,'190.144.111.26',0,'instance',82,'modify','a:1:{i:0;s:16:\"faq/add_pregunta\";}'),(1552,1234553050,'190.144.111.26',0,'instance',83,'modify','a:1:{i:0;s:17:\"faq/category/edit\";}'),(1553,1234553372,'190.144.111.26',0,'instance',83,'modify','a:1:{i:0;s:17:\"faq/category/edit\";}'),(1554,1234553497,'190.144.111.26',0,'instance',52,'modify','a:1:{i:0;s:13:\"noticias/edit\";}'),(1555,1234553824,'190.144.111.26',0,'instance',83,'modify','a:1:{i:0;s:17:\"faq/category/edit\";}'),(1556,1234553844,'190.144.111.26',0,'instance',82,'modify','a:1:{i:0;s:16:\"faq/add_pregunta\";}'),(1557,1234554247,'190.144.111.26',0,'instance',153,'create','a:0:{}'),(1558,1234554247,'190.144.111.26',0,'page',67,'instance added','a:2:{i:0;i:153;i:1;s:37:\"Navegación Avanzada en Quienes Somos\";}'),(1559,1234554247,'190.144.111.26',0,'page',67,'reorder','a:0:{}'),(1560,1234554253,'190.144.111.26',0,'instance',153,'recycle','a:0:{}'),(1561,1234554253,'190.144.111.26',0,'page',67,'instance removed','a:2:{i:0;s:3:\"153\";i:1;s:37:\"Navegación Avanzada en Quienes Somos\";}'),(1562,1234554262,'190.144.111.26',0,'instance',154,'create','a:0:{}'),(1563,1234554262,'190.144.111.26',0,'page',67,'instance added','a:2:{i:0;i:154;i:1;s:37:\"Navegación Avanzada en Quienes Somos\";}'),(1564,1234554262,'190.144.111.26',0,'page',67,'reorder','a:0:{}'),(1565,1234554271,'190.144.111.26',0,'instance',154,'settings','a:0:{}'),(1566,1234554279,'190.144.111.26',0,'site',0,'reorder','a:0:{}'),(1567,1234554294,'190.144.111.26',0,'instance',155,'create','a:0:{}'),(1568,1234554294,'190.144.111.26',0,'page',68,'instance added','a:2:{i:0;i:155;i:1;s:31:\"Navegación Avanzada en Misión\";}'),(1569,1234554294,'190.144.111.26',0,'page',68,'reorder','a:0:{}'),(1570,1234554301,'190.144.111.26',0,'instance',155,'settings','a:0:{}'),(1571,1234554314,'190.144.111.26',0,'page',69,'reorder','a:0:{}'),(1572,1234554318,'190.144.111.26',0,'instance',155,'settings','a:0:{}'),(1573,1234554336,'190.144.111.26',0,'instance',155,'settings','a:0:{}'),(1574,1234554355,'190.144.111.26',0,'instance',156,'create','a:0:{}'),(1575,1234554355,'190.144.111.26',0,'page',73,'instance added','a:2:{i:0;i:156;i:1;s:44:\"Navegación Avanzada en Unopymes PREMIUM POS\";}'),(1576,1234554356,'190.144.111.26',0,'page',73,'reorder','a:0:{}'),(1577,1234554365,'190.144.111.26',0,'instance',156,'settings','a:0:{}'),(1578,1234554639,'190.144.111.26',0,'instance',157,'create','a:0:{}'),(1579,1234554639,'190.144.111.26',0,'page',33,'instance added','a:2:{i:0;i:157;i:1;s:30:\"Texto en Buzón de Sugerencias\";}'),(1580,1234554640,'190.144.111.26',0,'page',33,'reorder','a:0:{}'),(1581,1234554766,'190.144.111.26',0,'instance',52,'modify','a:1:{i:0;s:13:\"noticias/edit\";}'),(1582,1234554821,'190.144.111.26',0,'instance',52,'modify','a:1:{i:0;s:13:\"noticias/edit\";}'),(1583,1234554863,'190.144.111.26',0,'instance',157,'modify','a:1:{i:0;s:9:\"text/edit\";}'),(1584,1234554937,'190.144.111.26',0,'instance',52,'modify','a:1:{i:0;s:13:\"noticias/edit\";}'),(1585,1234554983,'190.144.111.26',0,'instance',52,'modify','a:1:{i:0;s:13:\"noticias/edit\";}'),(1586,1234555026,'190.144.111.26',0,'instance',119,'modify','a:1:{i:0;s:9:\"text/edit\";}'),(1587,1234555234,'190.144.111.26',0,'instance',86,'modify','a:1:{i:0;s:9:\"text/edit\";}'),(1588,1234555337,'190.144.111.26',0,'instance',91,'modify','a:1:{i:0;s:9:\"text/edit\";}'),(1589,1234555455,'190.144.111.26',0,'instance',93,'modify','a:1:{i:0;s:9:\"text/edit\";}'),(1590,1234555467,'190.144.111.26',0,'instance',93,'modify','a:1:{i:0;s:9:\"text/edit\";}'),(1591,1234555494,'190.144.111.26',0,'instance',94,'modify','a:1:{i:0;s:9:\"text/edit\";}'),(1592,1234555504,'190.144.111.26',0,'instance',94,'modify','a:1:{i:0;s:9:\"text/edit\";}'),(1593,1234555524,'190.144.111.26',0,'instance',94,'modify','a:1:{i:0;s:9:\"text/edit\";}'),(1594,1234555543,'190.144.111.26',0,'instance',95,'modify','a:1:{i:0;s:9:\"text/edit\";}'),(1595,1234555618,'190.144.111.26',0,'instance',95,'modify','a:1:{i:0;s:9:\"text/edit\";}'),(1596,1234555661,'190.144.111.26',0,'instance',95,'modify','a:1:{i:0;s:9:\"text/edit\";}'),(1597,1234555695,'190.144.111.26',0,'instance',96,'modify','a:1:{i:0;s:9:\"text/edit\";}'),(1598,1234555883,'190.144.111.26',0,'instance',83,'modify','a:1:{i:0;s:17:\"faq/category/edit\";}'),(1599,1234555892,'190.144.111.26',0,'instance',83,'modify','a:1:{i:0;s:17:\"faq/category/edit\";}'),(1600,1234555909,'190.144.111.26',0,'instance',83,'modify','a:1:{i:0;s:17:\"faq/category/edit\";}'),(1601,1234555929,'190.144.111.26',0,'instance',83,'modify','a:1:{i:0;s:17:\"faq/category/edit\";}'),(1602,1234555948,'190.144.111.26',0,'instance',83,'modify','a:1:{i:0;s:17:\"faq/category/edit\";}'),(1603,1234556052,'190.144.111.26',0,'instance',157,'modify','a:1:{i:0;s:9:\"text/edit\";}'),(1604,1234556608,'190.144.111.26',0,'instance',82,'modify','a:1:{i:0;s:16:\"faq/add_pregunta\";}'),(1605,1234556626,'190.144.111.26',0,'instance',82,'modify','a:1:{i:0;s:16:\"faq/add_pregunta\";}'),(1606,1234556684,'190.144.111.26',0,'instance',82,'modify','a:1:{i:0;s:16:\"faq/add_pregunta\";}'),(1607,1234556703,'190.144.111.26',0,'instance',82,'modify','a:1:{i:0;s:16:\"faq/add_pregunta\";}'),(1608,1234556721,'190.144.111.26',0,'instance',82,'modify','a:1:{i:0;s:16:\"faq/add_pregunta\";}'),(1609,1234556732,'190.144.111.26',0,'instance',82,'modify','a:1:{i:0;s:16:\"faq/add_pregunta\";}'),(1610,1234556764,'190.144.111.26',0,'instance',82,'modify','a:1:{i:0;s:16:\"faq/add_pregunta\";}'),(1611,1234556874,'190.144.111.26',0,'instance',82,'modify','a:1:{i:0;s:16:\"faq/add_pregunta\";}'),(1612,1234556896,'190.144.111.26',0,'instance',82,'modify','a:1:{i:0;s:16:\"faq/add_pregunta\";}'),(1613,1234556910,'190.144.111.26',0,'instance',82,'modify','a:1:{i:0;s:16:\"faq/add_pregunta\";}'),(1614,1234556926,'190.144.111.26',0,'instance',82,'modify','a:1:{i:0;s:16:\"faq/add_pregunta\";}'),(1615,1234556942,'190.144.111.26',0,'instance',82,'modify','a:1:{i:0;s:16:\"faq/add_pregunta\";}'),(1616,1234556962,'190.144.111.26',0,'instance',82,'modify','a:1:{i:0;s:16:\"faq/add_pregunta\";}'),(1617,1234556978,'190.144.111.26',0,'instance',82,'modify','a:1:{i:0;s:16:\"faq/add_pregunta\";}'),(1618,1234556995,'190.144.111.26',0,'instance',82,'modify','a:1:{i:0;s:16:\"faq/add_pregunta\";}'),(1619,1234557041,'190.144.111.26',0,'instance',83,'modify','a:1:{i:0;s:16:\"faq/add_pregunta\";}'),(1620,1234557079,'190.144.111.26',0,'instance',83,'modify','a:1:{i:0;s:16:\"faq/add_pregunta\";}'),(1621,1234557105,'190.144.111.26',0,'instance',83,'modify','a:1:{i:0;s:16:\"faq/add_pregunta\";}'),(1622,1234557135,'190.144.111.26',0,'instance',83,'modify','a:1:{i:0;s:16:\"faq/add_pregunta\";}'),(1623,1234557165,'190.144.111.26',0,'instance',83,'modify','a:1:{i:0;s:16:\"faq/add_pregunta\";}'),(1624,1234557217,'190.144.111.26',0,'instance',83,'modify','a:1:{i:0;s:16:\"faq/add_pregunta\";}'),(1625,1234557235,'190.144.111.26',0,'instance',83,'modify','a:1:{i:0;s:16:\"faq/add_pregunta\";}'),(1626,1234557267,'190.144.111.26',0,'instance',83,'modify','a:1:{i:0;s:16:\"faq/add_pregunta\";}'),(1627,1234557284,'190.144.111.26',0,'instance',83,'modify','a:1:{i:0;s:16:\"faq/add_pregunta\";}'),(1628,1234557303,'190.144.111.26',0,'instance',83,'modify','a:1:{i:0;s:16:\"faq/add_pregunta\";}'),(1629,1234557325,'190.144.111.26',0,'instance',83,'modify','a:1:{i:0;s:16:\"faq/add_pregunta\";}'),(1630,1234557347,'190.144.111.26',0,'instance',83,'modify','a:1:{i:0;s:16:\"faq/add_pregunta\";}'),(1631,1234557368,'190.144.111.26',0,'instance',83,'modify','a:1:{i:0;s:16:\"faq/add_pregunta\";}'),(1632,1234557396,'190.144.111.26',0,'instance',83,'modify','a:1:{i:0;s:16:\"faq/add_pregunta\";}'),(1633,1234557417,'190.144.111.26',0,'instance',83,'modify','a:1:{i:0;s:16:\"faq/add_pregunta\";}'),(1634,1234557433,'190.144.111.26',0,'instance',83,'modify','a:1:{i:0;s:16:\"faq/add_pregunta\";}'),(1635,1234557458,'190.144.111.26',0,'instance',83,'modify','a:1:{i:0;s:16:\"faq/add_pregunta\";}'),(1636,1234557496,'190.144.111.26',0,'instance',83,'modify','a:1:{i:0;s:14:\"faq/answer/add\";}'),(1637,1234557518,'190.144.111.26',0,'instance',83,'modify','a:1:{i:0;s:14:\"faq/answer/add\";}'),(1638,1234557540,'190.144.111.26',0,'instance',83,'modify','a:1:{i:0;s:14:\"faq/answer/add\";}'),(1639,1234557783,'190.144.111.26',0,'instance',83,'modify','a:1:{i:0;s:17:\"faq/category/edit\";}'),(1640,1234557820,'190.144.111.26',0,'instance',83,'modify','a:1:{i:0;s:16:\"faq/add_pregunta\";}'),(1641,1234557838,'190.144.111.26',0,'instance',83,'modify','a:1:{i:0;s:14:\"faq/answer/add\";}'),(1642,1234558539,'190.144.111.26',0,'instance',49,'modify','a:1:{i:0;s:9:\"text/edit\";}'),(1643,1234558558,'190.144.111.26',0,'instance',58,'settings','a:0:{}'),(1644,1234558659,'190.144.111.26',0,'instance',76,'settings','a:0:{}'),(1645,1234558923,'190.144.111.26',0,'instance',83,'modify','a:1:{i:0;s:14:\"faq/answer/add\";}'),(1646,1234559040,'190.144.111.26',0,'instance',105,'settings','a:0:{}'),(1647,1234559069,'190.144.111.26',0,'instance',72,'settings','a:0:{}'),(1648,1234559088,'190.144.111.26',0,'instance',61,'settings','a:0:{}'),(1649,1234559109,'190.144.111.26',0,'instance',76,'settings','a:0:{}'),(1650,1234559119,'190.144.111.26',0,'instance',76,'settings','a:0:{}'),(1651,1234559128,'190.144.111.26',0,'instance',76,'settings','a:0:{}'),(1652,1234559161,'190.144.111.26',0,'instance',106,'settings','a:0:{}'),(1653,1234559161,'190.144.111.26',0,'instance',106,'settings','a:0:{}'),(1654,1234559173,'190.144.111.26',0,'instance',107,'settings','a:0:{}'),(1655,1234559188,'190.144.111.26',0,'instance',108,'settings','a:0:{}'),(1656,1234559200,'190.144.111.26',0,'instance',110,'settings','a:0:{}'),(1657,1234559221,'190.144.111.26',0,'instance',111,'settings','a:0:{}'),(1658,1234559234,'190.144.111.26',0,'instance',112,'settings','a:0:{}'),(1659,1234559245,'190.144.111.26',0,'instance',113,'settings','a:0:{}'),(1660,1234559383,'190.144.111.26',0,'instance',76,'settings','a:0:{}'),(1661,1234559399,'190.144.111.26',0,'instance',117,'settings','a:0:{}'),(1662,1234559410,'190.144.111.26',0,'instance',114,'settings','a:0:{}'),(1663,1234559475,'190.144.111.26',0,'instance',124,'settings','a:0:{}'),(1664,1234559491,'190.144.111.26',0,'instance',149,'settings','a:0:{}'),(1665,1234559749,'190.144.111.26',0,'instance',67,'settings','a:0:{}'),(1666,1234560315,'190.144.111.26',0,'instance',83,'modify','a:1:{i:0;s:16:\"faq/add_pregunta\";}'),(1667,1234560346,'190.144.111.26',0,'instance',83,'modify','a:1:{i:0;s:16:\"faq/add_pregunta\";}'),(1668,1234560379,'190.144.111.26',0,'instance',83,'modify','a:1:{i:0;s:16:\"faq/add_pregunta\";}'),(1669,1234560443,'190.144.111.26',0,'instance',83,'modify','a:1:{i:0;s:16:\"faq/add_pregunta\";}'),(1670,1234560474,'190.144.111.26',0,'instance',83,'modify','a:1:{i:0;s:16:\"faq/add_pregunta\";}'),(1671,1234560496,'190.144.111.26',0,'instance',83,'modify','a:1:{i:0;s:17:\"faq/category/edit\";}'),(1672,1234560516,'190.144.111.26',0,'instance',83,'modify','a:1:{i:0;s:16:\"faq/add_pregunta\";}'),(1673,1234560929,'190.144.111.26',0,'page',40,'recycle','a:0:{}'),(1674,1234560929,'190.144.111.26',0,'site',0,'page recycled','a:2:{i:0;s:2:\"40\";i:1;s:4:\"Chat\";}'),(1675,1234560944,'190.144.111.26',0,'page',147,'create','a:0:{}'),(1676,1234560944,'190.144.111.26',0,'site',0,'page created','a:2:{i:0;i:147;i:1;s:4:\"chat\";}'),(1677,1234560959,'190.144.111.26',0,'instance',158,'create','a:0:{}'),(1678,1234560959,'190.144.111.26',0,'page',147,'instance added','a:2:{i:0;i:158;i:1;s:25:\"Chat para soporte en chat\";}'),(1679,1234560960,'190.144.111.26',0,'page',147,'reorder','a:0:{}'),(1680,1234561155,'190.144.111.26',0,'instance',83,'modify','a:1:{i:0;s:14:\"faq/answer/add\";}'),(1681,1234561194,'190.144.111.26',0,'instance',83,'modify','a:1:{i:0;s:14:\"faq/answer/add\";}'),(1682,1234561211,'190.144.111.26',0,'instance',83,'modify','a:1:{i:0;s:14:\"faq/answer/add\";}'),(1683,1234561245,'190.144.111.26',0,'instance',83,'modify','a:1:{i:0;s:14:\"faq/answer/add\";}'),(1684,1234561273,'190.144.111.26',0,'instance',83,'modify','a:1:{i:0;s:14:\"faq/answer/add\";}'),(1685,1234561327,'190.144.111.26',0,'instance',83,'modify','a:1:{i:0;s:14:\"faq/answer/add\";}'),(1686,1234561350,'190.144.111.26',0,'instance',83,'modify','a:1:{i:0;s:14:\"faq/answer/add\";}'),(1687,1234561375,'190.144.111.26',0,'instance',83,'modify','a:1:{i:0;s:14:\"faq/answer/add\";}'),(1688,1234561407,'190.144.111.26',0,'instance',83,'modify','a:1:{i:0;s:14:\"faq/answer/add\";}'),(1689,1234561431,'190.144.111.26',0,'instance',83,'modify','a:1:{i:0;s:14:\"faq/answer/add\";}'),(1690,1234561456,'190.144.111.26',0,'instance',83,'modify','a:1:{i:0;s:14:\"faq/answer/add\";}'),(1691,1234561489,'190.144.111.26',0,'instance',83,'modify','a:1:{i:0;s:14:\"faq/answer/add\";}'),(1692,1234561529,'190.144.111.26',0,'instance',83,'modify','a:1:{i:0;s:14:\"faq/answer/add\";}'),(1693,1234561553,'190.144.111.26',0,'instance',83,'modify','a:1:{i:0;s:14:\"faq/answer/add\";}'),(1694,1234561575,'190.144.111.26',0,'instance',83,'modify','a:1:{i:0;s:14:\"faq/answer/add\";}'),(1695,1234561593,'190.144.111.26',0,'instance',83,'modify','a:1:{i:0;s:14:\"faq/answer/add\";}'),(1696,1234561656,'190.144.111.26',0,'instance',83,'modify','a:1:{i:0;s:14:\"faq/answer/add\";}'),(1697,1234561704,'190.144.111.26',0,'instance',83,'modify','a:1:{i:0;s:14:\"faq/answer/add\";}'),(1698,1234561724,'190.144.111.26',0,'instance',83,'modify','a:1:{i:0;s:14:\"faq/answer/add\";}'),(1699,1234561752,'190.144.111.26',0,'instance',83,'modify','a:1:{i:0;s:14:\"faq/answer/add\";}'),(1700,1234561775,'190.144.111.26',0,'instance',83,'modify','a:1:{i:0;s:14:\"faq/answer/add\";}'),(1701,1234561811,'190.144.111.26',0,'instance',83,'modify','a:1:{i:0;s:14:\"faq/answer/add\";}'),(1702,1234561837,'190.144.111.26',0,'page',34,'reorder','a:0:{}'),(1703,1234562078,'190.144.111.26',0,'page',147,'parameters','a:0:{}'),(1704,1234562154,'190.144.111.26',0,'instance',81,'settings','a:0:{}'),(1705,1234562300,'190.144.111.26',0,'page',139,'parameters','a:0:{}'),(1706,1234562413,'190.144.111.26',0,'page',75,'reorder','a:0:{}'),(1707,1234562419,'190.144.111.26',0,'instance',156,'settings','a:0:{}'),(1708,1234562432,'190.144.111.26',0,'page',77,'reorder','a:0:{}'),(1709,1234562437,'190.144.111.26',0,'instance',156,'settings','a:0:{}'),(1710,1234562452,'190.144.111.26',0,'page',79,'reorder','a:0:{}'),(1711,1234562457,'190.144.111.26',0,'instance',156,'settings','a:0:{}'),(1712,1234562470,'190.144.111.26',0,'page',81,'reorder','a:0:{}'),(1713,1234562476,'190.144.111.26',0,'instance',156,'settings','a:0:{}'),(1714,1234562492,'190.144.111.26',0,'page',83,'reorder','a:0:{}'),(1715,1234562498,'190.144.111.26',0,'instance',156,'settings','a:0:{}'),(1716,1234562509,'190.144.111.26',0,'page',85,'reorder','a:0:{}'),(1717,1234562514,'190.144.111.26',0,'instance',156,'settings','a:0:{}'),(1718,1234562523,'190.144.111.26',0,'page',87,'reorder','a:0:{}'),(1719,1234562529,'190.144.111.26',0,'instance',156,'settings','a:0:{}'),(1720,1234562620,'190.144.111.26',0,'instance',113,'modify','a:1:{i:0;s:9:\"text/edit\";}'),(1721,1234562649,'190.144.111.26',0,'instance',130,'modify','a:1:{i:0;s:9:\"text/edit\";}'),(1722,1234562716,'190.144.111.26',0,'instance',135,'modify','a:1:{i:0;s:9:\"text/edit\";}'),(1723,1234562743,'190.144.111.26',0,'instance',108,'modify','a:1:{i:0;s:9:\"text/edit\";}'),(1724,1234562788,'190.144.111.26',0,'instance',134,'modify','a:1:{i:0;s:9:\"text/edit\";}'),(1725,1234562824,'190.144.111.26',0,'instance',109,'modify','a:1:{i:0;s:9:\"text/edit\";}'),(1726,1234562859,'190.144.111.26',0,'instance',133,'modify','a:1:{i:0;s:9:\"text/edit\";}'),(1727,1234562907,'190.144.111.26',0,'instance',131,'modify','a:1:{i:0;s:9:\"text/edit\";}'),(1728,1234562935,'190.144.111.26',0,'instance',112,'modify','a:1:{i:0;s:9:\"text/edit\";}'),(1729,1234563254,'190.144.111.26',0,'instance',148,'modify','a:1:{i:0;s:9:\"text/edit\";}'),(1730,1234563280,'190.144.111.26',0,'instance',149,'modify','a:1:{i:0;s:9:\"text/edit\";}'),(1731,1234563657,'190.144.111.26',0,'instance',124,'settings','a:0:{}'),(1732,1234581359,'190.144.111.26',0,'instance',159,'create','a:0:{}'),(1733,1234581359,'190.144.111.26',0,'page',73,'instance added','a:2:{i:0;i:159;i:1;s:44:\"Navegación Avanzada en Unopymes PREMIUM POS\";}'),(1734,1234581360,'190.144.111.26',0,'page',73,'reorder','a:0:{}'),(1735,1234581373,'190.144.111.26',0,'instance',159,'settings','a:0:{}'),(1736,1234581843,'190.144.111.26',0,'instance',49,'modify','a:1:{i:0;s:9:\"text/edit\";}'),(1737,1234581878,'190.144.111.26',0,'page',148,'create','a:0:{}'),(1738,1234581878,'190.144.111.26',0,'site',0,'page created','a:2:{i:0;i:148;i:1;s:13:\"Acceso Remoto\";}'),(1739,1234581936,'190.144.111.26',0,'instance',49,'modify','a:1:{i:0;s:9:\"text/edit\";}'),(1740,1234581976,'190.144.111.26',0,'page',148,'settings','a:0:{}'),(1741,1234581993,'190.144.111.26',0,'page',148,'parameters','a:0:{}'),(1742,1234582077,'190.144.111.26',0,'page',148,'settings','a:0:{}'),(1743,1234582095,'190.144.111.26',0,'page',148,'settings','a:0:{}'),(1744,1234582109,'190.144.111.26',0,'page',148,'settings','a:0:{}'),(1745,1234582161,'190.144.111.26',0,'page',148,'reorder','a:0:{}'),(1746,1234582180,'190.144.111.26',0,'instance',49,'settings','a:0:{}'),(1747,1234582191,'190.144.111.26',0,'instance',105,'settings','a:0:{}'),(1748,1234582198,'190.144.111.26',0,'instance',49,'settings','a:0:{}'),(1749,1234582210,'190.144.111.26',0,'page',148,'instance removed','a:2:{i:0;s:2:\"73\";i:1;s:15:\"Texto en Inicio\";}'),(1750,1234582251,'190.144.111.26',0,'page',148,'reorder','a:0:{}'),(1751,1234582262,'190.144.111.26',0,'instance',76,'settings','a:0:{}'),(1752,1234582274,'190.144.111.26',0,'instance',76,'settings','a:0:{}'),(1753,1234582281,'190.144.111.26',0,'instance',160,'create','a:0:{}'),(1754,1234582281,'190.144.111.26',0,'page',148,'instance added','a:2:{i:0;i:160;i:1;s:22:\"Texto en Acceso Remoto\";}'),(1755,1234582281,'190.144.111.26',0,'page',148,'reorder','a:0:{}'),(1756,1234897222,'190.144.111.26',0,'instance',160,'modify','a:1:{i:0;s:9:\"text/edit\";}'),(1757,1234898746,'190.144.92.194',-1,'instance',151,'modify','a:1:{i:0;s:7:\"contact\";}'),(1758,1234898759,'190.144.92.194',-1,'instance',151,'modify','a:1:{i:0;s:7:\"contact\";}'),(1759,1234898769,'190.144.92.194',-1,'instance',151,'modify','a:1:{i:0;s:7:\"contact\";}'),(1760,1234901030,'190.144.111.26',0,'instance',160,'modify','a:1:{i:0;s:9:\"text/edit\";}'),(1761,1234901094,'190.144.111.26',0,'instance',160,'modify','a:1:{i:0;s:9:\"text/edit\";}'),(1762,1234901121,'190.144.111.26',0,'instance',160,'modify','a:1:{i:0;s:9:\"text/edit\";}'),(1763,1234901145,'190.144.111.26',0,'instance',160,'modify','a:1:{i:0;s:9:\"text/edit\";}'),(1764,1234901178,'190.144.111.26',0,'instance',160,'modify','a:1:{i:0;s:9:\"text/edit\";}'),(1765,1234901206,'190.144.111.26',0,'instance',160,'modify','a:1:{i:0;s:9:\"text/edit\";}'),(1766,1234903570,'190.144.111.26',-1,'instance',48,'modify','a:1:{i:0;s:9:\"poll/vote\";}'),(1767,1234903709,'190.144.111.26',-1,'instance',48,'modify','a:1:{i:0;s:9:\"poll/vote\";}'),(1768,1234905809,'190.144.111.26',0,'instance',161,'create','a:0:{}'),(1769,1234905809,'190.144.111.26',0,'page',139,'instance added','a:2:{i:0;i:161;i:1;s:26:\"Contacto en Licenciamiento\";}'),(1770,1234905809,'190.144.111.26',0,'page',139,'reorder','a:0:{}'),(1771,1234905848,'190.144.111.26',0,'instance',161,'settings','a:0:{}'),(1772,1234907069,'190.144.111.26',0,'instance',119,'modify','a:1:{i:0;s:9:\"text/edit\";}'),(1773,1234907641,'190.25.134.60',-1,'instance',161,'modify','a:1:{i:0;s:7:\"contact\";}'),(1774,1234984623,'190.144.92.194',-1,'instance',48,'modify','a:1:{i:0;s:9:\"poll/vote\";}'),(1775,1235014453,'190.144.111.26',0,'instance',142,'modify','a:1:{i:0;s:9:\"text/edit\";}'),(1776,1235014558,'190.144.111.26',0,'instance',140,'modify','a:1:{i:0;s:9:\"text/edit\";}'),(1777,1235014632,'190.144.111.26',0,'instance',82,'modify','a:1:{i:0;s:14:\"faq/answer/add\";}'),(1778,1235014703,'190.144.111.26',0,'site',0,'reorder','a:0:{}'),(1779,1235015207,'190.144.111.26',0,'instance',152,'modify','a:1:{i:0;s:9:\"text/edit\";}'),(1780,1235015224,'190.144.111.26',0,'instance',152,'modify','a:1:{i:0;s:9:\"text/edit\";}'),(1781,1235069756,'190.144.111.26',0,'instance',89,'modify','a:1:{i:0;s:9:\"text/edit\";}'),(1782,1235070216,'190.144.111.26',0,'instance',91,'modify','a:1:{i:0;s:9:\"text/edit\";}'),(1783,1235070345,'190.144.111.26',0,'instance',92,'modify','a:1:{i:0;s:9:\"text/edit\";}'),(1784,1235070377,'190.144.111.26',0,'instance',93,'modify','a:1:{i:0;s:9:\"text/edit\";}'),(1785,1235070406,'190.144.111.26',0,'instance',94,'modify','a:1:{i:0;s:9:\"text/edit\";}'),(1786,1235070435,'190.144.111.26',0,'instance',95,'modify','a:1:{i:0;s:9:\"text/edit\";}'),(1787,1235070473,'190.144.111.26',0,'instance',96,'modify','a:1:{i:0;s:9:\"text/edit\";}'),(1788,1235073432,'190.144.111.26',0,'instance',52,'modify','a:1:{i:0;s:13:\"noticias/edit\";}'),(1789,1235073459,'190.144.111.26',0,'instance',52,'modify','a:1:{i:0;s:13:\"noticias/edit\";}'),(1790,1235075573,'190.144.111.26',0,'instance',89,'modify','a:1:{i:0;s:9:\"text/edit\";}'),(1791,1235089286,'190.144.111.26',0,'page',33,'rename','a:2:{i:0;s:21:\"Buzón de Sugerencias\";i:1;s:12:\"Contáctenos\";}'),(1792,1235089286,'190.144.111.26',0,'site',0,'page renamed','a:3:{i:0;s:2:\"33\";i:1;s:21:\"Buzón de Sugerencias\";i:2;s:12:\"Contáctenos\";}'),(1793,1235166171,'190.84.249.127',-1,'instance',161,'modify','a:1:{i:0;s:7:\"contact\";}'),(1794,1235181060,'190.144.111.26',-1,'instance',48,'modify','a:1:{i:0;s:9:\"poll/vote\";}'),(1795,1235181074,'190.144.111.26',-1,'instance',48,'modify','a:1:{i:0;s:9:\"poll/vote\";}'),(1796,1235181078,'190.144.111.26',-1,'instance',48,'modify','a:1:{i:0;s:9:\"poll/vote\";}'),(1797,1235181083,'190.144.111.26',-1,'instance',48,'modify','a:1:{i:0;s:9:\"poll/vote\";}'),(1798,1235189468,'190.144.111.26',-1,'instance',48,'modify','a:1:{i:0;s:9:\"poll/vote\";}'),(1799,1235189790,'190.144.111.26',0,'page',1,'parameters','a:0:{}');

--
-- Table structure for table `phi_audit_seq`
--

CREATE TABLE `phi_audit_seq` (
  `id` int(10) unsigned NOT NULL auto_increment,
  PRIMARY KEY  (`id`)
) ENGINE=MyISAM DEFAULT CHARSET=utf8;

--
-- Dumping data for table `phi_audit_seq`
--


INSERT INTO `phi_audit_seq` VALUES (1799);

--
-- Table structure for table `phi_comments`
--

CREATE TABLE `phi_comments` (
  `id` int(11) NOT NULL default '0',
  `type` varchar(64) NOT NULL default '',
  `element` int(11) NOT NULL default '0',
  `timestamp` int(11) NOT NULL default '0',
  `author` varchar(128) NOT NULL default '0',
  `text` text NOT NULL,
  `url` varchar(255) NOT NULL default '',
  `language` varchar(2) NOT NULL default '',
  `spam` int(1) NOT NULL default '0',
  PRIMARY KEY  (`id`)
) ENGINE=InnoDB DEFAULT CHARSET=utf8;

--
-- Dumping data for table `phi_comments`
--



--
-- Table structure for table `phi_contact`
--

CREATE TABLE `phi_contact` (
  `id` int(11) NOT NULL default '0',
  `instance` int(11) NOT NULL default '0',
  `department` varchar(128) NOT NULL default '',
  `email` varchar(128) NOT NULL default '',
  PRIMARY KEY  (`id`)
) ENGINE=InnoDB DEFAULT CHARSET=utf8;

--
-- Dumping data for table `phi_contact`
--



--
-- Table structure for table `phi_events`
--

CREATE TABLE `phi_events` (
  `id` int(11) NOT NULL default '0',
  `author` int(11) NOT NULL default '0',
  `instance` int(11) NOT NULL default '0',
  `title` varchar(255) NOT NULL default '',
  `urlname` varchar(255) NOT NULL default '',
  `text` text NOT NULL,
  `timestamp` int(11) NOT NULL default '0',
  `expiration` int(11) NOT NULL default '0',
  `comments` int(1) NOT NULL default '0',
  `pingable` int(1) NOT NULL default '0',
  `status` int(1) NOT NULL default '0',
  `recommended` int(1) NOT NULL default '0',
  PRIMARY KEY  (`id`)
) ENGINE=InnoDB DEFAULT CHARSET=latin1;

--
-- Dumping data for table `phi_events`
--


INSERT INTO `phi_events` VALUES (1,0,66,'Lanzamiento del Portal Web','Lanzamiento_del_Portal_Web','Lanzamiento del Portal WebLanzamiento del Portal WebLanzamiento del Portal WebLanzamiento del Portal WebLanzamiento del Portal Web',1232666460,1232856480,0,0,1,0),(8,0,66,'Capacitacion CGUno','Capacitacion_CGUno','Capacitacion CGUnoCapacitacion CGUnoCapacitacion CGUnoCapacitacion CGUno',1233012240,1233375000,0,0,1,0);

--
-- Table structure for table `phi_events_seq`
--

CREATE TABLE `phi_events_seq` (
  `id` int(10) unsigned NOT NULL auto_increment,
  PRIMARY KEY  (`id`)
) ENGINE=InnoDB DEFAULT CHARSET=latin1;

--
-- Dumping data for table `phi_events_seq`
--


INSERT INTO `phi_events_seq` VALUES (8);

--
-- Table structure for table `phi_faq_answers`
--

CREATE TABLE `phi_faq_answers` (
  `id` int(11) NOT NULL auto_increment,
  `text` text NOT NULL,
  `question` int(11) NOT NULL default '0',
  `author` varchar(255) NOT NULL default 'root',
  `timestamp` int(11) NOT NULL default '0',
  PRIMARY KEY  (`id`),
  KEY `question` (`question`),
  CONSTRAINT `phi_faq_answers_ibfk_1` FOREIGN KEY (`question`) REFERENCES `phi_faq_questions` (`id`) ON DELETE CASCADE
) ENGINE=InnoDB DEFAULT CHARSET=utf8;

--
-- Dumping data for table `phi_faq_answers`
--


INSERT INTO `phi_faq_answers` VALUES (1,'Esto es permisos de usuario en la red.',5,'Unopymes',1234543155),(2,'Ir por tablas /herramientas/consecutivos/escoger el documento y colocar un número anterior y grabar.',6,'Unopymes',1234543194),(3,'Entrar por la empresa y en socios modificar % a los antiguos socios, crear los nuevos y hacer nota contable.',7,'Unopymes',1234543212),(6,'No debe tener ningún documento ligado a este, el periodo debe estar abierto, debe modificarse en la misma fecha en que se elaboro.',11,'Unopymes',1234543327),(7,'Para no eliminar el documento debe entrar por herramientas/examinar documento y quitar el chulito que esta en la parte inferior/salir y modificar el documento, recuerde volverlo a colocar.',12,'Unopymes',1234543350),(8,'Este mensaje es por causa de virus, ejecutar el antivirus actualizado y eliminar el ejecutable y copiarlo del último CD o de otro equipo.',13,'Unopymes',1234543375),(9,'Entrar al documento que desee anular y dar clic sobre el botón que aparece enseguida del PUC en la barra de herramientas, de la misma manera se restaura.',14,'Unopymes',1234543407),(10,'Entrar a la carpeta Unopymes y buscar el archivo que dice unopymes.ini (opciones de configuración) dar doble clic y en la parte que dice Datapath aparece que base de datos esta tomando.',15,'Unopymes',1234543431),(11,'Entrar a la carpeta Unopymes y buscar la carpeta que se llama Datos, dar clic derecho enviar a carpeta comprimida o añadir a datos.rar ',16,'Unopymes',1234543456),(12,'Ubicarse al 31 de Dic del año a cerrar, contabilidad procesos especiales/cierre de fin de año.',17,'u',1234543489),(13,'Si se puede solo debe abrir el periodo a trabajar contabilidad/procesos especiales cierre de periodo y abrirlo, eliminar el cierre, hacer mantenimiento y volverlo a generar.',18,'Unopymes',1234543529),(14,'La extención debe ser gif o bmp.',19,'Unopymes',1234543553),(15,'Se debe hacer copia de la carpeta completa Unopymes, hacer el formateo del equipo y enviar carta del técnico, copia del Rut y carta con la nueva huella después de instalado el software nuevamente.',20,'Unopymes',1234543575),(16,'Dar doble clic al icono de unopymes le aparecerá un recuadro que dice enter key de clic sobre esta opción y en el siguiente recuadro tomar la huella de la máquina .',21,'Unopymes',1234543593),(17,'Ir por tablas conceptos de nomina y agregar al sueldo basico que sea base para salud y pensiones.',23,'Unopymes',1234543656),(18,'Activar nuevamente al empleado para que salga en la nomina eliminar los conceptos y grabarlo-volver a retirar al empleado al día.',24,'Unopymes',1234543704),(19,'Verificar por tablas empleados que diga calculo de retencion variable-revisar v/res predet el UVT del año/la calcula en la última quincena.',25,'Unopymes',1234543724),(20,'El arqueo de inv es para inv periodico ya que toca cta 14 contra el costo-ajuste inv es para permanente.',26,'Unopymes',1234543752),(21,'Unopymes no maneja un proceso automático para recosteo, se debe eliminar los documentos previos a la entrada si son pocos y si no realizar por contabilización libre nota contable para ajustarlos.',27,'Unopymes',1234543775),(22,'Herramientas/examinar tablas/parametros/buscar campo imppos/dar clic sobre la impresora y eliminarla.',28,'Unopymes',1234543811),(23,'',5,'',1234996632);

--
-- Table structure for table `phi_faq_answers_seq`
--

CREATE TABLE `phi_faq_answers_seq` (
  `id` int(10) unsigned NOT NULL auto_increment,
  PRIMARY KEY  (`id`)
) ENGINE=MyISAM DEFAULT CHARSET=latin1;

--
-- Dumping data for table `phi_faq_answers_seq`
--


INSERT INTO `phi_faq_answers_seq` VALUES (23);

--
-- Table structure for table `phi_faq_categorys`
--

CREATE TABLE `phi_faq_categorys` (
  `id` int(11) NOT NULL auto_increment,
  `title` varchar(255) NOT NULL default '',
  `language` varchar(2) NOT NULL default 'es',
  PRIMARY KEY  (`id`)
) ENGINE=InnoDB DEFAULT CHARSET=utf8;

--
-- Dumping data for table `phi_faq_categorys`
--


INSERT INTO `phi_faq_categorys` VALUES (8,'Contabilidad','es'),(9,'Nómina','es'),(10,'Inventarios','es'),(13,'POS','es');

--
-- Table structure for table `phi_faq_questions`
--

CREATE TABLE `phi_faq_questions` (
  `id` int(11) NOT NULL auto_increment,
  `title` varchar(255) NOT NULL default '',
  `description` text NOT NULL,
  `category` int(11) default NULL,
  `author` varchar(255) NOT NULL default 'anonimo',
  `timestamp` int(11) NOT NULL default '0',
  PRIMARY KEY  (`id`),
  KEY `category` (`category`),
  CONSTRAINT `phi_faq_questions_ibfk_1` FOREIGN KEY (`category`) REFERENCES `phi_faq_categorys` (`id`) ON DELETE CASCADE
) ENGINE=InnoDB DEFAULT CHARSET=utf8;

--
-- Dumping data for table `phi_faq_questions`
--


INSERT INTO `phi_faq_questions` VALUES (5,'¿Cuándo en una terminal sale error sucursales solo lectura ?','\r\n\r\n\r\n\r\n\r\n\r\n\r\n\r\n\r\n\r\n\r\n\r\n\r\n\r\n\r\n\r\n',8,'Unopymes',1234535844),(6,'¿Cómo cambiar el consecutivo de documentos ?','\r\n',8,'Unopymes',1234539041),(7,'¿Cómo realizar un cambio de socios?','\r\n',8,'Unopymes',1234539079),(11,'¿Cuándo no se puede eliminar o modificar un documento ?','\r\n',8,'Unopymes',1234539236),(12,'Si tiene un documento ligado','\r\n',8,'Unopymes',1234539267),(13,'Error while unpacking program, code LP5','\r\n',8,'Unopymes',1234539284),(14,'¿Cómo anular y restaurar un documento?','\r\n',8,'Unopymes',1234539303),(15,'¿Cómo encontrar la ruta de la base de datos?','\r\n',8,'Unopymes',1234539325),(16,'¿Cómo enviar la base de datos comprimida ?','\r\n',8,'Unopymes',1234539347),(17,'¿Cómo se hace el cierre de año ?','\r\n',8,'Unopymes',1234539368),(18,'¿Si se elimina el cierre no se puede volver a trabajar en el año cerrado ?','\r\n',8,'Unopymes',1234539396),(19,'¿Qué extención debe tener el logo para colocarlo en el software?','\r\n',8,'Unopymes',1234539417),(20,'¿Qué precaución se debe tener en cuenta al formatear un equipo ?','\r\n',8,'Unopymes',1234539433),(21,'¿Cómo tomar la nueva huella del equipo?','\r\n',8,'Unopymes',1234539458),(23,'¿Cuándo en las nóminas no les sale aportes a Eps o a pensión?','\r\n',9,'Unopymes',1234542315),(24,'Al liquidar empleado sigue saliendo en la nómina','\r\n',9,'Unopymes',1234542346),(25,'¿Cómo calcular retención en la fuente de un empleado?','\r\n',9,'Unopymes',1234542379),(26,'Diferencia entre arqueo de inventario y ajuste de inventario','\r\n',10,'Unopymes',1234542443),(27,'¿Cómo arreglar los costos negativos de un artículo?','\r\n',10,'Unopymes',1234542474),(28,'Error al imprimir en pos cola impresión','\r\n',13,'Unopymes',1234542516);

--
-- Table structure for table `phi_field_arguments`
--

CREATE TABLE `phi_field_arguments` (
  `id` int(11) NOT NULL default '0',
  `field` int(11) NOT NULL default '0',
  `name` varchar(250) default NULL,
  `value` varchar(20) default NULL,
  PRIMARY KEY  (`id`)
) ENGINE=InnoDB DEFAULT CHARSET=latin1;

--
-- Dumping data for table `phi_field_arguments`
--



--
-- Table structure for table `phi_field_arguments_seq`
--

CREATE TABLE `phi_field_arguments_seq` (
  `id` int(10) unsigned NOT NULL auto_increment,
  PRIMARY KEY  (`id`)
) ENGINE=MyISAM DEFAULT CHARSET=latin1;

--
-- Dumping data for table `phi_field_arguments_seq`
--



--
-- Table structure for table `phi_field_values`
--

CREATE TABLE `phi_field_values` (
  `id` int(11) NOT NULL default '0',
  `class` varchar(150) default NULL,
  `field` int(11) NOT NULL default '0',
  `element` int(11) NOT NULL default '0',
  `value` varchar(250) default NULL,
  PRIMARY KEY  (`id`)
) ENGINE=InnoDB DEFAULT CHARSET=latin1;

--
-- Dumping data for table `phi_field_values`
--



--
-- Table structure for table `phi_field_values_seq`
--

CREATE TABLE `phi_field_values_seq` (
  `id` int(10) unsigned NOT NULL auto_increment,
  PRIMARY KEY  (`id`)
) ENGINE=InnoDB DEFAULT CHARSET=latin1;

--
-- Dumping data for table `phi_field_values_seq`
--



--
-- Table structure for table `phi_fields`
--

CREATE TABLE `phi_fields` (
  `id` int(11) NOT NULL default '0',
  `class` varchar(150) default NULL,
  `type` varchar(150) default NULL,
  `name` varchar(150) default NULL,
  `label` varchar(150) default NULL,
  `required` int(11) default NULL,
  `regex` varchar(250) default NULL,
  `errmsg` varchar(250) default NULL,
  `iorder` int(11) default NULL,
  PRIMARY KEY  (`id`)
) ENGINE=InnoDB DEFAULT CHARSET=latin1;

--
-- Dumping data for table `phi_fields`
--



--
-- Table structure for table `phi_fields_seq`
--

CREATE TABLE `phi_fields_seq` (
  `id` int(10) unsigned NOT NULL auto_increment,
  PRIMARY KEY  (`id`)
) ENGINE=InnoDB DEFAULT CHARSET=latin1;

--
-- Dumping data for table `phi_fields_seq`
--



--
-- Table structure for table `phi_groups`
--

CREATE TABLE `phi_groups` (
  `id` int(11) NOT NULL default '0',
  `name` varchar(64) default NULL,
  `description` varchar(255) default NULL,
  `homeurl` varchar(64) NOT NULL default '',
  PRIMARY KEY  (`id`)
) ENGINE=InnoDB DEFAULT CHARSET=utf8;

--
-- Dumping data for table `phi_groups`
--


INSERT INTO `phi_groups` VALUES (1,'Intranet','','');

--
-- Table structure for table `phi_groups_seq`
--

CREATE TABLE `phi_groups_seq` (
  `id` int(10) unsigned NOT NULL auto_increment,
  PRIMARY KEY  (`id`)
) ENGINE=MyISAM DEFAULT CHARSET=utf8;

--
-- Dumping data for table `phi_groups_seq`
--


INSERT INTO `phi_groups_seq` VALUES (1);

--
-- Table structure for table `phi_instances`
--

CREATE TABLE `phi_instances` (
  `id` int(11) NOT NULL default '0',
  `module` varchar(255) default NULL,
  `parent` int(11) default NULL,
  `arguments` varchar(255) default NULL,
  `title` varchar(255) NOT NULL default '',
  `language` varchar(2) default '0',
  `hidden_title` int(1) NOT NULL default '0',
  `deleted` int(1) NOT NULL default '0',
  PRIMARY KEY  (`id`)
) ENGINE=InnoDB DEFAULT CHARSET=utf8;

--
-- Dumping data for table `phi_instances`
--


INSERT INTO `phi_instances` VALUES (1,'text',NULL,'mode=fck','Texto en Inicio','0',0,1),(48,'poll',NULL,'','Poll de votaciones en Inicio','0',0,0),(49,'text',NULL,'mode=fck','Texto en Inicio','0',0,0),(50,'contact',NULL,'email=admin@localhost','Contacto en Contáctenos','0',0,0),(51,'text',NULL,'mode=fck','Texto en Inicio','0',0,0),(52,'noticias',NULL,'ppp=5','Visor de noticias en Inicio','0',0,0),(53,'text',NULL,'mode=fck','Texto en Inicio','0',0,0),(54,'text',NULL,'mode=fck','Texto en Clientes','0',0,1),(55,'text',NULL,'mode=fck','Texto en Clientes','0',0,0),(56,'text',NULL,'mode=fck','Texto en Clientes','0',0,0),(57,'text',NULL,'mode=fck','Texto en Clientes','0',0,1),(58,'text',NULL,'mode=fck','Texto en Clientes','0',0,0),(59,'text',NULL,'mode=fck','calendario','0',0,0),(60,'text',NULL,'mode=fck','Texto en Productos','0',0,1),(61,'text',NULL,'mode=fck','chat','0',0,0),(62,'text',NULL,'mode=fck','Texto en Contáctenos','0',0,1),(63,'text',NULL,'mode=fck','Texto en Preguntas Frecuentes','0',0,1),(64,'text',NULL,'mode=fck','Texto en Clientes','0',0,1),(65,'rsiblings',NULL,'ds=siblings','Navegación Avanzada en Clientes','0',0,1),(66,'event',NULL,'n=10&ntag=10&display=table','Eventos en Calendario','0',0,0),(67,'event/calendar',66,'','Calendario en Calendario','0',0,0),(68,'text',NULL,'mode=fck','Texto en Contáctenos','0',0,0),(69,'text',NULL,'mode=fck','Texto en Preguntas Frecuentes','0',0,0),(70,'text',NULL,'mode=fck','Texto en Preguntas Frecuentes','0',0,0),(71,'rsiblings',NULL,'ds=siblings','Navegación Avanzada en Preguntas Frecuentes','0',0,1),(72,'text',NULL,'mode=fck','Texto en Contáctenos','0',0,0),(73,'text',NULL,'mode=fck','Texto en Inicio','0',0,0),(74,'text',NULL,'mode=fck','Texto en Contáctenos','0',0,1),(75,'text',NULL,'mode=fck','Texto en Preguntas Frecuentes','0',0,1),(76,'text',NULL,'mode=fck','Servicios','0',0,0),(77,'text',NULL,'mode=fck','header','0',0,0),(78,'text',NULL,'mode=fck','header','0',0,1),(79,'text',NULL,'mode=fck','Texto en Chat','0',0,1),(80,'page/tree',NULL,'','Mapa del sitio en Mapa del Sitio','0',0,1),(81,'contact',NULL,'email=root@localhost&file=1','Contacto en Bolsa de Empleo','0',0,0),(82,'faq',NULL,'cantidad=10','Faqs en Preguntas Frecuentes','0',0,0),(83,'faq/category',NULL,'cantidad=10','Categorias en Preguntas Frecuentes','0',0,0),(84,'rsiblings',NULL,'sh=1&ds=childrens','Navegación Avanzada en Dónde Estamos','0',0,1),(85,'page/children',NULL,'','Subpáginas en Dónde Estamos','0',0,1),(86,'text',NULL,'mode=fck','Texto en Visión','0',0,0),(87,'text',NULL,'mode=fck','Texto en Visión','0',0,0),(88,'faq',NULL,'cantidad=10','Faqs en Prueba','0',0,0),(89,'text',NULL,'mode=fck','Texto en PREMIUM POS','0',0,0),(90,'page/path',NULL,'','Menú de migas en PREMIUM POS','0',0,1),(91,'text',NULL,'mode=fck','Texto en PREMIUM','0',0,0),(92,'text',NULL,'mode=fck','Texto en PLATINO COSTOS POS','0',0,0),(93,'text',NULL,'mode=fck','Texto en PLATINO NOMINA POS','0',0,0),(94,'text',NULL,'mode=fck','Texto en PLATINO COSTOS','0',0,0),(95,'text',NULL,'mode=fck','Texto en PLATINO NOMINA','0',0,0),(96,'text',NULL,'mode=fck','Texto en UNOPYMES POS','0',0,0),(97,'text',NULL,'mode=fck','Texto en UNOPYMES ESTANDAR','0',0,1),(98,'text',NULL,'mode=fck','Texto en Quienes Somos','0',0,1),(99,'text',NULL,'mode=fck','Texto en Clientes','0',0,1),(100,'text',NULL,'mode=fck','Texto en UNOPYMES PREMIUM POS','0',0,0),(101,'text',NULL,'mode=fck','Texto en Buzón de Sugerencias','0',0,0),(102,'text',NULL,'mode=fck','Texto en Distribuidores','0',0,0),(103,'text',NULL,'mode=fck','Texto en Dónde Estamos','0',0,0),(104,'text',NULL,'mode=fck','Texto en Quienes Somos','0',0,0),(105,'text',NULL,'mode=fck','Texto en Quienes Somos','0',0,0),(106,'text',NULL,'mode=fck','Texto en UNOPYMES PREMIUM POS','0',0,0),(107,'text',NULL,'mode=fck','Texto en UNOPYMES PREMIUM','0',0,0),(108,'text',NULL,'mode=fck','Texto en UNOPYMES PLATINO COSTOS POS','0',0,0),(109,'text',NULL,'mode=fck','Texto en UNOPYMES PLATINO NOMINA POS','0',0,0),(110,'text',NULL,'mode=fck','Texto en UNOPYMES PLATINO COSTOS','0',0,0),(111,'text',NULL,'mode=fck','Texto en UNOPYMES PLATINO NOMINA','0',0,0),(112,'text',NULL,'mode=fck','Texto en UNOPYMES POS','0',0,0),(113,'text',NULL,'mode=fck','Texto en UNOPYMES ESTANDAR','0',0,0),(114,'text',NULL,'mode=fck','Texto en Misión','0',0,0),(115,'text',NULL,'mode=fck','Texto en Misión','0',0,0),(116,'text',NULL,'mode=fck','Texto en Visión','0',0,0),(117,'text',NULL,'mode=fck','Texto en Visión','0',0,0),(118,'text',NULL,'mode=fck','Texto en Clientes','0',0,0),(119,'text',NULL,'mode=fck','Texto en Distribuidores','0',0,0),(120,'text',NULL,'mode=fck','Texto en Misión','0',0,0),(121,'text',NULL,'mode=fck','Texto en Visión','0',0,0),(122,'text',NULL,'mode=fck','Texto en Unopymes PREMIUM POS','0',0,0),(123,'text',NULL,'mode=fck','Texto en Bolsa de Empleo','0',0,0),(124,'text',NULL,'mode=fck','Texto en Bolsa de Empleo','0',0,0),(125,'text',NULL,'mode=fck','Texto en Bolsa de Empleo','0',0,0),(126,'text',NULL,'mode=fck','Texto en Mapa del Sitio','0',0,0),(127,'text',NULL,'mode=fck','Texto en Chat','0',0,0),(128,'text',NULL,'mode=fck','Texto en Chat','0',0,0),(129,'text',NULL,'mode=fck','Texto en Calendario','0',0,1),(130,'text',NULL,'mode=fck','Texto en Unopymes ESTANDAR','0',0,0),(131,'text',NULL,'mode=fck','Texto en Unopymes POS','0',0,0),(132,'text',NULL,'mode=fck','Texto en Unopymes PLATINO NOMINA','0',0,0),(133,'text',NULL,'mode=fck','Texto en Unopymes PLATINO COSTOS','0',0,0),(134,'text',NULL,'mode=fck','Texto en Unopymes PLATINO NOMINA POS','0',0,0),(135,'text',NULL,'mode=fck','Texto en Unopymes PLATINO COSTOS POS','0',0,0),(136,'text',NULL,'mode=fck','Texto en Unopymes PLATINO COSTOS POS','0',0,0),(137,'text',NULL,'mode=fck','Texto en Unopymes PREMIUM','0',0,0),(138,'text',NULL,'mode=fck','Texto en Quienes Somos','0',0,0),(139,'text',NULL,'mode=fck','Texto en Unopymes ESTANDAR','0',0,1),(140,'text',NULL,'mode=fck','Texto en Unopymes ESTANDAR','0',0,0),(141,'page/tree',NULL,'','Mapa del sitio en Mapa del Sitio','0',0,0),(142,'text',NULL,'mode=fck','Texto en Quienes Somos','0',0,0),(143,'resource/gallery',NULL,'rpp=10&viewer=table&order=timestamp','Librería de archivos en Quienes Somos','0',0,0),(144,'text',NULL,'mode=fck','Texto en Quienes Somos','0',0,0),(145,'chat',NULL,'','Module:chat en Chat','0',0,0),(146,'text',NULL,'mode=fck','Texto en Quienes Somos','0',0,1),(147,'text',NULL,'mode=fck','Texto en Licenciamiento','0',0,0),(148,'text',NULL,'mode=fck','Texto en Licenciamiento','0',0,0),(149,'text',NULL,'mode=fck','Texto en Licenciamiento','0',0,0),(150,'soporte',NULL,'','Chat para soporte en prueba de chat','0',0,0),(151,'contact',NULL,'email=root@localhost','Contacto en Distribuidores','0',0,0),(152,'text',NULL,'mode=fck','Texto en Dónde Estamos','0',0,0),(153,'rsiblings',NULL,'sh=1&ds=siblings','Navegación Avanzada en Quienes Somos','0',0,1),(154,'rsiblings',NULL,'sh=1&ds=childrens','Navegación Avanzada en Quienes Somos','0',0,0),(155,'rsiblings',NULL,'sh=1&ds=siblings','Navegación Avanzada en Misión','0',0,0),(156,'rsiblings',NULL,'ds=siblings','Navegación Avanzada en Unopymes PREMIUM POS','0',0,0),(157,'text',NULL,'mode=fck','Texto en Buzón de Sugerencias','0',0,0),(158,'soporte',NULL,'','Chat para soporte en chat','0',0,0),(159,'rsiblings',NULL,'ds=siblings','Navegación Avanzada en Unopymes PREMIUM POS','0',0,0),(160,'text',NULL,'mode=fck','Texto en Acceso Remoto','0',0,0),(161,'contact',NULL,'email=graciela.paz@siesa.com','Contacto en Licenciamiento','0',0,0);

--
-- Table structure for table `phi_instances_seq`
--

CREATE TABLE `phi_instances_seq` (
  `id` int(10) unsigned NOT NULL auto_increment,
  PRIMARY KEY  (`id`)
) ENGINE=MyISAM DEFAULT CHARSET=utf8;

--
-- Dumping data for table `phi_instances_seq`
--


INSERT INTO `phi_instances_seq` VALUES (161);

--
-- Table structure for table `phi_layout`
--

CREATE TABLE `phi_layout` (
  `instance` int(11) NOT NULL default '0',
  `page` int(11) NOT NULL default '0',
  `container` tinyint(4) NOT NULL default '0',
  `iorder` tinyint(4) NOT NULL default '0',
  `classname` varchar(64) NOT NULL default '',
  PRIMARY KEY  (`instance`,`page`)
) ENGINE=InnoDB DEFAULT CHARSET=utf8;

--
-- Dumping data for table `phi_layout`
--


INSERT INTO `phi_layout` VALUES (1,1,5,1,''),(1,29,1,0,''),(48,1,5,1,''),(49,1,2,2,'caja_enlaces'),(49,30,1,0,''),(49,31,2,3,'caja_enlaces_interna'),(49,32,2,2,'caja_enlaces_interna'),(49,33,2,2,'caja_enlaces_interna'),(49,34,2,2,'caja_enlaces_interna'),(49,62,2,2,'caja_enlaces_interna'),(49,63,2,2,'caja_enlaces_interna'),(49,64,2,2,'caja_enlaces_interna'),(49,65,2,3,'caja_enlaces_interna'),(49,148,2,2,'caja_enlaces'),(50,33,1,2,'Ninguno'),(51,1,3,1,''),(51,35,1,0,''),(52,1,1,1,''),(52,36,1,0,''),(53,1,4,1,''),(53,37,1,0,''),(54,31,2,1,''),(54,38,1,0,''),(55,32,1,1,''),(55,41,1,0,''),(56,31,2,4,''),(56,42,1,0,''),(57,31,2,1,''),(57,43,1,0,''),(58,31,2,5,'caja_interna'),(58,44,1,0,''),(59,32,2,3,'caja_enlaces_interna'),(59,45,1,0,''),(59,62,2,3,''),(59,63,2,3,''),(59,64,2,3,''),(59,65,2,4,''),(60,32,2,1,''),(60,46,1,0,''),(61,32,2,4,'Ninguno'),(61,47,1,0,''),(61,62,2,4,''),(61,63,2,4,'caja_interna'),(61,64,2,4,''),(61,65,2,5,''),(62,33,1,2,''),(62,48,1,0,''),(63,34,1,1,''),(63,49,1,0,''),(64,31,2,1,''),(64,50,1,0,''),(65,33,2,3,'caja_enlaces'),(66,39,1,1,'caja_texto'),(67,39,2,2,'caja_texto'),(68,33,2,4,''),(68,51,1,0,''),(69,34,2,3,''),(69,52,1,0,''),(70,34,2,4,''),(70,53,1,0,''),(71,34,2,2,'caja_enlaces'),(72,33,2,5,'caja_interna'),(72,54,1,0,''),(73,1,2,1,''),(73,55,1,0,''),(74,33,1,1,''),(74,56,1,0,''),(75,34,1,1,''),(75,57,1,0,''),(76,31,2,1,'caja_texto'),(76,32,2,1,'caja_texto'),(76,33,2,1,'caja_texto'),(76,34,2,1,'caja_texto'),(76,58,1,0,''),(76,62,2,1,'caja_texto'),(76,63,2,1,'caja_texto'),(76,64,2,1,''),(76,65,2,2,'caja_texto'),(76,148,2,1,'caja_texto'),(77,1,6,1,''),(77,31,3,1,''),(77,32,3,1,''),(77,33,3,1,''),(77,34,3,1,''),(77,39,3,1,''),(77,40,3,1,''),(77,59,1,0,''),(78,31,1,1,''),(78,60,1,0,''),(79,40,1,1,''),(79,61,1,0,''),(80,62,1,1,'caja_calendar'),(81,66,1,1,'Ninguno'),(82,34,1,2,''),(83,34,1,1,''),(84,65,2,1,'Ninguno'),(85,65,1,1,''),(86,68,1,1,''),(86,70,1,0,''),(87,69,1,1,''),(87,71,1,0,''),(88,72,1,0,''),(89,73,1,1,''),(89,74,1,0,''),(90,73,2,1,''),(91,75,1,1,''),(91,76,1,0,''),(92,77,1,1,''),(92,78,1,0,''),(93,79,1,1,''),(93,80,1,0,''),(94,81,1,1,''),(94,82,1,0,''),(95,83,1,1,''),(95,84,1,0,''),(96,85,1,1,''),(96,86,1,0,''),(97,87,1,1,''),(97,88,1,0,''),(98,67,1,1,''),(98,89,1,0,''),(99,31,1,1,''),(99,91,1,0,''),(100,73,3,1,''),(100,75,3,1,''),(100,79,3,1,''),(100,81,3,1,''),(100,83,3,1,''),(100,85,3,1,''),(100,87,3,1,''),(100,92,1,0,''),(101,64,3,1,''),(101,93,1,0,''),(102,63,3,1,''),(102,94,1,0,''),(103,65,3,1,''),(103,95,1,0,''),(104,67,3,1,''),(104,96,1,0,''),(105,67,2,3,'caja_interna'),(105,97,1,0,''),(105,148,2,4,'caja_interna'),(106,73,2,3,'caja_interna'),(106,98,1,0,''),(107,75,2,3,'caja_interna'),(107,99,1,0,''),(108,77,2,3,'caja_interna'),(108,100,1,0,''),(109,79,2,3,''),(109,101,1,0,''),(110,81,2,3,'caja_interna'),(110,102,1,0,''),(111,83,2,3,'caja_interna'),(111,103,1,0,''),(112,85,2,3,'caja_interna'),(112,104,1,0,''),(113,87,2,3,'caja_interna'),(113,105,1,0,''),(114,68,2,3,'caja_interna'),(114,106,1,0,''),(115,68,3,1,''),(115,107,1,0,''),(116,69,3,1,''),(116,108,1,0,''),(117,69,2,3,'caja_interna'),(117,109,1,0,''),(118,31,1,2,''),(118,110,1,0,''),(119,63,1,1,''),(119,111,1,0,''),(120,68,2,2,''),(120,112,1,0,''),(121,69,2,2,''),(121,113,1,0,''),(122,73,2,2,''),(122,114,1,0,''),(123,66,2,1,''),(123,115,1,0,''),(124,66,2,2,'caja_interna'),(124,116,1,0,''),(125,66,3,1,''),(125,117,1,0,''),(126,62,3,1,''),(126,118,1,0,''),(127,40,2,1,''),(127,119,1,0,''),(128,40,2,2,''),(128,120,1,0,''),(129,39,2,1,''),(129,121,1,0,''),(130,87,2,2,''),(130,122,1,0,''),(131,85,2,2,''),(131,123,1,0,''),(132,83,2,2,''),(132,124,1,0,''),(133,81,2,2,''),(133,125,1,0,''),(134,79,2,2,''),(134,126,1,0,''),(135,77,2,2,''),(135,127,1,0,''),(136,77,3,1,''),(136,128,1,0,''),(137,75,2,2,''),(137,129,1,0,''),(138,67,2,2,''),(138,130,1,0,''),(138,148,2,3,''),(139,87,1,2,''),(139,131,1,0,''),(140,87,1,1,''),(140,132,1,0,''),(141,62,1,1,''),(142,67,1,1,''),(142,134,1,0,''),(143,67,1,3,''),(143,135,1,0,''),(143,136,1,0,''),(143,137,1,0,''),(144,67,1,2,''),(144,138,1,0,''),(145,40,1,1,''),(146,67,2,3,''),(146,140,1,0,''),(147,139,3,1,''),(147,141,1,0,''),(148,139,2,1,''),(148,142,1,0,''),(149,139,2,2,'caja_interna'),(149,143,1,0,''),(150,144,1,1,''),(151,63,1,2,''),(152,65,1,1,''),(152,145,1,0,''),(153,67,1,4,''),(154,67,2,1,'caja_enlaces_interna'),(155,65,2,1,'caja_enlaces_interna'),(155,68,2,1,'caja_enlaces_interna'),(155,69,2,1,'caja_enlaces_interna'),(156,75,2,1,'caja_enlaces_interna'),(156,77,2,1,'caja_enlaces_interna'),(156,79,2,1,'caja_enlaces_interna'),(156,81,2,1,'caja_enlaces_interna'),(156,83,2,1,'caja_enlaces_interna'),(156,85,2,1,'caja_enlaces_interna'),(156,87,2,1,'caja_enlaces_interna'),(157,33,1,1,''),(157,146,1,0,''),(158,147,1,1,''),(159,73,2,1,'caja_enlaces_interna'),(160,148,1,1,''),(160,149,1,0,''),(161,139,1,1,'Ninguno');

--
-- Table structure for table `phi_membership`
--

CREATE TABLE `phi_membership` (
  `user` int(11) NOT NULL default '0',
  `group` int(11) NOT NULL default '0',
  PRIMARY KEY  (`user`,`group`)
) ENGINE=InnoDB DEFAULT CHARSET=utf8;

--
-- Dumping data for table `phi_membership`
--


INSERT INTO `phi_membership` VALUES (1,1);

--
-- Table structure for table `phi_noticias`
--

CREATE TABLE `phi_noticias` (
  `id` varchar(38) NOT NULL default '',
  `instance` int(11) NOT NULL default '0',
  `nombre` varchar(100) NOT NULL default '',
  `tipo` tinyint(4) NOT NULL default '0',
  `descripcion` text NOT NULL,
  `resumen` varchar(255) NOT NULL default '',
  `imagen` varchar(100) NOT NULL default '',
  `imagen_aux` varchar(150) NOT NULL default '',
  `fecha` int(11) NOT NULL default '0',
  `fecha_expiracion` int(11) NOT NULL default '0',
  `estado` tinyint(4) NOT NULL default '0',
  `orden` tinyint(3) unsigned default NULL,
  PRIMARY KEY  (`id`)
) ENGINE=MyISAM DEFAULT CHARSET=utf8;

--
-- Dumping data for table `phi_noticias`
--


INSERT INTO `phi_noticias` VALUES ('E5FD3FE6-ABF7-2D86-A24A-AB6B7BB4D46E',52,'siesa',1,'','','siesa (2).jpg','',1232593962,1236895023,0,NULL),('920A1186-F65B-40B6-B34D-06647FCED553',52,'Unopymes a su Servicio',2,'<p><font size=\"2\" face=\"Arial\">Unopymes es un producto  dise&ntilde;ado especialmente para satisfacer las necesidades de las micro,  y peque&ntilde;as empresas del sector comercial, industrial y de servicios.  Es un sistema que se ha agrupado en productos especializados dependiendo  del sector, la actividad y la necesidad especifica de cada empresa.  </font></p>','Unopymes es un producto diseñado especialmente para satisfacer las necesidades de las micro, y pequeñas empresas del sector comercial, industrial y de servicios.','','',1232666944,1236980920,1,1),('2F1A2ADD-0243-21A9-D433-E67F68B97187',52,'dirijase',1,'','','dirijase-febrero.jpg','',1232596315,1237647432,1,NULL),('6A9419BE-A263-36DC-0540-A492E6062CAE',52,'prueba',1,'','','comunidad virtual.jpg','',1233603241,1236895185,1,2),('2330185E-19C1-FD70-39A0-C22FB26657C9',52,'Nuevas Mejoras',1,'<p>Prueba2Prueba2Prueba2Prueba2</p>','','nuevas-mejoras-febrero.jpg','nuevas-mejoras.jpg',1232763256,1237647459,1,1),('A6AEB226-0B40-09FA-CEEC-FD3EFC856262',52,'Dirijase',1,'','','dirijase.jpg','',1233631949,1234045949,0,3),('81EFC0BA-00F5-A760-5C6A-A21C5C17CF9F',52,'Efectividad en Nuestros Productos',2,'<p><font size=\"2\" face=\"Arial\">Es un sistema que se ha agrupado en productos especializados dependiendo  del sector, la actividad y la necesidad especifica de cada empresa.  </font></p>','Es un sistema que se ha agrupado en productos especializados dependiendo del sector, la actividad y la necesidad especifica de cada empresa.','','',1234406742,1236980793,1,NULL);

--
-- Table structure for table `phi_page_parameters`
--

CREATE TABLE `phi_page_parameters` (
  `page` int(11) NOT NULL default '0',
  `name` varchar(255) NOT NULL default '',
  `value` text NOT NULL,
  PRIMARY KEY  (`page`,`name`)
) ENGINE=InnoDB DEFAULT CHARSET=utf8;

--
-- Dumping data for table `phi_page_parameters`
--


INSERT INTO `phi_page_parameters` VALUES (1,'cabezote','cabezote.swf'),(1,'tipo','objeto'),(29,'cabezote','cabezote.swf'),(29,'tipo','objeto'),(30,'cabezote','cabezote.swf'),(30,'tipo','objeto'),(31,'cabezote','cabezote.swf'),(31,'tipo','objeto'),(31,'title','Clientes'),(32,'cabezote','cabezote.swf'),(32,'tipo','objeto'),(32,'title','Productos'),(33,'cabezote','cabezote.swf'),(33,'tipo','objeto'),(33,'title','Buzón de Sugerencias'),(34,'cabezote','cabezote.swf'),(34,'tipo','objeto'),(34,'title','Preguntas Frecuentes'),(35,'cabezote','cabezote.swf'),(35,'tipo','objeto'),(36,'cabezote','cabezote.swf'),(36,'tipo','objeto'),(37,'cabezote','cabezote.swf'),(37,'tipo','objeto'),(38,'cabezote','cabezote.swf'),(38,'tipo','objeto'),(39,'cabezote','cabezote.swf'),(39,'tipo','objeto'),(39,'title','Calendario de Eventos'),(40,'cabezote','cabezote.swf'),(40,'tipo','objeto'),(40,'title','Chat'),(41,'cabezote','cabezote.swf'),(41,'tipo','objeto'),(42,'cabezote','cabezote.swf'),(42,'tipo','objeto'),(43,'cabezote','cabezote.swf'),(43,'tipo','objeto'),(44,'cabezote','cabezote.swf'),(44,'tipo','objeto'),(45,'cabezote','cabezote.swf'),(45,'tipo','objeto'),(46,'cabezote','cabezote.swf'),(46,'tipo','objeto'),(47,'cabezote','cabezote.swf'),(47,'tipo','objeto'),(48,'cabezote','cabezote.swf'),(48,'tipo','objeto'),(49,'cabezote','cabezote.swf'),(49,'tipo','objeto'),(50,'cabezote','cabezote.swf'),(50,'tipo','objeto'),(51,'cabezote','cabezote.swf'),(51,'tipo','objeto'),(52,'cabezote','cabezote.swf'),(52,'tipo','objeto'),(53,'cabezote','cabezote.swf'),(53,'tipo','objeto'),(54,'cabezote','cabezote.swf'),(54,'tipo','objeto'),(55,'cabezote','cabezote.swf'),(55,'tipo','objeto'),(56,'cabezote','cabezote.swf'),(56,'tipo','objeto'),(57,'cabezote','cabezote.swf'),(57,'tipo','objeto'),(58,'cabezote','cabezote.swf'),(58,'tipo','objeto'),(59,'cabezote','cabezote.swf'),(59,'tipo','objeto'),(60,'cabezote','cabezote.swf'),(60,'tipo','objeto'),(61,'cabezote','cabezote.swf'),(61,'tipo','objeto'),(62,'cabezote','cabezote.swf'),(62,'tipo','objeto'),(62,'title','Mapa del Sitio'),(63,'cabezote','cabezote.swf'),(63,'tipo','objeto'),(63,'title','Distribuidores'),(64,'cabezote','cabezote.swf'),(64,'tipo','objeto'),(64,'title','Buzón de Sugerencias'),(65,'cabezote','cabezote.swf'),(65,'tipo','objeto'),(65,'title','Dónde Estamos'),(66,'cabezote','cabezote.swf'),(66,'tipo','objeto'),(66,'title','Bolsa de Empleo'),(67,'cabezote','cabezote.swf'),(67,'tipo','objeto'),(67,'title','Quienes Somos'),(68,'cabezote','cabezote.swf'),(68,'tipo','objeto'),(68,'title','Misión'),(69,'cabezote','cabezote.swf'),(69,'tipo','objeto'),(69,'title','Visión'),(70,'cabezote','cabezote.swf'),(70,'tipo','objeto'),(71,'cabezote','cabezote.swf'),(71,'tipo','objeto'),(72,'cabezote','cabezote.swf'),(72,'tipo','objeto'),(73,'cabezote','cabezote.swf'),(73,'tipo','objeto'),(73,'title','UNO PYMES PREMIUM POS'),(74,'cabezote','cabezote.swf'),(74,'tipo','objeto'),(75,'cabezote','cabezote.swf'),(75,'tipo','objeto'),(75,'title','UNOPYMES PREMIUM   '),(76,'cabezote','cabezote.swf'),(76,'tipo','objeto'),(77,'cabezote','cabezote.swf'),(77,'tipo','objeto'),(77,'title','UNOPYMES PLATINO COSTOS POS'),(78,'cabezote','cabezote.swf'),(78,'tipo','objeto'),(79,'cabezote','cabezote.swf'),(79,'tipo','objeto'),(79,'title','UNOPYMES PLATINO NOMINA POS'),(80,'cabezote','cabezote.swf'),(80,'tipo','objeto'),(81,'cabezote','cabezote.swf'),(81,'tipo','objeto'),(81,'title','UNOPYMES PLATINO COSTOS'),(82,'cabezote','cabezote.swf'),(82,'tipo','objeto'),(83,'cabezote','cabezote.swf'),(83,'tipo','objeto'),(83,'title','UNOPYMES PLATINO NOMINA'),(84,'cabezote','cabezote.swf'),(84,'tipo','objeto'),(85,'cabezote','cabezote.swf'),(85,'tipo','objeto'),(85,'title','UNOPYMES POS'),(86,'cabezote','cabezote.swf'),(86,'tipo','objeto'),(87,'cabezote','cabezote.swf'),(87,'tipo','objeto'),(87,'title','UNOPYMES ESTANDAR'),(88,'cabezote','cabezote.swf'),(88,'tipo','objeto'),(89,'cabezote','cabezote.swf'),(89,'tipo','objeto'),(90,'cabezote','cabezote.swf'),(90,'tipo','objeto'),(91,'cabezote','cabezote.swf'),(91,'tipo','objeto'),(92,'cabezote','cabezote.swf'),(92,'tipo','objeto'),(93,'cabezote','cabezote.swf'),(93,'tipo','objeto'),(94,'cabezote','cabezote.swf'),(94,'tipo','objeto'),(95,'cabezote','cabezote.swf'),(95,'tipo','objeto'),(96,'cabezote','cabezote.swf'),(96,'tipo','objeto'),(97,'cabezote','cabezote.swf'),(97,'tipo','objeto'),(98,'cabezote','cabezote.swf'),(98,'tipo','objeto'),(99,'cabezote','cabezote.swf'),(99,'tipo','objeto'),(100,'cabezote','cabezote.swf'),(100,'tipo','objeto'),(101,'cabezote','cabezote.swf'),(101,'tipo','objeto'),(102,'cabezote','cabezote.swf'),(102,'tipo','objeto'),(103,'cabezote','cabezote.swf'),(103,'tipo','objeto'),(104,'cabezote','cabezote.swf'),(104,'tipo','objeto'),(105,'cabezote','cabezote.swf'),(105,'tipo','objeto'),(106,'cabezote','cabezote.swf'),(106,'tipo','objeto'),(107,'cabezote','cabezote.swf'),(107,'tipo','objeto'),(108,'cabezote','cabezote.swf'),(108,'tipo','objeto'),(109,'cabezote','cabezote.swf'),(109,'tipo','objeto'),(110,'cabezote','cabezote.swf'),(110,'tipo','objeto'),(111,'cabezote','cabezote.swf'),(111,'tipo','objeto'),(112,'cabezote','cabezote.swf'),(112,'tipo','objeto'),(113,'cabezote','cabezote.swf'),(113,'tipo','objeto'),(114,'cabezote','cabezote.swf'),(114,'tipo','objeto'),(115,'cabezote','cabezote.swf'),(115,'tipo','objeto'),(116,'cabezote','cabezote.swf'),(116,'tipo','objeto'),(117,'cabezote','cabezote.swf'),(117,'tipo','objeto'),(118,'cabezote','cabezote.swf'),(118,'tipo','objeto'),(119,'cabezote','cabezote.swf'),(119,'tipo','objeto'),(120,'cabezote','cabezote.swf'),(120,'tipo','objeto'),(121,'cabezote','cabezote.swf'),(121,'tipo','objeto'),(122,'cabezote','cabezote.swf'),(122,'tipo','objeto'),(123,'cabezote','cabezote.swf'),(123,'tipo','objeto'),(124,'cabezote','cabezote.swf'),(124,'tipo','objeto'),(125,'cabezote','cabezote.swf'),(125,'tipo','objeto'),(126,'cabezote','cabezote.swf'),(126,'tipo','objeto'),(127,'cabezote','cabezote.swf'),(127,'tipo','objeto'),(128,'cabezote','cabezote.swf'),(128,'tipo','objeto'),(129,'cabezote','cabezote.swf'),(129,'tipo','objeto'),(130,'cabezote','cabezote.swf'),(130,'tipo','objeto'),(131,'cabezote','cabezote.swf'),(131,'tipo','objeto'),(132,'cabezote','cabezote.swf'),(132,'tipo','objeto'),(133,'cabezote','cabezote.swf'),(133,'tipo','objeto'),(134,'cabezote','cabezote.swf'),(134,'tipo','objeto'),(135,'cabezote','cabezote.swf'),(135,'tipo','objeto'),(136,'cabezote','cabezote.swf'),(136,'tipo','objeto'),(137,'cabezote','cabezote.swf'),(137,'tipo','objeto'),(138,'cabezote','cabezote.swf'),(138,'tipo','objeto'),(139,'cabezote','cabezote.swf'),(139,'tipo','objeto'),(139,'title','Licenciamiento'),(140,'cabezote','cabezote.swf'),(140,'tipo','objeto'),(141,'cabezote','cabezote.swf'),(141,'tipo','objeto'),(142,'cabezote','cabezote.swf'),(142,'tipo','objeto'),(143,'cabezote','cabezote.swf'),(143,'tipo','objeto'),(144,'cabezote','cabezote.swf'),(144,'tipo','objeto'),(145,'cabezote','cabezote.swf'),(145,'tipo','objeto'),(146,'cabezote','cabezote.swf'),(146,'tipo','objeto'),(147,'cabezote','cabezote.swf'),(147,'tipo','objeto'),(147,'title','Chat de Soporte'),(148,'cabezote','cabezote.swf'),(148,'tipo','objeto'),(148,'title','Acceso Remoto'),(149,'cabezote','cabezote.swf'),(149,'tipo','objeto');

--
-- Table structure for table `phi_pages`
--

CREATE TABLE `phi_pages` (
  `id` int(11) NOT NULL default '0',
  `parent` int(11) default NULL,
  `name` varchar(255) default NULL,
  `description` text,
  `template` varchar(255) default NULL,
  `iorder` tinyint(4) NOT NULL default '0',
  `language` varchar(2) NOT NULL default '0',
  `wraps` int(11) NOT NULL default '0',
  `uriname` varchar(255) NOT NULL default '',
  `hidden` int(1) NOT NULL default '0',
  `default` int(1) NOT NULL default '0',
  `deleted` int(1) NOT NULL default '0',
  PRIMARY KEY  (`id`),
  KEY `uriname` (`uriname`),
  KEY `parent` (`parent`)
) ENGINE=InnoDB DEFAULT CHARSET=utf8;

--
-- Dumping data for table `phi_pages`
--


INSERT INTO `phi_pages` VALUES (1,0,'Inicio','','unopyme/index.htm',1,'0',0,'inicio',0,1,0),(29,1,'editar',NULL,NULL,0,'0',1,'',0,0,0),(30,1,'editar',NULL,NULL,0,'0',49,'',0,0,0),(31,0,'Clientes','','unopyme/doscolumnas.htm',7,'0',0,'clientes',0,0,0),(32,0,'Productos','','unopyme/doscolumnas.htm',4,'0',0,'productos',0,0,0),(33,0,'Contáctenos','','unopyme/doscolumnas.htm',8,'0',0,'contactenos',0,0,0),(34,0,'Preguntas Frecuentes','','unopyme/doscolumnas.htm',10,'0',0,'preguntas_frecuentes',1,0,0),(35,1,'editar',NULL,NULL,0,'0',51,'',0,0,0),(36,1,'module:noticias/ver',NULL,NULL,0,'0',52,'',0,0,0),(37,1,'editar',NULL,NULL,0,'0',53,'',0,0,0),(38,31,'editar',NULL,NULL,0,'0',54,'',0,0,0),(39,0,'Calendario','','unopyme/doscolumnas.htm',11,'0',0,'calendario',1,0,0),(40,0,'Chat','','unopyme/doscolumnas.htm',12,'0',0,'chat',1,0,1),(41,31,'editar',NULL,NULL,0,'0',55,'',0,0,0),(42,31,'editar',NULL,NULL,0,'0',56,'',0,0,0),(43,31,'editar',NULL,NULL,0,'0',57,'',0,0,0),(44,31,'editar',NULL,NULL,0,'0',58,'',0,0,0),(45,32,'editar',NULL,NULL,0,'0',59,'',0,0,0),(46,32,'editar',NULL,NULL,0,'0',60,'',0,0,0),(47,32,'editar',NULL,NULL,0,'0',61,'',0,0,0),(48,33,'editar',NULL,NULL,0,'0',62,'',0,0,0),(49,34,'editar',NULL,NULL,0,'0',63,'',0,0,0),(50,31,'editar',NULL,NULL,0,'0',64,'',0,0,0),(51,33,'editar',NULL,NULL,0,'0',68,'',0,0,0),(52,34,'editar',NULL,NULL,0,'0',69,'',0,0,0),(53,34,'editar',NULL,NULL,0,'0',70,'',0,0,0),(54,33,'editar',NULL,NULL,0,'0',72,'',0,0,0),(55,1,'editar',NULL,NULL,0,'0',73,'',0,0,0),(56,33,'editar',NULL,NULL,0,'0',74,'',0,0,0),(57,34,'editar',NULL,NULL,0,'0',75,'',0,0,0),(58,31,'editar',NULL,NULL,0,'0',76,'',0,0,0),(59,1,'editar',NULL,NULL,0,'0',77,'',0,0,0),(60,31,'editar',NULL,NULL,0,'0',78,'',0,0,0),(61,40,'editar',NULL,NULL,0,'0',79,'',0,0,0),(62,0,'Mapa del Sitio','','unopyme/doscolumnas.htm',13,'0',0,'mapa_del_sitio',1,0,0),(63,0,'Distribuidores','','unopyme/doscolumnas.htm',6,'0',0,'distribuidores',0,0,0),(64,0,'Buzón de Sugerencias','','unopyme/doscolumnas.htm',9,'0',0,'buzon_de_sugerencias',0,0,1),(65,67,'Dónde Estamos','','unopyme/doscolumnas.htm',1,'0',0,'donde_estamos',1,0,0),(66,0,'Bolsa de Empleo','','unopyme/doscolumnas.htm',14,'0',0,'bolsa_de_empleo',1,0,0),(67,0,'Quienes Somos','','unopyme/doscolumnas.htm',2,'0',0,'quienes_somos',0,0,0),(68,67,'Misión','','unopyme/doscolumnas.htm',2,'0',0,'mision',1,0,0),(69,67,'Visión','','unopyme/doscolumnas.htm',3,'0',0,'vision',1,0,0),(70,69,'editar',NULL,NULL,0,'0',86,'',0,0,0),(71,69,'editar',NULL,NULL,0,'0',87,'',0,0,0),(72,0,'Prueba','',NULL,16,'0',0,'prueba',1,0,1),(73,32,'Unopymes PREMIUM POS','','unopyme/doscolumnas.htm',1,'0',0,'unopymes_premium_pos',0,0,0),(74,73,'editar',NULL,NULL,0,'0',89,'',0,0,0),(75,32,'Unopymes PREMIUM','','unopyme/doscolumnas.htm',2,'0',0,'unopymes_premium',0,0,0),(76,75,'editar',NULL,NULL,0,'0',91,'',0,0,0),(77,32,'Unopymes PLATINO COSTOS POS','','unopyme/doscolumnas.htm',3,'0',0,'unopymes_platino_costos_pos',0,0,0),(78,77,'editar',NULL,NULL,0,'0',92,'',0,0,0),(79,32,'Unopymes PLATINO NOMINA POS','','unopyme/doscolumnas.htm',4,'0',0,'unopymes_platino_nomina_pos',0,0,0),(80,79,'editar',NULL,NULL,0,'0',93,'',0,0,0),(81,32,'Unopymes PLATINO COSTOS','','unopyme/doscolumnas.htm',5,'0',0,'unopymes_platino_costos',0,0,0),(82,81,'editar',NULL,NULL,0,'0',94,'',0,0,0),(83,32,'Unopymes PLATINO NOMINA','','unopyme/doscolumnas.htm',6,'0',0,'unopymes_platino_nomina',0,0,0),(84,83,'editar',NULL,NULL,0,'0',95,'',0,0,0),(85,32,'Unopymes POS','','unopyme/doscolumnas.htm',7,'0',0,'unopymes_pos',0,0,0),(86,85,'editar',NULL,NULL,0,'0',96,'',0,0,0),(87,32,'Unopymes ESTANDAR','','unopyme/doscolumnas.htm',17,'0',0,'unopymes_estandar',0,0,0),(88,87,'editar',NULL,NULL,0,'0',97,'',0,0,0),(89,67,'editar',NULL,NULL,0,'0',98,'',0,0,0),(90,67,'MISIÓN','',NULL,18,'0',0,'mision',0,0,1),(91,31,'editar',NULL,NULL,0,'0',99,'',0,0,0),(92,73,'editar',NULL,NULL,0,'0',100,'',0,0,0),(93,64,'editar',NULL,NULL,0,'0',101,'',0,0,0),(94,63,'editar',NULL,NULL,0,'0',102,'',0,0,0),(95,65,'editar',NULL,NULL,0,'0',103,'',0,0,0),(96,67,'editar',NULL,NULL,0,'0',104,'',0,0,0),(97,67,'editar',NULL,NULL,0,'0',105,'',0,0,0),(98,73,'editar',NULL,NULL,0,'0',106,'',0,0,0),(99,75,'editar',NULL,NULL,0,'0',107,'',0,0,0),(100,77,'editar',NULL,NULL,0,'0',108,'',0,0,0),(101,79,'editar',NULL,NULL,0,'0',109,'',0,0,0),(102,81,'editar',NULL,NULL,0,'0',110,'',0,0,0),(103,83,'editar',NULL,NULL,0,'0',111,'',0,0,0),(104,85,'editar',NULL,NULL,0,'0',112,'',0,0,0),(105,87,'editar',NULL,NULL,0,'0',113,'',0,0,0),(106,68,'editar',NULL,NULL,0,'0',114,'',0,0,0),(107,68,'editar',NULL,NULL,0,'0',115,'',0,0,0),(108,69,'editar',NULL,NULL,0,'0',116,'',0,0,0),(109,69,'editar',NULL,NULL,0,'0',117,'',0,0,0),(110,31,'editar',NULL,NULL,0,'0',118,'',0,0,0),(111,63,'editar',NULL,NULL,0,'0',119,'',0,0,0),(112,68,'editar',NULL,NULL,0,'0',120,'',0,0,0),(113,69,'editar',NULL,NULL,0,'0',121,'',0,0,0),(114,73,'editar',NULL,NULL,0,'0',122,'',0,0,0),(115,66,'editar',NULL,NULL,0,'0',123,'',0,0,0),(116,66,'editar',NULL,NULL,0,'0',124,'',0,0,0),(117,66,'editar',NULL,NULL,0,'0',125,'',0,0,0),(118,62,'editar',NULL,NULL,0,'0',126,'',0,0,0),(119,40,'editar',NULL,NULL,0,'0',127,'',0,0,0),(120,40,'editar',NULL,NULL,0,'0',128,'',0,0,0),(121,39,'editar',NULL,NULL,0,'0',129,'',0,0,0),(122,87,'editar',NULL,NULL,0,'0',130,'',0,0,0),(123,85,'editar',NULL,NULL,0,'0',131,'',0,0,0),(124,83,'editar',NULL,NULL,0,'0',132,'',0,0,0),(125,81,'editar',NULL,NULL,0,'0',133,'',0,0,0),(126,79,'editar',NULL,NULL,0,'0',134,'',0,0,0),(127,77,'editar',NULL,NULL,0,'0',135,'',0,0,0),(128,77,'editar',NULL,NULL,0,'0',136,'',0,0,0),(129,75,'editar',NULL,NULL,0,'0',137,'',0,0,0),(130,67,'editar',NULL,NULL,0,'0',138,'',0,0,0),(131,87,'editar',NULL,NULL,0,'0',139,'',0,0,0),(132,87,'editar',NULL,NULL,0,'0',140,'',0,0,0),(133,0,'Calendario Eventos','','',19,'0',0,'calendario_eventos',1,0,1),(134,67,'editar',NULL,NULL,0,'0',142,'',0,0,0),(135,67,'librería de archivos',NULL,NULL,0,'0',143,'',0,0,0),(136,67,'agregar archivo',NULL,NULL,0,'0',143,'',0,0,0),(137,67,'module:resource/edit',NULL,NULL,0,'0',143,'',0,0,0),(138,67,'editar',NULL,NULL,0,'0',144,'',0,0,0),(139,0,'Licenciamiento','','unopyme/doscolumnas.htm',20,'0',0,'licenciamiento',1,0,0),(140,67,'editar',NULL,NULL,0,'0',146,'',0,0,0),(141,139,'editar',NULL,NULL,0,'0',147,'',0,0,0),(142,139,'editar',NULL,NULL,0,'0',148,'',0,0,0),(143,139,'editar',NULL,NULL,0,'0',149,'',0,0,0),(144,0,'prueba de chat','',NULL,21,'0',0,'prueba_de_chat',0,0,1),(145,65,'editar',NULL,NULL,0,'0',152,'',0,0,0),(146,33,'editar',NULL,NULL,0,'0',157,'',0,0,0),(147,0,'chat','',NULL,22,'0',0,'chat',1,0,0),(148,0,'Acceso Remoto','','unopyme/doscolumnas.htm',23,'0',0,'acceso_remoto',1,0,0),(149,148,'editar',NULL,NULL,0,'0',160,'',0,0,0);

--
-- Table structure for table `phi_pages_seq`
--

CREATE TABLE `phi_pages_seq` (
  `id` int(10) unsigned NOT NULL auto_increment,
  PRIMARY KEY  (`id`)
) ENGINE=MyISAM DEFAULT CHARSET=utf8;

--
-- Dumping data for table `phi_pages_seq`
--


INSERT INTO `phi_pages_seq` VALUES (149);

--
-- Table structure for table `phi_poll_desc`
--

CREATE TABLE `phi_poll_desc` (
  `poll_id` mediumint(8) unsigned NOT NULL auto_increment,
  `question` varchar(255) NOT NULL default '',
  `description` tinytext NOT NULL,
  `user_id` int(5) unsigned NOT NULL default '0',
  `start_time` int(10) unsigned NOT NULL default '0',
  `end_time` int(10) unsigned NOT NULL default '0',
  `votes` smallint(5) unsigned NOT NULL default '0',
  `voters` smallint(5) unsigned NOT NULL default '0',
  `multiple` tinyint(1) unsigned NOT NULL default '0',
  `display` tinyint(1) unsigned NOT NULL default '0',
  `weight` smallint(5) unsigned NOT NULL default '0',
  `mail_status` tinyint(1) unsigned NOT NULL default '0',
  `instance` int(10) unsigned NOT NULL default '0',
  PRIMARY KEY  (`poll_id`),
  KEY `end_time` (`end_time`),
  KEY `display` (`display`)
) ENGINE=MyISAM DEFAULT CHARSET=latin1;

--
-- Dumping data for table `phi_poll_desc`
--


INSERT INTO `phi_poll_desc` VALUES (7,'¿Qué le parece nuestro portal?','',0,1232503904,1262311904,17,0,0,0,0,0,48);

--
-- Table structure for table `phi_poll_log`
--

CREATE TABLE `phi_poll_log` (
  `log_id` int(10) unsigned NOT NULL auto_increment,
  `poll_id` mediumint(8) unsigned NOT NULL default '0',
  `option_id` int(10) unsigned NOT NULL default '0',
  `ip` char(15) NOT NULL default '',
  `user_id` int(5) unsigned NOT NULL default '0',
  `time` int(10) unsigned NOT NULL default '0',
  PRIMARY KEY  (`log_id`),
  KEY `poll_id_user_id` (`poll_id`,`user_id`),
  KEY `poll_id_ip` (`poll_id`,`ip`)
) ENGINE=MyISAM DEFAULT CHARSET=latin1;

--
-- Dumping data for table `phi_poll_log`
--



--
-- Table structure for table `phi_poll_option`
--

CREATE TABLE `phi_poll_option` (
  `option_id` int(10) unsigned NOT NULL auto_increment,
  `poll_id` mediumint(8) unsigned NOT NULL default '0',
  `option_text` varchar(255) NOT NULL default '',
  `option_count` smallint(5) unsigned NOT NULL default '0',
  `option_color` varchar(25) NOT NULL default '',
  `option_order` int(10) unsigned NOT NULL default '0',
  PRIMARY KEY  (`option_id`),
  KEY `poll_id` (`poll_id`)
) ENGINE=MyISAM DEFAULT CHARSET=latin1;

--
-- Dumping data for table `phi_poll_option`
--


INSERT INTO `phi_poll_option` VALUES (21,48,'Muy  Bueno',14,'red.gif',2),(20,48,'Bueno',2,'blue.gif',1),(19,48,'Regular',0,'yellow.gif',0);

--
-- Table structure for table `phi_poll_option_seq`
--

CREATE TABLE `phi_poll_option_seq` (
  `id` int(10) unsigned NOT NULL auto_increment,
  PRIMARY KEY  (`id`)
) ENGINE=InnoDB DEFAULT CHARSET=latin1;

--
-- Dumping data for table `phi_poll_option_seq`
--


INSERT INTO `phi_poll_option_seq` VALUES (21);

--
-- Table structure for table `phi_privileges`
--

CREATE TABLE `phi_privileges` (
  `group` int(11) NOT NULL default '0',
  `type` varchar(24) NOT NULL default '',
  `element` varchar(24) NOT NULL default '0',
  `privilege` int(11) NOT NULL default '0',
  PRIMARY KEY  (`group`,`type`,`element`)
) ENGINE=InnoDB DEFAULT CHARSET=utf8;

--
-- Dumping data for table `phi_privileges`
--



--
-- Table structure for table `phi_resources`
--

CREATE TABLE `phi_resources` (
  `id` int(11) NOT NULL default '0',
  `title` varchar(255) NOT NULL default '',
  `description` text NOT NULL,
  `filename` varchar(255) NOT NULL default '',
  `mimetype` varchar(128) NOT NULL default '',
  `timestamp` int(11) NOT NULL default '0',
  `library` int(11) NOT NULL default '0',
  `owner` int(11) NOT NULL default '0',
  `comment_level` tinyint(1) NOT NULL default '0',
  PRIMARY KEY  (`id`)
) ENGINE=InnoDB DEFAULT CHARSET=latin1;

--
-- Dumping data for table `phi_resources`
--


INSERT INTO `phi_resources` VALUES (1,'Presentación de la Empresa','','PRESENTACION UNOPYMES VISION Y MISION.pdf','application/pdf',1234466557,143,0,0);

--
-- Table structure for table `phi_resources_seq`
--

CREATE TABLE `phi_resources_seq` (
  `id` int(10) unsigned NOT NULL auto_increment,
  PRIMARY KEY  (`id`)
) ENGINE=InnoDB DEFAULT CHARSET=latin1;

--
-- Dumping data for table `phi_resources_seq`
--


INSERT INTO `phi_resources_seq` VALUES (30);

--
-- Table structure for table `phi_tags`
--

CREATE TABLE `phi_tags` (
  `type` varchar(64) character set utf8 NOT NULL default '',
  `element` int(11) NOT NULL default '0',
  `tag` varchar(64) character set utf8 NOT NULL default '',
  PRIMARY KEY  (`type`,`element`,`tag`)
) ENGINE=InnoDB DEFAULT CHARSET=latin1 COLLATE=latin1_bin;

--
-- Dumping data for table `phi_tags`
--



--
-- Table structure for table `phi_texts`
--

CREATE TABLE `phi_texts` (
  `id` int(11) NOT NULL default '0',
  `author` int(11) NOT NULL default '0',
  `timestamp` int(11) NOT NULL default '0',
  `text` longtext NOT NULL,
  PRIMARY KEY  (`id`)
) ENGINE=InnoDB DEFAULT CHARSET=utf8;

--
-- Dumping data for table `phi_texts`
--


INSERT INTO `phi_texts` VALUES (49,0,1234581936,'<ul>\r\n    <li><a href=\"http://www.unopymes.com.co/index.php?p=bolsa_de_empleo&amp;\">Bolsa de Empleo</a></li>\r\n    <li><a href=\"http://www.unopymes.com.co/index.php?p=chat&amp;\">Chat</a></li>\r\n    <li>Inscripciones a Cursos</li>\r\n    <li><a href=\"http://www.unopymes.com.co/index.php?p=acceso_remoto&amp;\">Acceso Remoto</a></li>\r\n    <li><a href=\"http://www.unopymes.com.co/index.php?p=licenciamiento&amp;\">Licenciamiento</a></li>\r\n</ul>'),(51,0,1232666453,'<p style=\"text-align: center;\"><a href=\"http://www.unopymes.com.co/index.php?p=calendario&amp;\"><img width=\"224\" height=\"126\" border=\"0\" src=\"http://www.unopymes.com.co/.storage/media/calendario_e.jpg\" alt=\"\" /></a></p>'),(53,0,1232666728,'<p><a href=\"http://www.unopymes.com.co/index.php?p=chat&amp;\"><img width=\"239\" height=\"126\" border=\"0\" src=\"http://www.unopymes.com.co/.storage/media/chat.jpg\" alt=\"\" /></a></p>'),(54,0,1232663006,'<ul>\r\n    <li>acceso de soporte</li>\r\n    <li>&nbsp;</li>\r\n</ul>'),(55,0,1234390010,'<p style=\"text-align: justify;\">&nbsp;</p>\r\n<p style=\"text-align: justify;\"><img width=\"150\" height=\"170\" align=\"left\" src=\"http://www.unopymes.com.co/.storage/noticias_52/box.jpg\" alt=\"\" />Unopymes es un producto dise&ntilde;ado especialmente para satisfacer las necesidades de las micro, y peque&ntilde;as empresas del sector comercial, industrial y de servicios. Es un sistema que se ha agrupado en productos especializados dependiendo del sector, la actividad y la necesidad especifica de cada empresa.</p>\r\n<p style=\"text-align: justify;\">Nuestra&nbsp; l&iacute;nea de productos est&aacute; desarrollada para responder eficientemente a las necesidades de la PEQUE&Ntilde;A EMPRESA Y PROFESIONALES INDEPENDIENTES, ya que contamos con diversas aplicaciones adaptadas a los diferentes sectores econ&oacute;micos. Contamos con amplia experiencia en el mercado asesorando a las empresas en la adquisici&oacute;n de soluciones de software, hardware, capacitaci&oacute;n y comunicaciones.<br />\r\n<br />\r\nEl sistema&nbsp; UNOPYMES es totalmente integrado, todo en un solo programa y se basa en ingreso de documentos por tipo de movimiento. La fuente de informaci&oacute;n es &uacute;nica.&nbsp;&nbsp;&nbsp;&nbsp; Esta totalmente parametrizado, es decir, que el usuario ingresa el movimiento deseado&nbsp;&nbsp; (factura de venta y/o compra, recibo de caja, pago, etc.) y el sistema internamente realiza toda la imputaci&oacute;n y causaci&oacute;n contable de manera autom&aacute;tica, brind&aacute;ndole&nbsp; de esta forma, confiabilidad, rapidez y seguridad en su informaci&oacute;n.&nbsp; UNOPYMES esta desarrollado en ambiente Visual, totalmente portable y adaptable a cualquier plataforma Windows 9x, Me, 2000, NT 4.x , XP.<br />\r\n<br />\r\n&nbsp;</p>\r\n<p>Nuestros sistemas est&aacute;n compuestos de las siguientes rutinas:</p>\r\n<p style=\"text-align: justify;\"><br />\r\n<strong>SISTEMA DE CONTABILIDAD</strong><br />\r\nFacturaci&oacute;n &ndash; Inventarios &ndash; Ventas &ndash; Remisiones &ndash; Cotizaciones &ndash; Pedidos&nbsp; &ndash; Compras &ndash; Ordenes de compra &ndash; Activos Fijos&nbsp; &ndash; Presupuesto &ndash; Caja y Bancos (Tesorer&iacute;a) &ndash; Prestamos &ndash; Pagos &ndash; Cuentas por pagar &ndash; Cuentas por cobrar &ndash; Ajustes por Inflaci&oacute;n &ndash; Amortizaci&oacute;n de diferidos &ndash; Depreciaci&oacute;n Autom&aacute;tica &ndash; Ingresos diferidos &ndash; Otras cuentas por pagar &ndash; Medios Magn&eacute;ticos &ndash; Manejo de Moneda Extranjera &ndash; Impuestos: Liquidaciones y pagos &ndash; Informes Contables y financieros.<br />\r\n<br />\r\n<strong>SISTEMA DE N&Oacute;MINA</strong><br />\r\nLiquidaci&oacute;n de la Nomina &ndash; Acumulaci&oacute;n de Nominas &ndash; Liquidaci&oacute;n de primas de servicios &ndash; Vacaciones &ndash; Aportes parafiscales &ndash; Cesant&iacute;as: Intereses y consolidaciones &ndash; Informes &ndash; Planillas de pago &ndash; Liquidaci&oacute;n total de empleados &ndash; Planilla unificada de aportes.<br />\r\n<br />\r\n<strong>SISTEMA DE COSTOS</strong><br />\r\nTraslados de materia prima &ndash; Mano de obra directa &ndash; Mano de obra externa &ndash; Costos de operaci&oacute;n de las maquinas &ndash; Devoluciones de materia prima de producci&oacute;n &ndash; Traslados parciales y/o totales de proceso a producto terminado &ndash; Traslados por peso y por volumen &ndash; Traslados por cantidades &ndash; Traslados por m&uacute;ltiples productos &ndash; Consultas detalladas de las ordenes de producci&oacute;n.<br />\r\n<br />\r\n<strong>SISTEMA DE PUNTO DE VENTA</strong><br />\r\nFacturaci&oacute;n Punto de venta &ndash; Arqueos de caja &ndash; Recepci&oacute;n de tarjetas &ndash; Combinaci&oacute;n de pagos recibidos &ndash; Control de cajeros &ndash; Traslados de Caja general a punto de venta &ndash; Traslados a Caja general &ndash; Devoluci&oacute;n de Productos &ndash; Identificaci&oacute;n de c&oacute;digos de barras.</p>\r\n<p style=\"text-align: justify;\">Estos sistemas han sido agrupados, de acuerdo a las necesidades especificas y funcionales de cada empresa.</p>\r\n<p style=\"text-align: justify;\">&nbsp;</p>\r\n<p style=\"text-align: justify;\"><strong>LICENCIA MULTIUSARIA:</strong><br />\r\nEl sistema Unopymes esta en capacidad operativa de brindar funcionabilidad multiusuaria y multitarea, es decir, trabajar en varios equipos comunicados a trav&eacute;s de la red local o externa de su compa&ntilde;&iacute;a, accediendo a un misma base de datos, controlando consecutivos y procesos desde las estaciones de trabajo al equipo servidor que su compa&ntilde;&iacute;a destine para este fin.<br />\r\n<br />\r\nEl costo de la licencia multiusuaria depender&aacute; del numero y&nbsp; lugar donde est&eacute;n instaladas las estaciones de trabajo, es decir si las estaciones de trabajo est&aacute;n dentro del mismo establecimiento o local comercial o si est&aacute;n f&iacute;sicamente por fuera de la oficina principal. <br />\r\n<br />\r\nIdentificamos entonces 2 tipos de licenciamiento multiusuario:</p>\r\n<p style=\"text-align: justify;\">&nbsp;</p>\r\n<p style=\"text-align: center;\"><img width=\"394\" height=\"64\" src=\"http://www.unopymes.com.co/.storage/noticias_52/ESTACION-TRABAJO.jpg\" alt=\"\" /><br />\r\n&nbsp;</p>\r\n<p>&nbsp;</p>\r\n<p style=\"text-align: justify;\"><br />\r\n<strong>SERVICIOS COMPLEMENTARIOS:</strong><br />\r\nNuestra experiencia en el medio, nos muestra que la mayor efectividad y el mayor nivel de aprovechamiento de una herramienta contable se logran a trav&eacute;s de procesos complementarios a la adquisici&oacute;n de la licencia de uso de la aplicaci&oacute;n. Estos procesos son de vital importancia para la puesta en marcha de la aplicaci&oacute;n ya que garantiza la correcta funcionabilidad de nuestro software.<br />\r\n<br />\r\n<strong>ACOMPA&Ntilde;AMIENTO:&nbsp;&nbsp;&nbsp;</strong> &nbsp;&nbsp; &nbsp;&nbsp;&nbsp; &nbsp;&nbsp;&nbsp; &nbsp;&nbsp;&nbsp; &nbsp;&nbsp;&nbsp; &nbsp;&nbsp;&nbsp; &nbsp;&nbsp;  <br />\r\nParametrizacion de su compa&ntilde;&iacute;a de acuerdo a la actividad econ&oacute;mica<br />\r\nServicio personalizado y presencial<br />\r\nServicio enfocado a las necesidades directas de su compa&ntilde;&iacute;a<br />\r\nAclaraci&oacute;n de posibles dudas provenientes de la capacitaci&oacute;n<br />\r\nIntensidad horaria de 3 a 7 horas, de acuerdo al producto adquirido<br />\r\n<br />\r\n<br />\r\n<strong>SERVICIO DE SOPORTE SIN CONVENIO</strong><br />\r\nEn caso que la compa&ntilde;&iacute;a cliente no desee renovar&nbsp; los servicios del convenio de soporte, los servicios incluidos en dicho convenio, ser&aacute;n facturados de la siguiente manera:</p>\r\n<p>&nbsp;</p>\r\n<p style=\"text-align: justify;\"><img width=\"396\" height=\"115\" src=\"http://www.unopymes.com.co/.storage/noticias_52/actualizaciones-ley.jpg\" alt=\"\" /><br />\r\n<br />\r\n<br />\r\n<strong>CONSIDERACIONES GENERALES</strong><br />\r\nPara obtener resultados positivos es importante tener en cuenta las siguientes sugerencias las cuales son el compromiso de la compa&ntilde;&iacute;a cliente, para que el proyecto sea un &eacute;xito total<br />\r\n<br />\r\n<span style=\"color: rgb(128, 128, 128);\">1.</span> Adecuadas instalaciones el&eacute;ctricas (Polo a tierra, l&iacute;nea dedicada y regulada para proteger el computador).<br />\r\n<span style=\"color: rgb(128, 128, 128);\">2. </span>UPS (fuente de corriente sin interrupci&oacute;n) para evitar p&eacute;rdidas de informaci&oacute;n por bajones o ca&iacute;das de voltaje.<br />\r\n<span style=\"color: rgb(128, 128, 128);\">3. </span>Computadores acordes a los requerimientos y el volumen de informaci&oacute;n que se procesa (equipos de buena velocidad y capacidad suficiente en disco duro).<br />\r\n<span style=\"color: rgb(128, 128, 128);\">4.</span><span style=\"color: rgb(51, 51, 51);\"><strong> </strong></span>Mantener copias diarias de seguridad (Abuelo-Padre-Hijo) y una semanal de los archivos de datos en medios magn&eacute;ticos externos (Disquetes, tapes backups, etc.).<br />\r\n<span style=\"color: rgb(128, 128, 128);\">5.<strong> </strong></span>El personal seleccionado debe pertenecer al &aacute;rea que se est&aacute; sistematizando.<br />\r\n<span style=\"color: rgb(128, 128, 128);\">6.<strong> </strong></span>Contar con una muy buena experiencia en el manejo de los procesos al menos manualmente. <br />\r\n<span style=\"color: rgb(128, 128, 128);\">7.</span><span style=\"color: rgb(51, 51, 51);\"><strong> </strong></span>El porcentaje m&aacute;s alto de &eacute;xito lo determina la idoneidad, compromiso y dedicaci&oacute;n del usuario que maneja y opera las aplicaciones.<br />\r\n<span style=\"color: rgb(128, 128, 128);\">8.</span> El atraso en el cumplimiento de las mismas causar&aacute; demoras, perjudicando notoriamente la entrega de los resultados en los tiempos previstos.<br />\r\n<span style=\"color: rgb(128, 128, 128);\">9. </span>Cumplir las labores encomendadas en el tiempo previsto.<br />\r\n<span style=\"color: rgb(128, 128, 128);\">10. </span>Asistencia puntual y completa del personal elegido para recibir las c&aacute;tedras de capacitaci&oacute;n.<br />\r\n<br />\r\nEs importante concluir que los mejores sistemas administrativos se componen de: Buenos equipos, adecuadas instalaciones el&eacute;ctricas, un buen programa y sobre todo lo m&aacute;s importante, el personal que lo maneja<br />\r\n<br />\r\n&nbsp;</p>\r\n<p style=\"text-align: justify;\"><strong>EXCLUSIONES DE LA LICENCIA DE USO</strong><br />\r\nLa licencia de uso de Unopymes no incluye:<br />\r\n<br />\r\na. Derechos de comercializaci&oacute;n de las aplicaciones adquiridas por el usuario.<br />\r\nb. Cambios en los programas que impliquen desarrollo y programaci&oacute;n particular. <br />\r\nc. Asesor&iacute;a y servicios adicionales diferentes a los establecidos dentro del proceso de capacitaci&oacute;n<br />\r\nd. Reinducciones y reimplementaciones que se generen por causa del incumplimiento&nbsp; del cliente con los&nbsp; requerimientos m&iacute;nimos que se detallan m&aacute;s adelante.<br />\r\n<strong><br />\r\n</strong></p>\r\n<p style=\"text-align: justify;\"><strong>FORMAS DE PAGO<br />\r\n</strong></p>\r\n<ul>\r\n    <li style=\"text-align: justify;\">Cheques pos fechados hasta 12 meses. El primero de ellos a 30 d&iacute;as a partir de la compra.</li>\r\n    <li>Descuento por pago de contado del 5% en la licencia principal.</li>\r\n</ul>\r\n<p style=\"text-align: justify;\"><br />\r\n<br />\r\nNOTA: Los precios anteriores no incluyen IVA.</p>'),(56,0,1234468970,'<p><a href=\"http://www.unopymes.com.co/index.php?p=calendario&amp;\"><img width=\"192\" height=\"123\" border=\"0\" src=\"http://www.unopymes.com.co/.storage/media/calendarinterna.jpg\" alt=\"\" /></a></p>'),(58,0,1234468904,'<p>&nbsp;<a href=\"http://www.unopymes.com.co/index.php?p=chat&amp;\"><img width=\"187\" height=\"112\" border=\"0\" src=\"http://www.unopymes.com.co/.storage/media/chatinterna.jpg\" alt=\"\" /></a></p>'),(59,0,1233174252,'<p><a href=\"http://www.unopymes.com.co/index.php?p=calendario&amp;\"><img width=\"192\" height=\"123\" border=\"0\" src=\"http://www.unopymes.com.co/.storage/media/calendarinterna.jpg\" alt=\"\" /></a></p>'),(61,0,1233174288,'<p><a href=\"http://www.unopymes.com.co/index.php?p=chat&amp;\"><img width=\"187\" height=\"112\" border=\"0\" src=\"http://www.unopymes.com.co/.storage/media/chatinterna.jpg\" alt=\"\" /></a></p>'),(68,0,1232667647,'<p><img height=\"123\" width=\"192\" alt=\"\" src=\"http://www.unopymes.com.co/.storage/media/calendarinterna.jpg\" /></p>'),(69,0,1232682369,'<p><a href=\"http://www.unopymes.com.co/index.php?p=calendario&amp;\"><img width=\"192\" height=\"123\" border=\"0\" src=\"http://www.unopymes.com.co/.storage/media/calendarinterna.jpg\" alt=\"\" /></a></p>'),(70,0,1232682407,'<p><a href=\"http://www.unopymes.com.co/index.php?p=chat&amp;\"><img width=\"187\" height=\"112\" border=\"0\" src=\"http://www.unopymes.com.co/.storage/media/chatinterna.jpg\" alt=\"\" /></a></p>'),(72,0,1232667775,'<p><img height=\"112\" width=\"187\" alt=\"\" src=\"http://www.unopymes.com.co/.storage/media/chatinterna.jpg\" /></p>'),(73,0,1232682154,'<p><img width=\"179\" height=\"48\" alt=\"\" src=\"http://www.unopymes.com.co/.storage/media/servicios.png\" /></p>'),(74,0,1232684259,'<h3>Cont&aacute;ctenos</h3>'),(75,0,1232682332,'<h3>Preguntas Frecuentes</h3>'),(76,0,1232682984,'<p><img width=\"166\" height=\"31\" src=\"http://www.unopymes.com.co/.storage/media/servicios_interna.png\" alt=\"\" /></p>'),(77,0,1232740401,'<p><img src=\"http://www.unopymes.com.co/.storage/media/heder.jpg\" alt=\"\" /></p>'),(79,0,1232742714,'<h3>Seccion en desarrollo</h3>'),(86,0,1234555234,'<p style=\"text-align: justify;\"><img width=\"208\" height=\"94\" align=\"left\" src=\"http://www.unopymes.com.co/.storage/noticias_52/apretada.jpg\" alt=\"\" /></p>\r\n<p style=\"text-align: justify;\">Obtener el reconocimiento como l&iacute;deres en dise&ntilde;o y distribuci&oacute;n de software de excelente calidad, as&iacute; como en el servicio y soporte al cliente, siendo considerados como la mejor alternativa de nuestros clientes en los mercados en los cuales operamos.</p>'),(87,0,1234381344,'<p style=\"text-align: justify;\"><img width=\"144\" height=\"110\" align=\"left\" src=\"http://www.unopymes.com.co/.storage/noticias_52/ruedas.jpg\" alt=\"\" /> UNOPymes Ltda. Es una empresa que dise&ntilde;a, desarrolla, implementa e integra soluciones inform&aacute;ticas de alta tecnolog&iacute;a, innovadoras y eficientes para satisfacer las necesidades de nuestros clientes. En el desarrollo de nuestra misi&oacute;n trabajamos con un alto compromiso &eacute;tico superando las expectativas de los mercados donde operamos, creando valor agregado y oportunidades de crecimiento para nuestros clientes, colaboradores, empleados y accionistas.</p>'),(89,0,1235075573,'<p style=\"text-align: justify;\">&nbsp;</p>\r\n<table width=\"95%\" cellspacing=\"1\" cellpadding=\"1\" border=\"0\">\r\n    <tbody>\r\n        <tr>\r\n            <td style=\"text-align: center;\"><img width=\"180\" height=\"171\" src=\"http://www.unopymes.com.co/.storage/noticias_52/PRIMIUM-POS.jpg\" alt=\"\" /></td>\r\n            <td style=\"text-align: justify;\">Unopymes Premium Pos, es la aplicaci&oacute;n&nbsp; mas completa de nuestra gama de productos. Posee&nbsp; las bondades de todas nuestras aplicaciones. Especialmente desarrollada para pymes de alto nivel, que involucran procesos de manufactura, que necesitan administrar el recurso humano, y que a su vez tienen puntos de venta para los productos que elaboran. Todo esto sumado a la labor diaria de contabilidad que requiere la empresa en su normal funcionamiento.</td>\r\n        </tr>\r\n    </tbody>\r\n</table>\r\n<p style=\"text-align: justify;\">&nbsp;</p>\r\n<p style=\"text-align: justify;\">&nbsp;</p>\r\n<p style=\"text-align: justify;\">INCLUYE:</p>\r\n<p style=\"text-align: justify;\">&nbsp;</p>\r\n<p style=\"text-align: justify;\"><strong>SISTEMA DE CONTABILIDAD</strong></p>\r\n<table width=\"100%\" cellspacing=\"1\" cellpadding=\"1\" border=\"0\">\r\n    <tbody>\r\n        <tr>\r\n            <td>Facturaci&oacute;n</td>\r\n            <td>Inventarios</td>\r\n            <td>Ventas</td>\r\n        </tr>\r\n        <tr>\r\n            <td>Remisiones</td>\r\n            <td>Cotizaciones</td>\r\n            <td>Pedidos</td>\r\n        </tr>\r\n        <tr>\r\n            <td>Compras</td>\r\n            <td>Ordenes de compra</td>\r\n            <td>Activos fijos</td>\r\n        </tr>\r\n        <tr>\r\n            <td>Presupuesto</td>\r\n            <td>Caja y bancos (tesorer&iacute;a)</td>\r\n            <td>Prestamos</td>\r\n        </tr>\r\n        <tr>\r\n            <td>Pagos</td>\r\n            <td>Cuentas por pagar</td>\r\n            <td>Cuentas por cobrar</td>\r\n        </tr>\r\n        <tr>\r\n            <td>Ajustes por inflaci&oacute;n</td>\r\n            <td>Amortizaci&oacute;n de diferidos</td>\r\n            <td>Depreciaci&oacute;n autom&aacute;tica</td>\r\n        </tr>\r\n        <tr>\r\n            <td>Ingresos diferidos</td>\r\n            <td>Otras cuentas por pagar</td>\r\n            <td>Medios magn&eacute;ticos</td>\r\n        </tr>\r\n        <tr>\r\n            <td>Manejo de moneda extranjera</td>\r\n            <td>Impuestos: liquidaciones y pagos</td>\r\n            <td>Informes contables y financieros</td>\r\n        </tr>\r\n    </tbody>\r\n</table>\r\n<p style=\"text-align: justify;\">&nbsp;</p>\r\n<p style=\"text-align: justify;\">&nbsp;</p>\r\n<p style=\"text-align: justify;\"><strong>SISTEMA DE N&Oacute;MINA</strong></p>\r\n<table width=\"88%\" cellspacing=\"1\" cellpadding=\"1\" border=\"0\">\r\n    <tbody>\r\n        <tr>\r\n            <td>Liquidaci&oacute;n de la Nomina</td>\r\n            <td>Acumulaci&oacute;n de Nominas</td>\r\n        </tr>\r\n        <tr>\r\n            <td>Liquidaci&oacute;n de primas de servicios</td>\r\n            <td>Vacaciones</td>\r\n        </tr>\r\n        <tr>\r\n            <td>Aportes parafiscales</td>\r\n            <td>Cesant&iacute;as: Intereses y consolidaciones</td>\r\n        </tr>\r\n        <tr>\r\n            <td>Informes</td>\r\n            <td>Planillas de pago</td>\r\n        </tr>\r\n        <tr>\r\n            <td>Liquidaci&oacute;n total de empleados</td>\r\n            <td>Planilla unificada de aportes</td>\r\n        </tr>\r\n    </tbody>\r\n</table>\r\n<p style=\"text-align: justify;\">&nbsp;</p>\r\n<p style=\"text-align: justify;\">&nbsp;</p>\r\n<p style=\"text-align: justify;\"><strong>SISTEMA DE COSTOS DE MANUFACTURA</strong></p>\r\n<table width=\"100%\" cellspacing=\"1\" cellpadding=\"1\" border=\"0\">\r\n    <tbody>\r\n        <tr>\r\n            <td>Traslados de materia prima</td>\r\n            <td>Mano de obra directa</td>\r\n        </tr>\r\n        <tr>\r\n            <td>Mano de obra externa</td>\r\n            <td>Costos de operaci&oacute;n de las maquinas</td>\r\n        </tr>\r\n        <tr>\r\n            <td>Devoluciones de materia prima de producci&oacute;n</td>\r\n            <td>Traslados parciales y/o totales de proceso a producto terminado</td>\r\n        </tr>\r\n        <tr>\r\n            <td>Traslados por peso y por volumen</td>\r\n            <td>Traslados por cantidades</td>\r\n        </tr>\r\n        <tr>\r\n            <td>Traslados por m&uacute;ltiples productos</td>\r\n            <td>Consultas detalladas de las ordenes de producci&oacute;n</td>\r\n        </tr>\r\n    </tbody>\r\n</table>\r\n<p style=\"text-align: justify;\">&nbsp;</p>\r\n<p style=\"text-align: justify;\">&nbsp;</p>\r\n<p><strong>SISTEMA POS O PUNTO DE VENTA</strong></p>\r\n<table width=\"94%\" cellspacing=\"1\" cellpadding=\"1\" border=\"0\">\r\n    <tbody>\r\n        <tr>\r\n            <td>Facturaci&oacute;n Punto de venta</td>\r\n            <td>Arqueos de caja</td>\r\n        </tr>\r\n        <tr>\r\n            <td>Recepci&oacute;n de tarjetas</td>\r\n            <td>Combinaci&oacute;n de pagos recibidos</td>\r\n        </tr>\r\n        <tr>\r\n            <td>Control de cajeros</td>\r\n            <td>Traslados de Caja general a punto de venta</td>\r\n        </tr>\r\n        <tr>\r\n            <td>Traslados a Caja general</td>\r\n            <td>Devoluci&oacute;n de Productos</td>\r\n        </tr>\r\n        <tr>\r\n            <td>Identificaci&oacute;n de c&oacute;digos de barras</td>\r\n            <td>&nbsp;</td>\r\n        </tr>\r\n    </tbody>\r\n</table>\r\n<p>&nbsp;</p>\r\n<p>&nbsp;</p>\r\n<p><strong>CAPACITACI&Oacute;N</strong><strong><br />\r\n</strong></p>\r\n<p style=\"text-align: justify;\">Basado en un taller con ejemplos y transacciones contables y comerciales reales.<br />\r\nOrientado al personal que estar&aacute; en contacto directo y permanente con la aplicaci&oacute;n.<br />\r\nCupo sin costo alguno para 2 personas, le recomendamos, el contador y la auxiliar contable de su empresa.<br />\r\nIntensidad horaria de 12 horas.<br />\r\nInstalaciones perfectamente acondicionadas para este prop&oacute;sito<br />\r\n&nbsp;</p>\r\n<p style=\"text-align: justify;\">&nbsp;</p>\r\n<p style=\"text-align: justify;\"><strong>SOPORTE ANUAL</strong></p>\r\n<p style=\"text-align: justify;\">Vigencia de un (1) a&ntilde;o.<br />\r\nActualizaciones de ley acordes a las disposiciones del gobierno nacional.<br />\r\nActualizaciones que contengan mejoras dentro del sistema.<br />\r\nServicio de asistencia remota a trav&eacute;s de la red.<br />\r\nServicio de asistencia telef&oacute;nica.<br />\r\nVisitas preventivas y correctivas en su compa&ntilde;&iacute;a. <br />\r\nCapacitaci&oacute;n para nuevo personal involucrado en el manejo del software.</p>'),(91,0,1235070216,'<p>&nbsp;</p>\r\n<table width=\"95%\" cellspacing=\"1\" cellpadding=\"1\" border=\"0\">\r\n    <tbody>\r\n        <tr>\r\n            <td style=\"text-align: center;\"><img alt=\"\" src=\"http://www.unopymes.com.co/.storage/noticias_52/PRIMIUM.jpg\" /></td>\r\n            <td style=\"text-align: justify;\">Unopymes Premium, es la aplicaci&oacute;n&nbsp; mas completa de nuestra gama de productos. Posee&nbsp; las bondades de todas nuestras aplicaciones. Especialmente desarrollada para pymes de alto nivel, que involucran procesos de manufactura, que necesitan administrar el recurso humano y que suman a su labor diaria de los procesos contables y comerciales que requiere la empresa en su normal funcionamiento.</td>\r\n        </tr>\r\n    </tbody>\r\n</table>\r\n<p>&nbsp;&nbsp;</p>\r\n<p>&nbsp;</p>\r\n<p>&nbsp;</p>\r\n<p style=\"text-align: justify;\">INCLUYE:</p>\r\n<p style=\"text-align: justify;\">&nbsp;</p>\r\n<p style=\"text-align: justify;\"><strong>SISTEMA DE CONTABILIDAD</strong></p>\r\n<table width=\"100%\" cellspacing=\"1\" cellpadding=\"1\" border=\"0\">\r\n    <tbody>\r\n        <tr>\r\n            <td>Facturaci&oacute;n</td>\r\n            <td>Inventarios</td>\r\n            <td>Ventas</td>\r\n        </tr>\r\n        <tr>\r\n            <td>Remisiones</td>\r\n            <td>Cotizaciones</td>\r\n            <td>Pedidos</td>\r\n        </tr>\r\n        <tr>\r\n            <td>Compras</td>\r\n            <td>Ordenes de compra</td>\r\n            <td>Activos Fijos</td>\r\n        </tr>\r\n        <tr>\r\n            <td>Presupuesto</td>\r\n            <td>Caja y Bancos (Tesorer&iacute;a)</td>\r\n            <td>Prestamos</td>\r\n        </tr>\r\n        <tr>\r\n            <td>Pagos</td>\r\n            <td>Cuentas por pagar</td>\r\n            <td>Cuentas por cobrar</td>\r\n        </tr>\r\n        <tr>\r\n            <td>Ajustes por Inflaci&oacute;n</td>\r\n            <td>Amortizaci&oacute;n de diferidos</td>\r\n            <td>Depreciaci&oacute;n Autom&aacute;tica</td>\r\n        </tr>\r\n        <tr>\r\n            <td>Ingresos diferidos</td>\r\n            <td>Otras cuentas por pagar</td>\r\n            <td>Medios Magn&eacute;ticos</td>\r\n        </tr>\r\n        <tr>\r\n            <td>Manejo de Moneda Extranjera</td>\r\n            <td>Impuestos: Liquidaciones y pagos</td>\r\n            <td>Informes Contables y financieros</td>\r\n        </tr>\r\n    </tbody>\r\n</table>\r\n<p style=\"text-align: justify;\"><br />\r\n&nbsp;</p>\r\n<p style=\"text-align: justify;\"><strong>SISTEMA DE N&Oacute;MINA</strong></p>\r\n<table width=\"88%\" cellspacing=\"1\" cellpadding=\"1\" border=\"0\">\r\n    <tbody>\r\n        <tr>\r\n            <td>Liquidaci&oacute;n de la Nomina</td>\r\n            <td>Acumulaci&oacute;n de Nominas</td>\r\n        </tr>\r\n        <tr>\r\n            <td>Liquidaci&oacute;n de primas de servicios</td>\r\n            <td>Vacaciones</td>\r\n        </tr>\r\n        <tr>\r\n            <td>Aportes parafiscales</td>\r\n            <td>Cesant&iacute;as: Intereses y consolidaciones</td>\r\n        </tr>\r\n        <tr>\r\n            <td>Informes</td>\r\n            <td>Planillas de pago</td>\r\n        </tr>\r\n        <tr>\r\n            <td>Liquidaci&oacute;n total de empleados</td>\r\n            <td>Planilla unificada de aportes</td>\r\n        </tr>\r\n    </tbody>\r\n</table>\r\n<p style=\"text-align: justify;\"><br />\r\n&nbsp;</p>\r\n<p style=\"text-align: justify;\"><strong>SISTEMA DE COSTOS DE MANUFACTURA</strong></p>\r\n<table width=\"100%\" cellspacing=\"1\" cellpadding=\"1\" border=\"0\">\r\n    <tbody>\r\n        <tr>\r\n            <td>Traslados de materia prima</td>\r\n            <td>Mano de obra directa</td>\r\n        </tr>\r\n        <tr>\r\n            <td>Mano de obra externa</td>\r\n            <td>Costos de operaci&oacute;n de las maquinas</td>\r\n        </tr>\r\n        <tr>\r\n            <td>Devoluciones de materia prima de producci&oacute;n</td>\r\n            <td>Traslados parciales y/o totales de proceso a producto terminado</td>\r\n        </tr>\r\n        <tr>\r\n            <td>Traslados por peso y por volumen</td>\r\n            <td>Traslados por cantidades</td>\r\n        </tr>\r\n        <tr>\r\n            <td>Traslados por m&uacute;ltiples productos</td>\r\n            <td>Consultas detalladas de las ordenes de producci&oacute;n</td>\r\n        </tr>\r\n    </tbody>\r\n</table>\r\n<p style=\"text-align: justify;\">&nbsp;</p>\r\n<p style=\"text-align: justify;\">&nbsp;</p>\r\n<p><strong>CAPACITACI&Oacute;N</strong></p>\r\n<p>Basado en un taller con ejemplos y transacciones contables y comerciales reales<br />\r\nOrientado al personal que estar&aacute; en contacto directo y permanente con la aplicaci&oacute;n<br />\r\nCupo sin costo alguno para 2 personas, le recomendamos, el contador y la auxiliar contable de su empresa<br />\r\nIntensidad horaria de 12 horas<br />\r\nInstalaciones perfectamente acondicionadas para este prop&oacute;sito</p>\r\n<p>&nbsp;</p>\r\n<p>&nbsp;</p>\r\n<p><strong>SOPORTE ANUAL</strong></p>\r\n<p style=\"text-align: justify;\">Vigencia de un (1) a&ntilde;o<br />\r\nActualizaciones de ley acordes a las disposiciones del gobierno nacional<br />\r\nActualizaciones que contengan mejoras dentro del sistema<br />\r\nServicio de asistencia remota a trav&eacute;s de la red<br />\r\nServicio de asistencia telef&oacute;nica<br />\r\nVisitas preventivas y correctivas en su compa&ntilde;&iacute;a.<br />\r\nCapacitaci&oacute;n para nuevo personal involucrado en el manejo del software</p>'),(92,0,1235070345,'<p style=\"text-align: justify;\">&nbsp;</p>\r\n<table width=\"95%\" cellspacing=\"1\" cellpadding=\"1\" border=\"0\">\r\n    <tbody>\r\n        <tr>\r\n            <td style=\"text-align: center;\">\r\n            <p>&nbsp;</p>\r\n            <p>&nbsp;</p>\r\n            <p>&nbsp;</p>\r\n            <p><img width=\"180\" height=\"171\" src=\"http://www.unopymes.com.co/.storage/noticias_52/PLATI-C-POS.jpg\" alt=\"\" /></p>\r\n            </td>\r\n            <td style=\"text-align: justify;\">Unopymes Platino Costos - Pos, es una aplicaci&oacute;n especialmente dise&ntilde;ada para el sector de la producci&oacute;n. Posee poderosas rutinas de contabilizaci&oacute;n de todos los procesos que intervienen en la fabricaci&oacute;n de productos terminados. Controla todas las materias primas, las maquinas, las horas de los operarios, los costos indirectos de fabricaci&oacute;n, la mano de obra contratada para la orden de producci&oacute;n, mermas, kits de los productos que finalmente ir&aacute;n al proceso de fabricaci&oacute;n, peso y volumen de los productos elaborados. Todo esto bajo la captura sencilla de los documentos que ingresan cada una de las acciones del proceso de manufactura, adem&aacute;s de contar con un poderoso y sencillo sistema de punto de venta, para aquellas transacciones de mostrador que se deben realizar de una manera f&aacute;cil, r&aacute;pida y eficiente, registrando todas los movimientos sin interfases y en l&iacute;nea al sistema contable.</td>\r\n        </tr>\r\n    </tbody>\r\n</table>\r\n<p style=\"text-align: justify;\">&nbsp;</p>\r\n<p style=\"text-align: justify;\">&nbsp;</p>\r\n<p style=\"text-align: justify;\"><br />\r\nINCLUYE:&nbsp;</p>\r\n<p style=\"text-align: justify;\">&nbsp;</p>\r\n<p style=\"text-align: justify;\"><strong>SISTEMA DE CONTABILIDAD</strong></p>\r\n<table width=\"100%\" cellspacing=\"1\" cellpadding=\"1\" border=\"0\">\r\n    <tbody>\r\n        <tr>\r\n            <td>Facturaci&oacute;n</td>\r\n            <td>Inventarios</td>\r\n            <td>Ventas</td>\r\n        </tr>\r\n        <tr>\r\n            <td>Remisiones</td>\r\n            <td>Cotizaciones</td>\r\n            <td>Pedidos</td>\r\n        </tr>\r\n        <tr>\r\n            <td>Compras</td>\r\n            <td>Ordenes de compra</td>\r\n            <td>Activos Fijos</td>\r\n        </tr>\r\n        <tr>\r\n            <td>Presupuesto</td>\r\n            <td>Caja y Bancos (Tesorer&iacute;a)</td>\r\n            <td>Prestamos</td>\r\n        </tr>\r\n        <tr>\r\n            <td>Pagos</td>\r\n            <td>Cuentas por pagar</td>\r\n            <td>Cuentas por cobrar</td>\r\n        </tr>\r\n        <tr>\r\n            <td>Ajustes por Inflaci&oacute;n</td>\r\n            <td>Amortizaci&oacute;n de diferidos</td>\r\n            <td>Depreciaci&oacute;n Autom&aacute;tica</td>\r\n        </tr>\r\n        <tr>\r\n            <td>Ingresos diferidos</td>\r\n            <td>Otras cuentas por pagar</td>\r\n            <td>Medios Magn&eacute;ticos</td>\r\n        </tr>\r\n        <tr>\r\n            <td>Manejo de Moneda Extranjera</td>\r\n            <td>Impuestos: Liquidaciones y pagos</td>\r\n            <td>Informes Contables y financieros</td>\r\n        </tr>\r\n    </tbody>\r\n</table>\r\n<p style=\"text-align: justify;\">&nbsp;</p>\r\n<p style=\"text-align: justify;\">&nbsp;</p>\r\n<p style=\"text-align: justify;\"><strong>SISTEMA DE COSTOS DE MANUFACTURA</strong></p>\r\n<table width=\"100%\" cellspacing=\"1\" cellpadding=\"1\" border=\"0\">\r\n    <tbody>\r\n        <tr>\r\n            <td>Traslados de materia prima</td>\r\n            <td>Mano de obra directa</td>\r\n        </tr>\r\n        <tr>\r\n            <td>Mano de obra externa</td>\r\n            <td>Costos de operaci&oacute;n de las maquinas</td>\r\n        </tr>\r\n        <tr>\r\n            <td>Devoluciones de materia prima de producci&oacute;n</td>\r\n            <td>Traslados parciales y/o totales de proceso a producto terminado</td>\r\n        </tr>\r\n        <tr>\r\n            <td>Traslados por peso y por volumen</td>\r\n            <td>Traslados por cantidades</td>\r\n        </tr>\r\n        <tr>\r\n            <td>Traslados por m&uacute;ltiples productos</td>\r\n            <td>Consultas detalladas de las ordenes de producci&oacute;n</td>\r\n        </tr>\r\n    </tbody>\r\n</table>\r\n<p style=\"text-align: justify;\">&nbsp;</p>\r\n<p style=\"text-align: justify;\">&nbsp;</p>\r\n<p style=\"text-align: justify;\"><strong>SISTEMA POS O PUNTO DE VENTA</strong></p>\r\n<table width=\"94%\" cellspacing=\"1\" cellpadding=\"1\" border=\"0\">\r\n    <tbody>\r\n        <tr>\r\n            <td>Facturaci&oacute;n Punto de venta</td>\r\n            <td>Arqueos de caja</td>\r\n        </tr>\r\n        <tr>\r\n            <td>Recepci&oacute;n de tarjetas</td>\r\n            <td>Combinaci&oacute;n de pagos recibidos</td>\r\n        </tr>\r\n        <tr>\r\n            <td>Control de cajeros</td>\r\n            <td>Traslados de Caja general a punto de venta</td>\r\n        </tr>\r\n        <tr>\r\n            <td>Traslados a Caja general</td>\r\n            <td>Devoluci&oacute;n de Productos</td>\r\n        </tr>\r\n        <tr>\r\n            <td>Identificaci&oacute;n de c&oacute;digos de barras</td>\r\n            <td>&nbsp;</td>\r\n        </tr>\r\n    </tbody>\r\n</table>\r\n<p style=\"text-align: justify;\">&nbsp;</p>\r\n<p style=\"text-align: justify;\">&nbsp;</p>\r\n<p><strong>CAPACITACI&Oacute;N</strong></p>\r\n<p style=\"text-align: justify;\">Basado en un taller con ejemplos y transacciones contables y comerciales reales.<br />\r\nOrientado al personal que estar&aacute; en contacto directo y permanente con la aplicaci&oacute;n.<br />\r\nCupo sin costo alguno para 2 personas, le recomendamos, el contador y la auxiliar contable de su empresa.<br />\r\nIntensidad horaria de 12 horas.<br />\r\nInstalaciones perfectamente acondicionadas para este prop&oacute;sito<br />\r\n&nbsp;</p>\r\n<p style=\"text-align: justify;\">&nbsp;</p>\r\n<p style=\"text-align: justify;\"><strong>SOPORTE ANUAL</strong></p>\r\n<p style=\"text-align: justify;\">Vigencia de un (1) a&ntilde;o.<br />\r\nActualizaciones de ley acordes a las disposiciones del gobierno nacional.<br />\r\nActualizaciones que contengan mejoras dentro del sistema.<br />\r\nServicio de asistencia remota a trav&eacute;s de la red.<br />\r\nServicio de asistencia telef&oacute;nica.<br />\r\nVisitas preventivas y correctivas en su compa&ntilde;&iacute;a. <br />\r\nCapacitaci&oacute;n para nuevo personal involucrado en el manejo del software.</p>'),(93,0,1235070377,'<table width=\"100%\" cellspacing=\"1\" cellpadding=\"1\" border=\"0\">\r\n    <tbody>\r\n        <tr>\r\n            <td style=\"text-align: center;\">\r\n            <p>&nbsp;</p>\r\n            <p>&nbsp;</p>\r\n            <p>&nbsp;</p>\r\n            <p>&nbsp;</p>\r\n            <p><img src=\"http://www.unopymes.com.co/.storage/noticias_52/PLATI-NOMINA-POS.jpg\" alt=\"\" /></p>\r\n            </td>\r\n            <td style=\"text-align: justify;\">Unopymes Platino Nomina - Pos, es un aplicativo de gran valor estrat&eacute;gico para la administraci&oacute;n del recurso humano. Su contabilizaci&oacute;n autom&aacute;tica permite que la labor de registro de liquidaciones, registro de novedades, c&aacute;lculos de retenciones, manejo de parafiscales y aportes a las entidades de nomina y la generaci&oacute;n de la Planilla Unificada de Aportes&nbsp; sean una tarea sencilla que ahorra valioso tiempo a su compa&ntilde;&iacute;a. Adem&aacute;s tiene la opci&oacute;n de parametrizar los diferentes conceptos de la nomina para que sean objetos de impuestos fijando bases y porcentajes. De igual manera cuenta con el sistema de punto de venta, importante para la venta r&aacute;pida, sencilla y eficiente de transacciones de mostrador de inventarios y/o servicios, registrando sin interfases y en l&iacute;nea los movimientos al sistema contable.</td>\r\n        </tr>\r\n    </tbody>\r\n</table>\r\n<p>&nbsp;</p>\r\n<p style=\"text-align: justify;\"><br />\r\nINCLUYE:</p>\r\n<p style=\"text-align: justify;\">&nbsp;</p>\r\n<p style=\"text-align: justify;\"><strong>SISTEMA DE CONTABILIDAD</strong></p>\r\n<table width=\"100%\" cellspacing=\"1\" cellpadding=\"1\" border=\"0\">\r\n    <tbody>\r\n        <tr>\r\n            <td>Facturaci&oacute;n</td>\r\n            <td>Inventarios</td>\r\n            <td>Ventas</td>\r\n        </tr>\r\n        <tr>\r\n            <td>Remisiones</td>\r\n            <td>Cotizaciones</td>\r\n            <td>Pedidos</td>\r\n        </tr>\r\n        <tr>\r\n            <td>Compras</td>\r\n            <td>Ordenes de compra</td>\r\n            <td>Activos Fijos</td>\r\n        </tr>\r\n        <tr>\r\n            <td>Presupuesto</td>\r\n            <td>Caja y Bancos (Tesorer&iacute;a)</td>\r\n            <td>Prestamos</td>\r\n        </tr>\r\n        <tr>\r\n            <td>Pagos</td>\r\n            <td>Cuentas por pagar</td>\r\n            <td>Cuentas por cobrar</td>\r\n        </tr>\r\n        <tr>\r\n            <td>Ajustes por Inflaci&oacute;n</td>\r\n            <td>Amortizaci&oacute;n de diferidos</td>\r\n            <td>Depreciaci&oacute;n Autom&aacute;tica</td>\r\n        </tr>\r\n        <tr>\r\n            <td>Ingresos diferidos</td>\r\n            <td>Otras cuentas por pagar</td>\r\n            <td>Medios Magn&eacute;ticos</td>\r\n        </tr>\r\n        <tr>\r\n            <td>Manejo de Moneda Extranjera</td>\r\n            <td>Impuestos: Liquidaciones y pagos</td>\r\n            <td>Informes Contables y financieros</td>\r\n        </tr>\r\n    </tbody>\r\n</table>\r\n<p style=\"text-align: justify;\"><br />\r\n&nbsp;</p>\r\n<p style=\"text-align: justify;\"><strong>SISTEMA DE N&Oacute;MINA</strong></p>\r\n<table width=\"68%\" cellspacing=\"1\" cellpadding=\"1\" border=\"0\">\r\n    <tbody>\r\n        <tr>\r\n            <td>Liquidaci&oacute;n de la Nomina</td>\r\n            <td>Acumulaci&oacute;n de Nominas</td>\r\n        </tr>\r\n        <tr>\r\n            <td>Liquidaci&oacute;n de primas de servicios</td>\r\n            <td>Vacaciones</td>\r\n        </tr>\r\n        <tr>\r\n            <td>Aportes parafiscales</td>\r\n            <td>Cesant&iacute;as: Intereses y consolidaciones</td>\r\n        </tr>\r\n        <tr>\r\n            <td>Informes</td>\r\n            <td>Planillas de pago</td>\r\n        </tr>\r\n        <tr>\r\n            <td>Liquidaci&oacute;n total de empleados</td>\r\n            <td>Planilla unificada de aportes</td>\r\n        </tr>\r\n    </tbody>\r\n</table>\r\n<p>&nbsp;</p>\r\n<p style=\"text-align: justify;\">&nbsp;</p>\r\n<p style=\"text-align: justify;\"><strong>SISTEMA POS O PUNTO DE VENTA</strong></p>\r\n<table width=\"98%\" cellspacing=\"1\" cellpadding=\"1\" border=\"0\">\r\n    <tbody>\r\n        <tr>\r\n            <td>Facturaci&oacute;n Punto de venta</td>\r\n            <td>Arqueos de caja</td>\r\n            <td>Recepci&oacute;n de tarjetas</td>\r\n        </tr>\r\n        <tr>\r\n            <td>Combinaci&oacute;n de pagos recibidos</td>\r\n            <td>Control de cajeros</td>\r\n            <td>Traslados de Caja general a punto de venta</td>\r\n        </tr>\r\n        <tr>\r\n            <td>Traslados a Caja general</td>\r\n            <td>Devoluci&oacute;n de Productos</td>\r\n            <td>Identificaci&oacute;n de c&oacute;digos de barras</td>\r\n        </tr>\r\n    </tbody>\r\n</table>\r\n<p style=\"text-align: justify;\"><br />\r\n&nbsp;</p>\r\n<p style=\"text-align: justify;\"><strong>CAPACITACI&Oacute;N</strong></p>\r\n<table width=\"100%\" cellspacing=\"1\" cellpadding=\"1\" border=\"0\">\r\n    <tbody>\r\n        <tr>\r\n            <td>Basado en un taller con ejemplos y transacciones contables y comerciales reales</td>\r\n        </tr>\r\n        <tr>\r\n            <td>Orientado al personal que estar&aacute; en contacto directo y permanente con la aplicaci&oacute;n</td>\r\n        </tr>\r\n        <tr>\r\n            <td>Cupo sin costo alguno para 2 personas, le recomendamos, el contador y la auxiliar contable de su empresa</td>\r\n        </tr>\r\n        <tr>\r\n            <td>Intensidad horaria de 12 horas</td>\r\n        </tr>\r\n        <tr>\r\n            <td>Instalaciones perfectamente acondicionadas para este prop&oacute;sito</td>\r\n        </tr>\r\n    </tbody>\r\n</table>\r\n<p>&nbsp;</p>\r\n<p style=\"text-align: justify;\">&nbsp;</p>\r\n<p style=\"text-align: justify;\"><strong>SOPORTE ANUAL</strong></p>\r\n<table width=\"100%\" cellspacing=\"1\" cellpadding=\"1\" border=\"0\">\r\n    <tbody>\r\n        <tr>\r\n            <td>Vigencia de un (1) a&ntilde;o</td>\r\n        </tr>\r\n        <tr>\r\n            <td>Actualizaciones de ley acordes a las disposiciones del gobierno nacional</td>\r\n        </tr>\r\n        <tr>\r\n            <td>Actualizaciones que contengan mejoras dentro del sistema</td>\r\n        </tr>\r\n        <tr>\r\n            <td>Servicio de asistencia remota a trav&eacute;s de la red</td>\r\n        </tr>\r\n        <tr>\r\n            <td>Servicio de asistencia telef&oacute;nica</td>\r\n        </tr>\r\n        <tr>\r\n            <td>Visitas preventivas y correctivas en su compa&ntilde;&iacute;a</td>\r\n        </tr>\r\n        <tr>\r\n            <td>Capacitaci&oacute;n para nuevo personal involucrado en el manejo del software</td>\r\n        </tr>\r\n    </tbody>\r\n</table>'),(94,0,1235070406,'<table width=\"100%\" cellspacing=\"1\" cellpadding=\"1\" border=\"0\">\r\n    <tbody>\r\n        <tr>\r\n            <td style=\"text-align: center;\">\r\n            <p>&nbsp;</p>\r\n            <p>&nbsp;</p>\r\n            <p><img width=\"180\" height=\"171\" src=\"http://www.unopymes.com.co/.storage/noticias_52/PALTI-COSTOS.jpg\" alt=\"\" /></p>\r\n            </td>\r\n            <td style=\"text-align: justify;\">Unopymes Platino Costos, es una aplicaci&oacute;n especialmente dise&ntilde;ada para el sector de la producci&oacute;n. Posee poderosas rutinas de contabilizaci&oacute;n de todos los procesos que intervienen en la fabricaci&oacute;n de productos terminados. Controla todas las materias primas, las maquinas, las horas de los operarios, los costos indirectos de fabricaci&oacute;n, la mano de obra contratada para la orden de producci&oacute;n, mermas, kits de los productos que finalmente ir&aacute;n al proceso de fabricaci&oacute;n, peso y volumen de los productos elaborados. Todo esto bajo la captura sencilla de los documentos que ingresan cada una de las acciones del proceso de manufactura registrando todos los movimientos sin interfases y en l&iacute;nea al sistema contable.</td>\r\n        </tr>\r\n    </tbody>\r\n</table>\r\n<p style=\"text-align: justify;\">&nbsp;</p>\r\n<p style=\"text-align: justify;\">&nbsp;</p>\r\n<p style=\"text-align: justify;\"><br />\r\nINCLUYE:<br />\r\n&nbsp;</p>\r\n<p style=\"text-align: justify;\"><strong>SISTEMA DE CONTABILIDAD</strong></p>\r\n<table width=\"100%\" cellspacing=\"1\" cellpadding=\"1\" border=\"0\">\r\n    <tbody>\r\n        <tr>\r\n            <td>Facturaci&oacute;n</td>\r\n            <td>Inventarios</td>\r\n            <td>Ventas</td>\r\n        </tr>\r\n        <tr>\r\n            <td>Remisiones</td>\r\n            <td>Cotizaciones</td>\r\n            <td>Pedidos</td>\r\n        </tr>\r\n        <tr>\r\n            <td>Compras</td>\r\n            <td>Ordenes de compra</td>\r\n            <td>Activos Fijos</td>\r\n        </tr>\r\n        <tr>\r\n            <td>Presupuesto</td>\r\n            <td>Caja y Bancos (Tesorer&iacute;a)</td>\r\n            <td>Prestamos</td>\r\n        </tr>\r\n        <tr>\r\n            <td>Pagos</td>\r\n            <td>Cuentas por pagar</td>\r\n            <td>Cuentas por cobrar</td>\r\n        </tr>\r\n        <tr>\r\n            <td>Ajustes por Inflaci&oacute;n</td>\r\n            <td>Amortizaci&oacute;n de diferidos</td>\r\n            <td>Depreciaci&oacute;n Autom&aacute;tica</td>\r\n        </tr>\r\n        <tr>\r\n            <td>Ingresos diferidos</td>\r\n            <td>Otras cuentas por pagar</td>\r\n            <td>Medios Magn&eacute;ticos</td>\r\n        </tr>\r\n        <tr>\r\n            <td>Manejo de Moneda Extranjera</td>\r\n            <td>Impuestos: Liquidaciones y pagos</td>\r\n            <td>Informes Contables y financieros</td>\r\n        </tr>\r\n    </tbody>\r\n</table>\r\n<p>&nbsp;</p>\r\n<p>&nbsp;</p>\r\n<p><strong>SISTEMA DE COSTOS DE MANUFACTURA</strong></p>\r\n<table width=\"100%\" cellspacing=\"1\" cellpadding=\"1\" border=\"0\">\r\n    <tbody>\r\n        <tr>\r\n            <td>Traslados de materia prima</td>\r\n            <td>Mano de obra directa</td>\r\n        </tr>\r\n        <tr>\r\n            <td>Mano de obra externa</td>\r\n            <td>Costos de operaci&oacute;n de las maquinas</td>\r\n        </tr>\r\n        <tr>\r\n            <td>Traslados por peso y por volumen</td>\r\n            <td>Traslados parciales y/o totales de proceso a producto terminado</td>\r\n        </tr>\r\n        <tr>\r\n            <td>Devoluciones de materia prima de producci&oacute;n</td>\r\n            <td>Traslados por cantidades</td>\r\n        </tr>\r\n        <tr>\r\n            <td>Traslados por m&uacute;ltiples productos</td>\r\n            <td>Consultas detalladas de las ordenes de producci&oacute;n</td>\r\n        </tr>\r\n    </tbody>\r\n</table>\r\n<p>&nbsp;</p>\r\n<p>&nbsp;</p>\r\n<p><strong>CAPACITACI&Oacute;N</strong></p>\r\n<table width=\"100%\" cellspacing=\"1\" cellpadding=\"1\" border=\"0\">\r\n    <tbody>\r\n        <tr>\r\n            <td>Basado en un taller con ejemplos y transacciones contables y comerciales reales</td>\r\n        </tr>\r\n        <tr>\r\n            <td>Orientado al personal que estar&aacute; en contacto directo y permanente con la aplicaci&oacute;n</td>\r\n        </tr>\r\n        <tr>\r\n            <td>Cupo sin costo alguno para 2 personas, le recomendamos, el contador y la auxiliar contable de su empresa</td>\r\n        </tr>\r\n        <tr>\r\n            <td>Intensidad horaria de 12 horas</td>\r\n        </tr>\r\n        <tr>\r\n            <td>Instalaciones perfectamente acondicionadas para este prop&oacute;sito</td>\r\n        </tr>\r\n    </tbody>\r\n</table>\r\n<p>&nbsp;</p>\r\n<p>&nbsp;</p>\r\n<p><strong>SOPORTE ANUAL</strong></p>\r\n<table width=\"100%\" cellspacing=\"1\" cellpadding=\"1\" border=\"0\">\r\n    <tbody>\r\n        <tr>\r\n            <td>Vigencia de un (1) a&ntilde;o</td>\r\n        </tr>\r\n        <tr>\r\n            <td>Actualizaciones acordes a las disposiciones del gobierno nacional</td>\r\n        </tr>\r\n        <tr>\r\n            <td>Actualizaciones que contengan mejoras dentro del sistema</td>\r\n        </tr>\r\n        <tr>\r\n            <td>Servicio de asistencia remota a trav&eacute;s de la red</td>\r\n        </tr>\r\n        <tr>\r\n            <td>Servicio de asistencia telef&oacute;nica</td>\r\n        </tr>\r\n        <tr>\r\n            <td>Visitas preventivas y correctivas en su compa&ntilde;&iacute;a</td>\r\n        </tr>\r\n        <tr>\r\n            <td>Capacitaci&oacute;n para nuevo personal involucrado en el manejo del software</td>\r\n        </tr>\r\n    </tbody>\r\n</table>'),(95,0,1235070435,'<table width=\"100%\" cellspacing=\"1\" cellpadding=\"1\" border=\"0\">\r\n    <tbody>\r\n        <tr>\r\n            <td style=\"text-align: center;\">\r\n            <p><img width=\"180\" height=\"171\" src=\"http://www.unopymes.com.co/.storage/noticias_52/PALTI-NOMINA.jpg\" alt=\"\" /></p>\r\n            </td>\r\n            <td style=\"text-align: justify;\">Unopymes Platino Nomina, es un aplicativo de gran valor estrat&eacute;gico para la administraci&oacute;n del recurso humano. Su contabilizaci&oacute;n autom&aacute;tica permite que la labor de registro de liquidaciones, registro de novedades, c&aacute;lculos de retenciones, manejo de parafiscales y aportes a las entidades de nomina y la generaci&oacute;n de la Planilla Unificada de Aportes&nbsp; sean una tarea sencilla que ahorra valioso tiempo a su compa&ntilde;&iacute;a. Adem&aacute;s tiene la opci&oacute;n de parametrizar los diferentes conceptos de la nomina para que sean objetos de impuestos fijando bases y porcentajes, registrando sin interfases y en l&iacute;nea los movimientos al sistema contable.<br />\r\n            <br />\r\n            &nbsp;</td>\r\n        </tr>\r\n    </tbody>\r\n</table>\r\n<p style=\"text-align: justify;\">&nbsp;</p>\r\n<p style=\"text-align: justify;\"><br />\r\nINCLUYE:<br />\r\n&nbsp;</p>\r\n<p style=\"text-align: justify;\"><strong>SISTEMA DE CONTABILIDLAD</strong></p>\r\n<table width=\"91%\" cellspacing=\"1\" cellpadding=\"1\" border=\"0\">\r\n    <tbody>\r\n        <tr>\r\n            <td>Facturaci&oacute;n</td>\r\n            <td>Inventarios</td>\r\n            <td>Ventas</td>\r\n        </tr>\r\n        <tr>\r\n            <td>Remisiones</td>\r\n            <td>Cotizaciones</td>\r\n            <td>Pedidos</td>\r\n        </tr>\r\n        <tr>\r\n            <td>Compras</td>\r\n            <td>Ordenes de compra</td>\r\n            <td>Activos Fijos</td>\r\n        </tr>\r\n        <tr>\r\n            <td>Presupuesto</td>\r\n            <td>Caja y Bancos (Tesorer&iacute;a)</td>\r\n            <td>Prestamos</td>\r\n        </tr>\r\n        <tr>\r\n            <td>Pagos</td>\r\n            <td>Cuentas por pagar</td>\r\n            <td>Cuentas por cobrar</td>\r\n        </tr>\r\n        <tr>\r\n            <td>Ajustes por Inflaci&oacute;n</td>\r\n            <td>Amortizaci&oacute;n de diferidos</td>\r\n            <td>Depreciaci&oacute;n Autom&aacute;tica</td>\r\n        </tr>\r\n        <tr>\r\n            <td>Ingresos diferidos</td>\r\n            <td>Otras cuentas por pagar</td>\r\n            <td>Medios Magn&eacute;ticos</td>\r\n        </tr>\r\n        <tr>\r\n            <td>Manejo de Moneda Extranjera</td>\r\n            <td>Impuestos: Liquidaciones y pagos</td>\r\n            <td>Informes Contables y financieros</td>\r\n        </tr>\r\n    </tbody>\r\n</table>\r\n<p>&nbsp;</p>\r\n<p>&nbsp;</p>\r\n<p><span style=\"font-weight: bold;\">SISTEMA DE N&Oacute;MINA</span></p>\r\n<table width=\"100%\" cellspacing=\"1\" cellpadding=\"1\" border=\"0\">\r\n    <tbody>\r\n        <tr>\r\n            <td>Liquidaci&oacute;n de la N&oacute;mina</td>\r\n            <td>Acumulaci&oacute;n de Nominas</td>\r\n            <td>Liquidaci&oacute;n de primas de servicios</td>\r\n        </tr>\r\n        <tr>\r\n            <td>Vacaciones</td>\r\n            <td>Aportes parafiscales</td>\r\n            <td>Cesant&iacute;as: Intereses y consolidaciones</td>\r\n        </tr>\r\n        <tr>\r\n            <td>Informes - Planillas de pago</td>\r\n            <td>Liquidaci&oacute;n total de empleados</td>\r\n            <td>Planilla unificada de aportes</td>\r\n        </tr>\r\n    </tbody>\r\n</table>\r\n<p>&nbsp;</p>\r\n<p>&nbsp;</p>\r\n<p><strong>CAPACITACI&Oacute;N</strong></p>\r\n<table width=\"100%\" cellspacing=\"1\" cellpadding=\"1\" border=\"0\">\r\n    <tbody>\r\n        <tr>\r\n            <td>Basado en un taller con ejemplos y transacciones contables y comerciales reales</td>\r\n        </tr>\r\n        <tr>\r\n            <td>Orientado al personal que estar&aacute; en contacto directo y permanente con la aplicaci&oacute;n</td>\r\n        </tr>\r\n        <tr>\r\n            <td>Cupo sin costo alguno para 2 personas, le recomendamos, el contador y la auxiliar contable de su empresa</td>\r\n        </tr>\r\n        <tr>\r\n            <td>Intensidad horaria de 12 horas</td>\r\n        </tr>\r\n        <tr>\r\n            <td>Instalaciones perfectamente acondicionadas para este prop&oacute;sito</td>\r\n        </tr>\r\n    </tbody>\r\n</table>\r\n<p>&nbsp;</p>\r\n<p>&nbsp;</p>\r\n<p><strong>SOPORTE ANUAL</strong></p>\r\n<table width=\"100%\" cellspacing=\"1\" cellpadding=\"1\" border=\"0\">\r\n    <tbody>\r\n        <tr>\r\n            <td>Vigencia de un (1) a&ntilde;o</td>\r\n        </tr>\r\n        <tr>\r\n            <td>Actualizaciones de ley acordes a las disposiciones del gobierno nacional</td>\r\n        </tr>\r\n        <tr>\r\n            <td>Actualizaciones que contengan mejoras dentro del sistema</td>\r\n        </tr>\r\n        <tr>\r\n            <td>Servicio de asistencia remota a trav&eacute;s de la red</td>\r\n        </tr>\r\n        <tr>\r\n            <td>Servicio de asistencia telef&oacute;nica</td>\r\n        </tr>\r\n        <tr>\r\n            <td>Visitas preventivas y correctivas en su compa&ntilde;&iacute;a</td>\r\n        </tr>\r\n        <tr>\r\n            <td>Capacitaci&oacute;n para nuevo personal involucrado en el manejo del software</td>\r\n        </tr>\r\n    </tbody>\r\n</table>\r\n<p>&nbsp;</p>'),(96,0,1235070473,'<p>&nbsp;</p>\r\n<table width=\"100%\" cellspacing=\"1\" cellpadding=\"1\" border=\"0\">\r\n    <tbody>\r\n        <tr>\r\n            <td style=\"text-align: center;\"><img width=\"180\" height=\"171\" src=\"http://www.unopymes.com.co/.storage/noticias_52/pos-naranjas.jpg\" alt=\"\" /></td>\r\n            <td style=\"text-align: justify;\">Unopymes Pos, es un aplicativo de gran valor estrat&eacute;gico para la venta r&aacute;pida, sencilla y eficiente de transacciones de mostrador ya sean estas de inventarios y/o servicios, registrando sin interfases y en l&iacute;nea los movimientos al sistema contable.</td>\r\n        </tr>\r\n    </tbody>\r\n</table>\r\n<p style=\"text-align: justify;\">&nbsp;<br />\r\n&nbsp;</p>\r\n<p style=\"text-align: justify;\">INCLUYE:</p>\r\n<p style=\"text-align: justify;\">&nbsp;</p>\r\n<p style=\"text-align: justify;\"><strong>SISTEMA DE CONTABILIDAD</strong></p>\r\n<table width=\"100%\" cellspacing=\"1\" cellpadding=\"1\" border=\"0\">\r\n    <tbody>\r\n        <tr>\r\n            <td>Facturaci&oacute;n</td>\r\n            <td>Inventarios</td>\r\n            <td>Ventas</td>\r\n        </tr>\r\n        <tr>\r\n            <td>Remisiones</td>\r\n            <td>Cotizaciones</td>\r\n            <td>Pedidos</td>\r\n        </tr>\r\n        <tr>\r\n            <td>Compras</td>\r\n            <td>Ordenes de compra</td>\r\n            <td>Activos Fijos</td>\r\n        </tr>\r\n        <tr>\r\n            <td>Presupuesto</td>\r\n            <td>Caja y Bancos (Tesorer&iacute;a)</td>\r\n            <td>Prestamos</td>\r\n        </tr>\r\n        <tr>\r\n            <td>Pagos</td>\r\n            <td>Cuentas por pagar</td>\r\n            <td>Cuentas por cobrar</td>\r\n        </tr>\r\n        <tr>\r\n            <td>Ajustes por Inflaci&oacute;n</td>\r\n            <td>Amortizaci&oacute;n de diferidos</td>\r\n            <td>Depreciaci&oacute;n Autom&aacute;tica</td>\r\n        </tr>\r\n        <tr>\r\n            <td>Ingresos diferidos</td>\r\n            <td>Otras cuentas por pagar</td>\r\n            <td>Medios Magn&eacute;ticos</td>\r\n        </tr>\r\n        <tr>\r\n            <td>Manejo de Moneda Extranjera</td>\r\n            <td>Impuestos: Liquidaciones y pagos</td>\r\n            <td>Informes Contables y financieros</td>\r\n        </tr>\r\n    </tbody>\r\n</table>\r\n<p style=\"text-align: justify;\"><br />\r\n&nbsp;</p>\r\n<p style=\"text-align: justify;\"><strong>SISTEMA POS O PUNTO DE VENTA</strong></p>\r\n<table width=\"95%\" cellspacing=\"1\" cellpadding=\"1\" border=\"0\">\r\n    <tbody>\r\n        <tr>\r\n            <td>Facturaci&oacute;n Punto de venta</td>\r\n            <td>Arqueos de caja</td>\r\n            <td>Recepci&oacute;n de tarjetas</td>\r\n        </tr>\r\n        <tr>\r\n            <td>Combinaci&oacute;n de pagos recibidos</td>\r\n            <td>Control de cajeros</td>\r\n            <td>Traslados de Caja general a punto de venta</td>\r\n        </tr>\r\n        <tr>\r\n            <td>Traslados a Caja general</td>\r\n            <td>Devoluci&oacute;n de Productos</td>\r\n            <td>Identificaci&oacute;n de c&oacute;digos de barras</td>\r\n        </tr>\r\n    </tbody>\r\n</table>\r\n<p style=\"text-align: justify;\"><br />\r\n&nbsp;</p>\r\n<p><strong>CAPACITACI&Oacute;N</strong><br />\r\n<table width=\"100%\" cellspacing=\"1\" cellpadding=\"1\" border=\"0\">\r\n    <tbody>\r\n        <tr>\r\n            <td>Basado en un taller con ejemplos y transacciones contables y comerciales reales</td>\r\n        </tr>\r\n        <tr>\r\n            <td>Orientado al personal que estar&aacute; en contacto directo y permanente con la aplicaci&oacute;n</td>\r\n        </tr>\r\n        <tr>\r\n            <td>Cupo sin costo alguno para 2 personas, le recomendamos, el contador y la auxiliar contable de su empresa</td>\r\n        </tr>\r\n        <tr>\r\n            <td>Intensidad horaria de 12 horas</td>\r\n        </tr>\r\n        <tr>\r\n            <td>Instalaciones perfectamente acondicionadas para este prop&oacute;sito</td>\r\n        </tr>\r\n    </tbody>\r\n</table>\r\n</p>\r\n<p>&nbsp;</p>\r\n<p>&nbsp;</p>\r\n<p><strong>SOPORTE ANUAL<br />\r\n</strong></p>\r\n<table width=\"100%\" cellspacing=\"1\" cellpadding=\"1\" border=\"0\">\r\n    <tbody>\r\n        <tr>\r\n            <td>Vigencia de un (1) a&ntilde;o</td>\r\n        </tr>\r\n        <tr>\r\n            <td>Actualizaciones de ley acordes a las disposiciones del gobierno nacional</td>\r\n        </tr>\r\n        <tr>\r\n            <td>Actualizaciones que contengan mejoras dentro del sistema</td>\r\n        </tr>\r\n        <tr>\r\n            <td>Servicio de asistencia remota a trav&eacute;s de la red</td>\r\n        </tr>\r\n        <tr>\r\n            <td>Servicio de asistencia telef&oacute;nica</td>\r\n        </tr>\r\n        <tr>\r\n            <td>Visitas preventivas y correctivas en su compa&ntilde;&iacute;a</td>\r\n        </tr>\r\n        <tr>\r\n            <td>Capacitaci&oacute;n para nuevo personal involucrado en el manejo del software</td>\r\n        </tr>\r\n    </tbody>\r\n</table>\r\n<p>&nbsp;</p>'),(97,0,1234390361,'<table width=\"80%\" cellspacing=\"1\" cellpadding=\"1\" border=\"0\">\r\n    <tbody>\r\n        <tr>\r\n            <td><strong>UNOPYMES ESTANDAR.&nbsp;&nbsp;&nbsp;&nbsp;&nbsp; &nbsp;&nbsp;&nbsp; &nbsp;&nbsp;&nbsp; &nbsp;&nbsp;&nbsp; &nbsp;&nbsp;&nbsp; $ 1.300.000.</strong></td>\r\n            <td><img width=\"106\" height=\"81\" src=\"http://www.unopymes.com.co/.storage/noticias_52/VIOLETA.jpg\" alt=\"\" /></td>\r\n        </tr>\r\n    </tbody>\r\n</table>\r\n<p style=\"text-align: justify;\">&nbsp;</p>\r\n<p><span style=\"color: rgb(51, 51, 51);\">Unopymes Est&aacute;ndar, es el aplicativo m&aacute;s sencillo de nuestro portafolio de productos. Agrupa todas las transacciones contables que las pymes necesitan. Sin interfases, sin m&oacute;dulos, y con informacion en tiempo real y en l&iacute;nea, se convierte en la soluci&oacute;n mas eficiente y f&aacute;cil de manejar para aquellas compa&ntilde;&iacute;as que no necesitan procesos de manufactura o administran recurso humano.<br />\r\n&nbsp;</span></p>\r\n<p>Incluye:<br />\r\n&nbsp;</p>\r\n<ul>\r\n    <li style=\"text-align: justify;\">\r\n    <p><strong>Sistema de Contabilidad</strong></p>\r\n    </li>\r\n</ul>\r\n<p><span style=\"color: rgb(51, 51, 51);\">- Facturaci&oacute;n &ndash; Inventarios &ndash; Ventas &ndash; Remisiones &ndash; Cotizaciones &ndash; Pedidos&nbsp; -&nbsp; Compras &ndash; Ordenes de compra &ndash; Activos Fijos&nbsp; &ndash; Presupuesto - Caja y Bancos (Tesorer&iacute;a)&nbsp; - Prestamos &ndash; Pagos - Cuentas por pagar - Cuentas por cobrar - Ajustes por Inflaci&oacute;n - Amortizaci&oacute;n de diferidos - Depreciaci&oacute;n Autom&aacute;tica - Ingresos diferidos - Otras cuentas por pagar &ndash; Medios Magn&eacute;ticos &ndash; Manejo de Moneda Extranjera &ndash; Impuestos: Liquidaciones y pagos -&nbsp; Informes Contables y financieros.<br />\r\n</span><br />\r\n&nbsp;</p>\r\n<ul>\r\n    <li style=\"text-align: justify;\">\r\n    <p><strong>Capacitacion</strong></p>\r\n    </li>\r\n</ul>\r\n<p><span style=\"color: rgb(51, 51, 51);\">- Basado en un taller con ejemplos y transacciones contables y comerciales reales.<br />\r\n- Orientado al personal que estar&aacute; en contacto directo y permanente con la aplicaci&oacute;n.<br />\r\n- Cupo sin costo alguno para 2 personas, le recomendamos, el contador y la auxiliar contable de su empresa.<br />\r\n- Intensidad horaria de 12 horas.<br />\r\n- Instalaciones perfectamente acondicionadas para este prop&oacute;sito</span><br />\r\n&nbsp;</p>\r\n<ul>\r\n    <li style=\"text-align: justify;\">\r\n    <p><strong>Soporte Anual</strong></p>\r\n    </li>\r\n</ul>\r\n<p><span style=\"color: rgb(51, 51, 51);\">- Vigencia de un (1) a&ntilde;o.<br />\r\n- Actualizaciones de ley acordes a las disposiciones del gobierno nacional.<br />\r\n- Actualizaciones que contengan mejoras dentro del sistema.<br />\r\n- Servicio de asistencia remota a trav&eacute;s de la red.<br />\r\n- Servicio de soporte en arreglo de tablas a trav&eacute;s de correo electr&oacute;nico.<br />\r\n- Servicio de asistencia telef&oacute;nica.<br />\r\n- Visitas preventivas y correctivas en su compa&ntilde;&iacute;a. <br />\r\n- Capacitaci&oacute;n para nuevo personal involucrado en el manejo del software.</span></p>\r\n<p>&nbsp;</p>\r\n<p><span style=\"color: rgb(51, 51, 51);\">0.132</span></p>'),(98,0,1233610329,'<p style=\"text-align: justify;\"><strong>MISI&Oacute;N</strong><br />\r\nObtener el reconocimiento como l&iacute;deres en dise&ntilde;o y distribuci&oacute;n de software de excelente calidad, as&iacute; como en el servicio y soporte al cliente, siendo considerados como la mejor alternativa de nuestros clientes en los mercados en los cuales operamos.<br />\r\n<br />\r\nLa informaci&oacute;n contable, financiera y administrativa en el segmento de las pymes es definitivamente deficiente porque carecen de un sistema de costos y de contabilidad. Esto trae como consecuencias, esperar un mes o m&aacute;s para tener estados financieros, desconocimiento de informaci&oacute;n en saldos de los bancos, problemas de concordancia entre la informaci&oacute;n de deudores y los datos de cartera, demora en la l&iacute;nea de producci&oacute;n porque la informaci&oacute;n pertinente que se registra en kardex no se mantiene al d&iacute;a, desconocimiento oportuno de la informaci&oacute;n de endeudamiento, dificultad para la toma de decisiones oportunas, gran riesgo de fracaso y de incertidumbre en la exploraci&oacute;n de escenarios futuros.<br />\r\n<br />\r\nCon estos antecedentes y con la filosof&iacute;a de hacer cada vez mas f&aacute;ciles las operaciones comerciales, contables y administrativas de las peque&ntilde;as y medianas empresas, Unopymes Ltda. Pone en el mercado una herramienta de gesti&oacute;n, para la toma de decisiones que permite evaluar resultados en cualquier momento, redimensionar sus negocios oportunamente, ser m&aacute;s competitivos, producir y comercializar con eficiencia. Esta aplicaci&oacute;n basada en la contabilidad documentada hace que la captura de los documentos contables sea r&aacute;pida, f&aacute;cil y de segura contabilizaci&oacute;n; sus rutinas contables debitan y acreditan autom&aacute;ticamente todas las cuentas del PUC de industria y comercio creando un ambiente transparente al usuario de la aplicaci&oacute;n.<br />\r\n<br />\r\nUnopymes Ltda., es una empresa perteneciente al grupo empresarial de SISTEMAS DE INFORMACI&Oacute;N EMPRESARIAL S.A.&nbsp; lideres en el mercado del software contable, administrativo y financiero desde hace 25 a&ntilde;os y que busca cubrir el sector de las microempresas con una herramienta que sea f&aacute;cil de usar, que brinde las garant&iacute;as de confiabilidad y eficiencia&nbsp;&nbsp; necesarias en la informaci&oacute;n que requieren. <br />\r\n<br />\r\nAproximadamente existen 800 microempresas utilizando satisfactoriamente la aplicaci&oacute;n en todo el territorio Colombiano ya que se cuenta con oficina y representantes de ventas en Bogota, Cali, Medell&iacute;n, Barranquilla y Pereira.<br />\r\nEl resultado es mas que optimo: la organizaci&oacute;n, el stock preciso de productos, las pol&iacute;ticas de precios, y la reducci&oacute;n en tiempo y dinero son unos de los beneficios que estos microempresarios expresan. <br />\r\n<br />\r\nDisponiendo de un sistema de informaci&oacute;n financiera que les cree la disciplina de reducir permanentemente los costos, conocer la rentabilidad por producto e identificar productos y nichos de mercado m&aacute;s productivos, los microempresarios tendr&aacute;n una m&aacute;s r&aacute;pida capacidad de reacci&oacute;n a los cambios del mercado, har&aacute;n &eacute;nfasis en la calidad y ser&aacute;n m&aacute;s rentables.<br />\r\n<br />\r\nEste sistema posee todas las actualizaciones de ley vigentes a la fecha ( medios magn&eacute;ticos, planilla unificada de aportes) y&nbsp; contiene las mejoras que nuestros clientes han solicitado incluir al sistema con el fin de garantizar su normal operaci&oacute;n:<br />\r\n&nbsp;</p>\r\n<ul>\r\n    <li>Esta desarrollado sobre la versi&oacute;n 9.0 de Visual FoxPro, que por ser una versi&oacute;n actualizada, posee mejoras a nivel de motor de base de datos.<br />\r\n    &nbsp;</li>\r\n    <li>Tiene establecido un modelo de integridad referencial que permite la creaci&oacute;n de un conjunto de reglas para preservar las relaciones definidas entre las tablas al introducir o eliminar registros.<br />\r\n    &nbsp;</li>\r\n    <li>Si exige la integridad referencial, el motor de la bases de datos impedir&aacute; las acciones siguientes:<br />\r\n    Agregar registros a una tabla relacionada cuando no haya ning&uacute;n registro asociado en la tabla principal.<br />\r\n    Cambiar valores de una tabla principal cuando tales cambios supongan dejar registros hu&eacute;rfanos en una tabla relacionada.<br />\r\n    Eliminar registros de una tabla principal cuando tengan registros relacionados coincidentes.</li>\r\n</ul>\r\n<ul>\r\n    <li>Maneja una sola base de datos, donde se concentra el control y operaci&oacute;n de todas las empresas, permitiendo que la informaci&oacute;n este concentrada y sea administrada de forma eficiente.<br />\r\n    &nbsp;</li>\r\n    <li>Maneja una tabla de movimiento por cada empresa y por a&ntilde;o, que permite tener acceso a la informaci&oacute;n de forma eficiente durante un periodo contable, y lo m&aacute;s importante, la integridad y seguridad de la informaci&oacute;n contable.<br />\r\n    &nbsp;</li>\r\n    <li>Las caracter&iacute;sticas anteriores, permiten al sistema manejar el entorno de datos de cada formulario o movimiento, abriendo solamente las tablas que se requieran, dando as&iacute;, mayor seguridad, rapidez, fortaleza y estabilidad.<br />\r\n    &nbsp;</li>\r\n    <li>El Sistema Integrado de Contabilidad Unopyme, esta formado por los m&oacute;dulos de Contabilidad general, n&oacute;mina y costos de producci&oacute;n que pueden ser integrados o separados f&aacute;cilmente, dependiendo de las necesidades del cliente.<br />\r\n    &nbsp;</li>\r\n    <li>El Plan &Uacute;nico de Cuentas, esta de acuerdo a las exigencias establecidas por el estado.<br />\r\n    &nbsp;</li>\r\n    <li>El usuario puede trabajar dentro del a&ntilde;o sin ning&uacute;n tipo de proceso especial, teniendo de esta forma la informaci&oacute;n actualizada a la fecha en que se encuentre.<br />\r\n    &nbsp;</li>\r\n    <li>Puede realizar cualquier tipo de movimiento y/o modificaci&oacute;n, en cualquier mes, sin tener que realizar procesos extras de actualizaci&oacute;n para meses posteriores.<br />\r\n    &nbsp;</li>\r\n    <li>El sistema tiene en cuenta el orden cronol&oacute;gico de las transacciones, esto quiere decir, que trae la informaci&oacute;n hasta la fecha de proceso que se encuentre.<br />\r\n    &nbsp;</li>\r\n    <li>A nivel de movimiento y tablas especificas, el usuario puede modificar y/o eliminar los documentos o registros.<br />\r\n    &nbsp;</li>\r\n    <li>A nivel de terceros, el sistema diferencia tres clases: Socios, clientes / proveedores y empleados, de esta forma, el usuario tiene acceso a la informaci&oacute;n contable de cada uno de ellos. No importando, que un tercero pueda pertenecer a las tres clases simult&aacute;neamente.<br />\r\n    &nbsp;</li>\r\n    <li>En la actualizaci&oacute;n de tablas especificas (empleados, inventarios, activos fijos, clientes/ proveedores, etc.), el sistema maneja un c&oacute;digo asignado por el usuario y un c&oacute;digo interno asignado autom&aacute;ticamente con unas combinaciones propias, que permiten ser exactos en seleccionar el movimiento contable de cada uno de ellos.<br />\r\n    &nbsp;</li>\r\n    <li>El sistema como maneja el m&oacute;dulo de Costos de Manufactura, maneja de igual forma las cuentas respectivas del costo, la cuenta 7.<br />\r\n    &nbsp;</li>\r\n    <li>A nivel de Centros de Costo, se asigna la cuenta del gasto respectiva, esto permite, la contabilizaci&oacute;n autom&aacute;tica a la cuenta del gasto ( 51, 52, 71, 72, 73 ).<br />\r\n    &nbsp;</li>\r\n    <li>Los informes. El usuario los puede exportar directamente a Excel&nbsp; o a un archivo plano.<br />\r\n    &nbsp;</li>\r\n    <li>El PUC, es parametrizable, permitiendo su funcionalidad en las opciones de saldos iniciales y contabilizaci&oacute;n libre por parte del usuario.</li>\r\n    <li>Existe un comprobante &uacute;nico por cada tipo de movimiento.<br />\r\n    &nbsp;</li>\r\n    <li>El Sistema Integrado de Contabilidad UnoPymes posee internamente una ayuda o manual de operaci&oacute;n, f&aacute;cil de consultar.<br />\r\n    &nbsp;</li>\r\n    <li>Posee una barra de herramientas al alcance del usuario, con unas funciones r&aacute;pidas de consulta y administraci&oacute;n de las tablas espec&iacute;ficas y de movimiento.<br />\r\n    &nbsp;</li>\r\n    <li>Posee men&uacute;s desplegables e interfaz de m&uacute;ltiples documentos, que permite consultas de varias opciones simult&aacute;neamente.</li>\r\n</ul>'),(99,0,1233624170,'<p style=\"text-align: center;\"><img width=\"87\" height=\"143\" alt=\"\" src=\"http://www.unopymes.com.co/.storage/media/max-muebles.jpg\" />&nbsp;&nbsp;&nbsp;&nbsp;&nbsp;&nbsp;&nbsp;&nbsp;&nbsp;&nbsp; <img width=\"350\" height=\"87\" alt=\"\" src=\"http://www.unopymes.com.co/.storage/media/perseconsa.jpg\" /><img width=\"236\" height=\"90\" alt=\"\" src=\"http://www.unopymes.com.co/.storage/media/d-inox-logo.jpg\" /></p>'),(100,0,1233612112,'<p><img width=\"898\" height=\"214\" src=\"http://www.unopymes.com.co/.storage/media/heder.jpg\" alt=\"\" /></p>'),(101,0,1233618792,'<p><img width=\"898\" height=\"214\" src=\"http://www.unopymes.com.co/.storage/media/heder.jpg\" alt=\"\" /></p>'),(102,0,1233618845,'<p><img width=\"898\" height=\"214\" src=\"http://www.unopymes.com.co/.storage/media/heder.jpg\" alt=\"\" /></p>'),(103,0,1233618875,'<p><img width=\"898\" height=\"214\" src=\"http://www.unopymes.com.co/.storage/media/heder.jpg\" alt=\"\" /></p>'),(104,0,1233618924,'<p><img width=\"898\" height=\"214\" src=\"http://www.unopymes.com.co/.storage/media/heder.jpg\" alt=\"\" /></p>'),(105,0,1234408841,'<p><a href=\"http://www.unopymes.com.co/index.php?p=chat&amp;\"><img width=\"187\" height=\"112\" border=\"0\" src=\"http://www.unopymes.com.co/.storage/media/chatinterna.jpg\" alt=\"\" /></a></p>'),(106,0,1233622091,'<p><img width=\"187\" height=\"112\" src=\"http://www.unopymes.com.co/.storage/media/chatinterna.jpg\" alt=\"\" /></p>'),(107,0,1234471098,'<p><a href=\"http://www.unopymes.com.co/index.php?p=chat&amp;\"><img width=\"187\" height=\"112\" border=\"0\" src=\"http://www.unopymes.com.co/.storage/media/chatinterna.jpg\" alt=\"\" /></a></p>'),(108,0,1234562743,'<p><a href=\"http://www.unopymes.com.co/index.php?p=chat&amp;\"><img width=\"187\" height=\"112\" border=\"0\" src=\"http://www.unopymes.com.co/.storage/media/chatinterna.jpg\" alt=\"\" /></a></p>'),(109,0,1234562824,'<p><a href=\"http://www.unopymes.com.co/index.php?p=chat&amp;\"><img width=\"187\" height=\"112\" border=\"0\" src=\"http://www.unopymes.com.co/.storage/media/chatinterna.jpg\" alt=\"\" /></a></p>'),(110,0,1234405596,'<p><a href=\"http://www.unopymes.com.co/index.php?p=chat&amp;\"><img width=\"187\" height=\"112\" border=\"0\" src=\"http://www.unopymes.com.co/.storage/media/chatinterna.jpg\" alt=\"\" /></a></p>'),(111,0,1234471197,'<p><a href=\"www.unopymes.com.co/index.php?p=chat&amp;\"><img width=\"187\" height=\"112\" border=\"0\" src=\"http://www.unopymes.com.co/.storage/media/chatinterna.jpg\" alt=\"\" /></a></p>'),(112,0,1234562935,'<p><a href=\"http://www.unopymes.com.co/index.php?p=chat&amp;\"><img width=\"187\" height=\"112\" border=\"0\" src=\"http://www.unopymes.com.co/.storage/media/chatinterna.jpg\" alt=\"\" /></a></p>'),(113,0,1234562620,'<p><a href=\"http://www.unopymes.com.co/index.php?p=chat&amp;\"><img width=\"187\" height=\"112\" border=\"0\" src=\"http://www.unopymes.com.co/.storage/media/chatinterna.jpg\" alt=\"\" /></a></p>'),(114,0,1233622787,'<p><img width=\"187\" height=\"112\" src=\"http://www.unopymes.com.co/.storage/media/chatinterna.jpg\" alt=\"\" /></p>'),(115,0,1233622857,'<p><img width=\"898\" height=\"214\" src=\"http://www.unopymes.com.co/.storage/media/heder.jpg\" alt=\"\" /></p>'),(116,0,1233622894,'<p><img width=\"898\" height=\"214\" src=\"http://www.unopymes.com.co/.storage/media/heder.jpg\" alt=\"\" /></p>'),(117,0,1233622923,'<p><img width=\"187\" height=\"112\" src=\"http://www.unopymes.com.co/.storage/media/chatinterna.jpg\" alt=\"\" /></p>'),(118,0,1234470845,'<table width=\"100%\" cellspacing=\"1\" cellpadding=\"1\" border=\"0\">\r\n    <tbody>\r\n        <tr>\r\n            <td style=\"text-align: center;\">\r\n            <p><img width=\"236\" height=\"90\" src=\"http://www.unopymes.com.co/.storage/media/d-inox-logo.jpg\" alt=\"\" /></p>\r\n            <p><strong>D-INOX EMPRESA DE SABANETA ANTIOQUIA (DECORACION EN ACERO INOCIDABLE)</strong><br />\r\n            CLL 10 43B-54 TEL (4)4448765<br />\r\n            CONTACTO VICTOR PEREZ</p>\r\n            </td>\r\n            <p style=\"text-align: center;\">&nbsp;</p>\r\n            <td>\r\n            <p><img width=\"350\" height=\"87\" src=\"http://www.unopymes.com.co/.storage/media/persecon.jpg\" alt=\"\" /></p>\r\n            <p style=\"text-align: center;\"><strong>PRESECON MEDELLIN (ALQUILER EQUIPOS DE CONSTRUCCION)</strong><br />\r\n            DIRECCION COMERCIAL&nbsp; CRA 43 A 7 50 OFC 609 (4) 2662269<br />\r\n            CONTACTO. MARTHA YEPEZ</p>\r\n            &nbsp;</td>\r\n            <p style=\"text-align: center;\">&nbsp;</p>\r\n            <td style=\"text-align: center;\">&nbsp;</td>\r\n        </tr>\r\n        <tr>\r\n            <td colspan=\"2\">&nbsp;&nbsp;<br />\r\n            <p style=\"text-align: center;\"><img width=\"87\" height=\"143\" src=\"http://www.unopymes.com.co/.storage/media/max-muebles.jpg\" alt=\"\" /></p>\r\n            <p style=\"text-align: center;\"><br />\r\n            <strong>            MUEBLEX MAX (MUEBLES PARA EL HOGAR Y LA OFICINA)</strong><br />\r\n            CRA 22 168 23 BOGOTA&nbsp; (1) 5260043<br />\r\n            CONTACTO EDWAR MOGOLLON</p>\r\n            </td>\r\n            <td>&nbsp;</td>\r\n        </tr>\r\n        <tr>\r\n            <td>&nbsp;</td>\r\n            <td style=\"text-align: center;\">&nbsp;</td>\r\n            <td>&nbsp;</td>\r\n        </tr>\r\n    </tbody>\r\n</table>\r\n<p style=\"text-align: center;\">&nbsp;</p>\r\n<p style=\"text-align: center;\">&nbsp;</p>\r\n<p style=\"text-align: center;\">&nbsp;&nbsp;&nbsp; &nbsp;&nbsp;  &nbsp;&nbsp;  &nbsp;&nbsp;  &nbsp;&nbsp;</p>\r\n<p>&nbsp;</p>\r\n<p style=\"text-align: center;\">&nbsp;&nbsp;&nbsp;&nbsp;&nbsp;</p>'),(119,0,1234907069,'<p>Si est&aacute; interesado en ser distribuidor del sistema contable diligencia el formulario a continuaci&oacute;n.</p>'),(120,0,1234381463,'<p style=\"text-align: center;\"><img width=\"192\" height=\"123\" src=\"http://www.unopymes.com.co/.storage/media/calendarinterna.jpg\" alt=\"\" /></p>'),(121,0,1234381514,'<p style=\"text-align: center;\"><img width=\"192\" height=\"123\" src=\"http://www.unopymes.com.co/.storage/media/calendarinterna.jpg\" alt=\"\" /></p>'),(122,0,1234382032,'<p><img width=\"192\" height=\"123\" src=\"http://www.unopymes.com.co/.storage/media/calendarinterna.jpg\" alt=\"\" /></p>'),(123,0,1234383739,'<p style=\"text-align: center;\"><img width=\"192\" height=\"123\" src=\"http://www.unopymes.com.co/.storage/media/calendarinterna.jpg\" alt=\"\" /></p>'),(124,0,1234383769,'<p style=\"text-align: center;\"><img width=\"187\" height=\"112\" src=\"http://www.unopymes.com.co/.storage/media/chatinterna.jpg\" alt=\"\" /></p>'),(125,0,1234383803,'<p><img width=\"898\" height=\"214\" src=\"http://www.unopymes.com.co/.storage/media/heder.jpg\" alt=\"\" /></p>'),(126,0,1234383844,'<p><img width=\"898\" height=\"214\" src=\"http://www.unopymes.com.co/.storage/media/heder.jpg\" alt=\"\" /></p>'),(127,0,1234383932,'<p style=\"text-align: center;\"><img width=\"192\" height=\"123\" src=\"http://www.unopymes.com.co/.storage/media/calendarinterna.jpg\" alt=\"\" /></p>'),(128,0,1234384054,'<p style=\"text-align: center;\"><img width=\"187\" height=\"112\" src=\"http://www.unopymes.com.co/.storage/media/chatinterna.jpg\" alt=\"\" /></p>'),(130,0,1234562649,'<p style=\"text-align: center;\"><a href=\"http://www.unopymes.com.co/index.php?p=calendario&amp;\"><img width=\"192\" height=\"123\" border=\"0\" src=\"http://www.unopymes.com.co/.storage/media/calendarinterna.jpg\" alt=\"\" /></a></p>'),(131,0,1234562907,'<p style=\"text-align: center;\"><a href=\"http://www.unopymes.com.co/index.php?p=calendario&amp;\"><img width=\"192\" height=\"123\" border=\"0\" src=\"http://www.unopymes.com.co/.storage/media/calendarinterna.jpg\" alt=\"\" /></a></p>'),(132,0,1234471167,'<p style=\"text-align: center;\"><a href=\"http://www.unopymes.com.co/index.php?p=calendario&amp;\"><img width=\"192\" height=\"123\" border=\"0\" src=\"http://www.unopymes.com.co/.storage/media/calendarinterna.jpg\" alt=\"\" /></a></p>'),(133,0,1234562859,'<p style=\"text-align: center;\"><a href=\"http://www.unopymes.com.co/index.php?p=calendario&amp;\"><img width=\"192\" height=\"123\" border=\"0\" src=\"http://www.unopymes.com.co/.storage/media/calendarinterna.jpg\" alt=\"\" /></a></p>'),(134,0,1234562788,'<p style=\"text-align: center;\"><a href=\"http://www.unopymes.com.co/index.php?p=calendario&amp;\"><img width=\"192\" height=\"123\" border=\"0\" src=\"http://www.unopymes.com.co/.storage/media/calendarinterna.jpg\" alt=\"\" /></a></p>'),(135,0,1234562716,'<p style=\"text-align: center;\"><a href=\"http://www.unopymes.com.co/index.php?p=calendario&amp;\"><img width=\"192\" height=\"123\" border=\"0\" src=\"http://www.unopymes.com.co/.storage/media/calendarinterna.jpg\" alt=\"\" /></a></p>'),(136,0,1234385097,'<p style=\"text-align: center;\"><img width=\"898\" height=\"214\" src=\"http://www.unopymes.com.co/.storage/media/heder.jpg\" alt=\"\" /></p>'),(137,0,1234471070,'<p style=\"text-align: center;\"><a href=\"http://www.unopymes.com.co/index.php?p=calendario&amp;\"><img width=\"192\" height=\"123\" border=\"0\" src=\"http://www.unopymes.com.co/.storage/media/calendarinterna.jpg\" alt=\"\" /></a></p>'),(138,0,1234471029,'<p style=\"text-align: center;\"><a href=\"http://www.unopymes.com.co/index.php?p=calendario&amp;\"><img width=\"192\" height=\"123\" border=\"0\" src=\"http://www.unopymes.com.co/.storage/media/calendarinterna.jpg\" alt=\"\" /></a></p>'),(139,0,1234390403,'<p><span style=\"color: rgb(51, 51, 51);\">asdf</span></p>'),(140,0,1235014558,'<table width=\"95%\" cellspacing=\"1\" cellpadding=\"1\" border=\"0\">\r\n    <tbody>\r\n        <tr>\r\n            <td style=\"text-align: center;\"><img width=\"180\" height=\"171\" src=\"http://www.unopymes.com.co/.storage/noticias_52/estandart.jpg\" alt=\"\" /></td>\r\n            <td style=\"text-align: justify;\">Unopymes Est&aacute;ndar, es el aplicativo m&aacute;s sencillo de nuestro portafolio de productos. Agrupa todas las transacciones contables que las pymes necesitan. Sin interfases, sin m&oacute;dulos, y con informacion en tiempo real y en l&iacute;nea, se convierte en la soluci&oacute;n mas eficiente y f&aacute;cil de manejar para aquellas compa&ntilde;&iacute;as que no necesitan procesos de manufactura o administran recurso humano.</td>\r\n        </tr>\r\n    </tbody>\r\n</table>\r\n<p style=\"text-align: justify;\">&nbsp;</p>\r\n<p style=\"text-align: justify;\"><br />\r\nINCLUYE:&nbsp;&nbsp;&nbsp;&nbsp;</p>\r\n<p style=\"text-align: justify;\">&nbsp;</p>\r\n<p style=\"text-align: left;\"><strong>SISTEMA DE CONTABILIDAD</strong></p>\r\n<table width=\"100%\" cellspacing=\"1\" cellpadding=\"1\" border=\"0\">\r\n    <tbody>\r\n        <tr>\r\n            <td>\r\n            <p><span style=\"background-color: rgb(255, 255, 255);\">Facturaci&oacute;n</span></p>\r\n            </td>\r\n            <td>Inventarios</td>\r\n            <td>Ventas</td>\r\n        </tr>\r\n        <tr>\r\n            <td>Remisiones</td>\r\n            <td>Cotizaciones</td>\r\n            <td>Pedidos</td>\r\n        </tr>\r\n        <tr>\r\n            <td>Compras</td>\r\n            <td>Ordenes de compra</td>\r\n            <td>Activos Fijos</td>\r\n        </tr>\r\n        <tr>\r\n            <td>Presupuesto</td>\r\n            <td>Caja y Bancos (Tesorer&iacute;a)</td>\r\n            <td>Prestamos</td>\r\n        </tr>\r\n        <tr>\r\n            <td>Pagos</td>\r\n            <td>Cuentas por pagar</td>\r\n            <td>Cuentas por cobrar</td>\r\n        </tr>\r\n        <tr>\r\n            <td>Ajustes por Inflaci&oacute;n</td>\r\n            <td>Amortizaci&oacute;n de diferidos</td>\r\n            <td>Depreciaci&oacute;n Autom&aacute;tica</td>\r\n        </tr>\r\n        <tr>\r\n            <td>Ingresos diferidos</td>\r\n            <td>Otras cuentas por pagar</td>\r\n            <td>Medios Magn&eacute;ticos</td>\r\n        </tr>\r\n        <tr>\r\n            <td>Manejo de Moneda Extranjera</td>\r\n            <td>Impuestos: Liquidaciones y pagos</td>\r\n            <td>Informes Contables y financieros</td>\r\n        </tr>\r\n    </tbody>\r\n</table>\r\n<p style=\"text-align: justify;\">&nbsp;</p>\r\n<p style=\"text-align: justify;\">&nbsp;</p>\r\n<p><strong>CAPACITACI&Oacute;N<br />\r\n<table width=\"95%\" cellspacing=\"1\" cellpadding=\"1\" border=\"0\">\r\n    <tbody>\r\n        <tr>\r\n        </tr>\r\n    </tbody>\r\n</table>\r\n</strong>\r\n<table width=\"100%\" cellspacing=\"1\" cellpadding=\"1\" border=\"0\">\r\n    <tbody>\r\n        <tr>\r\n            <td>Basado en un taller con ejemplos y transacciones contables y comerciales reales</td>\r\n        </tr>\r\n    </tbody>\r\n</table>\r\n<table width=\"100%\" cellspacing=\"1\" cellpadding=\"1\" border=\"0\">\r\n    <tbody>\r\n        <tr>\r\n        </tr>\r\n        <tr>\r\n            <td>Orientado al personal que estar&aacute; en contacto directo y permanente con la aplicaci&oacute;n</td>\r\n        </tr>\r\n        <tr>\r\n            <td>Cupo sin costo alguno para 2 personas, le recomendamos, el contador y la auxiliar contable de su empresa</td>\r\n        </tr>\r\n        <tr>\r\n            <td>Intensidad horaria de 12 horas</td>\r\n        </tr>\r\n        <tr>\r\n            <td>Instalaciones perfectamente acondicionadas para este prop&oacute;sito</td>\r\n        </tr>\r\n    </tbody>\r\n</table>\r\n</p>\r\n<p>&nbsp;<br />\r\n&nbsp;<br />\r\n&nbsp;<strong>SOPORTE ANUAL</strong></p>\r\n<table width=\"100%\" cellspacing=\"1\" cellpadding=\"1\" border=\"0\">\r\n    <tbody>\r\n        <tr>\r\n            <td>Vigencia de un (1) a&ntilde;o</td>\r\n        </tr>\r\n        <tr>\r\n            <td>Actualizaciones de ley acordes a las disposiciones del gobierno nacional</td>\r\n        </tr>\r\n        <tr>\r\n            <td>Actualizaciones que contengan mejoras dentro del sistema</td>\r\n        </tr>\r\n        <tr>\r\n            <td>Servicio de asistencia remota a trav&eacute;s de la red</td>\r\n        </tr>\r\n        <tr>\r\n            <td>Servicio de asistencia telef&oacute;nica</td>\r\n        </tr>\r\n        <tr>\r\n            <td>Visitas preventivas y correctivas en su compa&ntilde;&iacute;a</td>\r\n        </tr>\r\n        <tr>\r\n            <td>Capacitaci&oacute;n para nuevo personal involucrado en el manejo del software</td>\r\n        </tr>\r\n    </tbody>\r\n</table>\r\n<p style=\"text-align: justify;\">&nbsp;</p>'),(142,0,1235014453,'<p style=\"text-align: justify;\"><img width=\"205\" height=\"112\" align=\"left\" alt=\"\" src=\"http://www.unopymes.com.co/.storage/noticias_52/abogado.jpg\" /></p>\r\n<p style=\"text-align: justify;\">&nbsp;Unopymes Ltda., es una empresa perteneciente al grupo empresarial de SISTEMAS DE INFORMACI&Oacute;N EMPRESARIAL S.A.&nbsp; lideres en el mercado del software contable, administrativo y financiero desde hace 25 a&ntilde;os y que busca cubrir el sector de las microempresas con una herramienta que sea f&aacute;cil de usar, que brinde las garant&iacute;as de confiabilidad y eficiencia&nbsp;&nbsp; necesarias en la informaci&oacute;n que requieren. <br />\r\n<br />\r\nAproximadamente existen 800 microempresas utilizando satisfactoriamente la aplicaci&oacute;n en todo el territorio Colombiano ya que se cuenta con oficina y representantes de ventas en Bogota, Cali, Medell&iacute;n, Barranquilla y Pereira.<br />\r\nEl resultado es mas que &oacute;ptimo: la organizaci&oacute;n, el stock preciso de productos, las pol&iacute;ticas de precios, y la reducci&oacute;n en tiempo y dinero son unos de los beneficios que estos microempresarios expresan. <br />\r\n<br />\r\nDisponiendo de un sistema de informaci&oacute;n financiera que les cree la disciplina de reducir permanentemente los costos, conocer la rentabilidad por producto e identificar productos y nichos de mercado m&aacute;s productivos, los microempresarios tendr&aacute;n una m&aacute;s r&aacute;pida capacidad de reacci&oacute;n a los cambios del mercado, har&aacute;n &eacute;nfasis en la calidad y ser&aacute;n m&aacute;s rentables.</p>'),(144,0,1234466659,'<p>&nbsp;</p>\r\n<p>&nbsp;</p>\r\n<p><strong>Si quiere saber m&aacute;s acerca de nuestra compa&ntilde;&iacute;a. Descargue el PDF a continuaci&oacute;n:</strong></p>'),(146,0,1234475586,'<p style=\"text-align: center;\"><img width=\"178\" height=\"84\" src=\"http://www.unopymes.com.co/.storage/noticias_52/hp.jpg\" alt=\"\" /></p>'),(147,0,1234486235,'<p style=\"text-align: center;\"><img width=\"898\" height=\"214\" src=\"http://www.unopymes.com.co/.storage/media/heder.jpg\" alt=\"\" /></p>'),(148,0,1234563254,'<p style=\"text-align: center;\"><a href=\"http://www.unopymes.com.co/index.php?p=calendario&amp;\"><img width=\"192\" height=\"123\" border=\"0\" src=\"http://www.unopymes.com.co/.storage/media/calendarinterna.jpg\" alt=\"\" /></a></p>'),(149,0,1234563280,'<p style=\"text-align: center;\"><a href=\"http://www.unopymes.com.co/index.php?p=chat&amp;\"><img width=\"187\" height=\"112\" border=\"0\" src=\"http://www.unopymes.com.co/.storage/media/chatinterna.jpg\" alt=\"\" /></a></p>'),(152,0,1235015224,'<p><strong>Cali:</strong> <br />\r\nDirecci&oacute;n Av 3AN 26N 83<br />\r\nTel&eacute;fono&nbsp; 653 4343 Ext. 722</p>\r\n<p>&nbsp;</p>\r\n<p><strong>Bogota:</strong> <br />\r\nDirecci&oacute;n Cra 14 # 79-78 oficina 50<br />\r\nTel&eacute;fono&nbsp; 6185306 / 2571238 / 2571235<br />\r\n<br />\r\n<strong>Medellin:</strong><br />\r\nDirecci&oacute;n Cl.&nbsp; 15 sur # 48 74&nbsp; Aguacatala&nbsp; <br />\r\nTel&eacute;fonos 4099200<br />\r\n<br />\r\n<strong>Barraquilla:</strong> <br />\r\nDirecci&oacute;n: Cra 42h # 80-.48 <br />\r\nTel&eacute;fonos 3734600<br />\r\n<br />\r\n<strong>Pereira: </strong><br />\r\nDirecci&oacute;n: Calle 7 #15-37&nbsp; <br />\r\nTel&eacute;fono 3136610</p>'),(157,0,1234556052,'<p><br />\r\nSus opiniones son muy importantes para nosotros, pues nos proporcionan la informaci&oacute;n necesaria para brindarle un mejor servicio cada vez .</p>'),(160,0,1234901206,'<p style=\"text-align: center;\"><a href=\"https://siesa.webex.com/\"><img width=\"100\" height=\"68\" border=\"0\" src=\"http://www.unopymes.com.co/.storage/media/webex.jpg\" alt=\"\" /></a>&nbsp;&nbsp;&nbsp;&nbsp;&nbsp;&nbsp;&nbsp;&nbsp;&nbsp;&nbsp;&nbsp;&nbsp;&nbsp;&nbsp;&nbsp;&nbsp;&nbsp;&nbsp;&nbsp; &nbsp; &nbsp; &nbsp; &nbsp; &nbsp; &nbsp; &nbsp; &nbsp;&nbsp; &nbsp;&nbsp;&nbsp;&nbsp;&nbsp;&nbsp;&nbsp;&nbsp;&nbsp;&nbsp;&nbsp;&nbsp;  <a href=\"http://www.logmein123.com\"><img width=\"100\" height=\"68\" border=\"0\" src=\"http://www.unopymes.com.co/.storage/media/logmein.jpg\" alt=\"\" /></a></p>');

--
-- Table structure for table `phi_user_field_values`
--

CREATE TABLE `phi_user_field_values` (
  `id` int(11) NOT NULL default '0',
  `field` int(11) NOT NULL default '0',
  `user` int(11) NOT NULL default '0',
  `value` mediumtext NOT NULL,
  PRIMARY KEY  (`id`)
) ENGINE=InnoDB DEFAULT CHARSET=utf8;

--
-- Dumping data for table `phi_user_field_values`
--



--
-- Table structure for table `phi_user_fields`
--

CREATE TABLE `phi_user_fields` (
  `id` int(11) NOT NULL default '0',
  `name` varchar(64) NOT NULL default '',
  `type` varchar(16) NOT NULL default '',
  `label` varchar(64) NOT NULL default '',
  `iorder` int(3) NOT NULL default '0',
  PRIMARY KEY  (`id`)
) ENGINE=InnoDB DEFAULT CHARSET=utf8;

--
-- Dumping data for table `phi_user_fields`
--



--
-- Table structure for table `phi_users`
--

CREATE TABLE `phi_users` (
  `id` int(11) NOT NULL default '0',
  `username` varchar(64) default NULL,
  `password` varchar(64) default NULL,
  `lastname` varchar(64) default NULL,
  `firstname` varchar(64) default NULL,
  `email` varchar(64) NOT NULL default '',
  `created` int(11) NOT NULL default '0',
  `laststamp` int(11) NOT NULL default '0',
  `active` int(1) NOT NULL default '0',
  PRIMARY KEY  (`id`)
) ENGINE=InnoDB DEFAULT CHARSET=utf8;

--
-- Dumping data for table `phi_users`
--


INSERT INTO `phi_users` VALUES (1,'Alejandro','9c7259ce1189b87adb3d4736af14a354','Barco','Alejandro','abarco@vectorialstudios.com',1234901876,0,1);

--
-- Table structure for table `phi_users_seq`
--

CREATE TABLE `phi_users_seq` (
  `id` int(10) unsigned NOT NULL auto_increment,
  PRIMARY KEY  (`id`)
) ENGINE=MyISAM DEFAULT CHARSET=utf8;

--
-- Dumping data for table `phi_users_seq`
--


INSERT INTO `phi_users_seq` VALUES (8);


